-- https://www.phpmyadmin.net/
--
-- Waktu pembuatan: 05 Des 2025 pada 23.39
-- Versi server: 10.11.14-MariaDB-cll-lve
-- Versi PHP: 8.4.14

START TRANSACTION;



--
-- Basis data: `app_opd`
--

-- --------------------------------------------------------

--
-- Struktur dari tabel `bans`
--

CREATE TABLE `bans` (
  `id` int(10) UNSIGNED NOT NULL,
  `bannable_type` varchar(255) NOT NULL,
  `bannable_id` bigint(20) UNSIGNED NOT NULL,
  `created_by_type` varchar(255) DEFAULT NULL,
  `created_by_id` bigint(20) UNSIGNED DEFAULT NULL,
  `comment` text DEFAULT NULL,
  `expired_at` timestamp NULL DEFAULT NULL,
  `deleted_at` timestamp NULL DEFAULT NULL,
  `created_at` timestamp NULL DEFAULT NULL,
  `updated_at` timestamp NULL DEFAULT NULL
) ENGINE=InnoDB DEFAULT CHARSET=utf8mb4 COLLATE=utf8mb4_unicode_ci;

-- --------------------------------------------------------

--
-- Struktur dari tabel `comments`
--

CREATE TABLE `comments` (
  `id` bigint(20) UNSIGNED NOT NULL,
  `name` text NOT NULL,
  `email` text NOT NULL,
  `subscribe` enum('y','n') NOT NULL DEFAULT 'y',
  `url` text DEFAULT NULL,
  `comment` text NOT NULL,
  `avatar` varchar(255) DEFAULT NULL,
  `reply_id` bigint(20) UNSIGNED NOT NULL DEFAULT 0,
  `main_reply` int(11) NOT NULL DEFAULT 0,
  `user_id` int(11) DEFAULT NULL,
  `post_id` bigint(20) UNSIGNED NOT NULL,
  `status` enum('pending','approved') NOT NULL DEFAULT 'approved',
  `created_at` timestamp NULL DEFAULT NULL,
  `updated_at` timestamp NULL DEFAULT NULL
) ENGINE=InnoDB DEFAULT CHARSET=utf8mb4 COLLATE=utf8mb4_unicode_ci;

-- --------------------------------------------------------

--
-- Struktur dari tabel `contacts`
--

CREATE TABLE `contacts` (
  `id` bigint(20) UNSIGNED NOT NULL,
  `name` varchar(255) NOT NULL,
  `email` varchar(255) NOT NULL,
  `subject` varchar(255) DEFAULT NULL,
  `message` text NOT NULL,
  `status` enum('read','unread') NOT NULL DEFAULT 'unread',
  `created_at` timestamp NULL DEFAULT NULL,
  `updated_at` timestamp NULL DEFAULT NULL
) ENGINE=InnoDB DEFAULT CHARSET=utf8mb4 COLLATE=utf8mb4_unicode_ci;

--
-- Dumping data untuk tabel `contacts`
--

INSERT INTO `contacts` (`id`, `name`, `email`, `subject`, `message`, `status`, `created_at`, `updated_at`) VALUES
(1, 'Shana Sipes Sr.', 'nienow.deon@example.org', 'Adipisci id enim sapiente repellendus.', 'Rerum velit ut perspiciatis earum. Aut est laborum dolores explicabo laborum dolor mollitia dolorem. Doloribus facilis cupiditate est quo. Qui quia maiores voluptatum laboriosam minus voluptate.', 'unread', '2024-05-07 01:50:29', '2024-05-07 01:50:29'),
(2, 'Prof. Anita O\'Connell', 'ashton.leuschke@example.org', 'Eligendi dolores laboriosam rerum pariatur nemo illum voluptas odit.', 'Vero corporis quod voluptatem qui eos error. Ut consequatur fugit sit qui. Qui quod at iste molestiae possimus culpa omnis.', 'unread', '2024-05-07 01:50:29', '2024-05-07 01:50:29'),
(3, 'Lee Donnelly', 'jennifer.aufderhar@example.org', 'Fugiat accusamus et ut.', 'Et doloribus eaque vero et tenetur. Accusantium et aut laudantium est pariatur eum. Tempore nihil delectus ipsam quibusdam recusandae cum corrupti.', 'unread', '2024-05-07 01:50:29', '2024-05-07 01:50:29'),
(4, 'Odell Osinski', 'hackett.lavonne@example.com', 'Voluptatem minus eos natus assumenda aut voluptas nobis.', 'Vitae dolor sunt eveniet quibusdam explicabo quia odio. Iusto quae quis doloremque quisquam esse. Autem velit nemo quibusdam sint maiores deleniti quis. Rerum voluptas qui voluptatum eum.', 'unread', '2024-05-07 01:50:30', '2024-05-07 01:50:30'),
(5, 'Rollin Bahringer', 'baumbach.delphine@example.com', 'Rerum quibusdam ducimus soluta cum voluptas numquam quam ea.', 'Incidunt sint labore sed aut ut. Labore aut laboriosam labore est eos ratione. Rem magnam rerum numquam ut voluptas debitis itaque.', 'unread', '2024-05-07 01:50:30', '2024-05-07 01:50:30');

-- --------------------------------------------------------

--
-- Struktur dari tabel `documents`
--

CREATE TABLE `documents` (
  `id` bigint(20) UNSIGNED NOT NULL,
  `title` varchar(255) NOT NULL,
  `description` varchar(255) DEFAULT NULL,
  `category_id` bigint(20) UNSIGNED DEFAULT NULL,
  `is_public` enum('yes','no') NOT NULL DEFAULT 'yes',
  `file_path` varchar(255) DEFAULT NULL,
  `file_type` varchar(255) NOT NULL,
  `created_at` timestamp NULL DEFAULT NULL,
  `updated_at` timestamp NULL DEFAULT NULL
) ENGINE=InnoDB DEFAULT CHARSET=utf8mb4 COLLATE=utf8mb4_unicode_ci;

-- --------------------------------------------------------

--
-- Struktur dari tabel `document_category`
--

CREATE TABLE `document_category` (
  `id` bigint(20) UNSIGNED NOT NULL,
  `category` varchar(255) NOT NULL,
  `created_at` timestamp NULL DEFAULT NULL,
  `updated_at` timestamp NULL DEFAULT NULL
) ENGINE=InnoDB DEFAULT CHARSET=utf8mb4 COLLATE=utf8mb4_unicode_ci;

-- --------------------------------------------------------

--
-- Struktur dari tabel `failed_jobs`
--

CREATE TABLE `failed_jobs` (
  `id` bigint(20) UNSIGNED NOT NULL,
  `uuid` varchar(255) NOT NULL,
  `connection` text NOT NULL,
  `queue` text NOT NULL,
  `payload` longtext NOT NULL,
  `exception` longtext NOT NULL,
  `failed_at` timestamp NOT NULL DEFAULT current_timestamp()
) ENGINE=InnoDB DEFAULT CHARSET=utf8mb4 COLLATE=utf8mb4_unicode_ci;

-- --------------------------------------------------------

--
-- Struktur dari tabel `fileponds`
--

CREATE TABLE `fileponds` (
  `id` bigint(20) UNSIGNED NOT NULL,
  `filename` varchar(255) NOT NULL,
  `filepath` varchar(255) NOT NULL,
  `extension` varchar(100) NOT NULL,
  `mimetypes` varchar(100) NOT NULL,
  `disk` varchar(100) NOT NULL,
  `created_by` bigint(20) UNSIGNED DEFAULT NULL,
  `expires_at` datetime DEFAULT NULL,
  `deleted_at` timestamp NULL DEFAULT NULL,
  `created_at` timestamp NULL DEFAULT NULL,
  `updated_at` timestamp NULL DEFAULT NULL
) ENGINE=InnoDB DEFAULT CHARSET=utf8mb4 COLLATE=utf8mb4_unicode_ci;

-- --------------------------------------------------------

--
-- Struktur dari tabel `jobs`
--

CREATE TABLE `jobs` (
  `id` bigint(20) UNSIGNED NOT NULL,
  `queue` varchar(255) NOT NULL,
  `payload` longtext NOT NULL,
  `attempts` tinyint(3) UNSIGNED NOT NULL,
  `reserved_at` int(10) UNSIGNED DEFAULT NULL,
  `available_at` int(10) UNSIGNED NOT NULL,
  `created_at` int(10) UNSIGNED NOT NULL
) ENGINE=InnoDB DEFAULT CHARSET=utf8mb4 COLLATE=utf8mb4_unicode_ci;

-- --------------------------------------------------------

--
-- Struktur dari tabel `job_batches`
--

CREATE TABLE `job_batches` (
  `id` varchar(255) NOT NULL,
  `name` varchar(255) NOT NULL,
  `total_jobs` int(11) NOT NULL,
  `pending_jobs` int(11) NOT NULL,
  `failed_jobs` int(11) NOT NULL,
  `failed_job_ids` longtext NOT NULL,
  `options` mediumtext DEFAULT NULL,
  `cancelled_at` int(11) DEFAULT NULL,
  `created_at` int(11) NOT NULL,
  `finished_at` int(11) DEFAULT NULL
) ENGINE=InnoDB DEFAULT CHARSET=utf8mb4 COLLATE=utf8mb4_unicode_ci;

-- --------------------------------------------------------

--
-- Struktur dari tabel `languages`
--

CREATE TABLE `languages` (
  `id` bigint(20) UNSIGNED NOT NULL,
  `name` varchar(255) NOT NULL,
  `language` varchar(255) NOT NULL,
  `country` varchar(255) NOT NULL,
  `country_code` varchar(255) NOT NULL,
  `direction` varchar(255) NOT NULL,
  `active` enum('y','n') NOT NULL DEFAULT 'y',
  `created_at` timestamp NULL DEFAULT NULL,
  `updated_at` timestamp NULL DEFAULT NULL
) ENGINE=InnoDB DEFAULT CHARSET=utf8mb4 COLLATE=utf8mb4_unicode_ci;

--
-- Dumping data untuk tabel `languages`
--

INSERT INTO `languages` (`id`, `name`, `language`, `country`, `country_code`, `direction`, `active`, `created_at`, `updated_at`) VALUES
(1, 'English', 'en', 'United States', 'US', 'ltr', 'y', '2024-05-07 01:50:49', '2024-05-07 01:50:49'),
(2, 'Bahasa Indonesia', 'id', 'Indonesia', 'ID', 'ltr', 'y', '2024-05-07 01:50:49', '2024-05-07 01:50:49'),
(3, 'Arabic', 'ar', 'Saudi Arabia', 'SA', 'rtl', 'n', '2024-05-07 01:50:49', '2024-05-07 03:41:47');

-- --------------------------------------------------------

--
-- Struktur dari tabel `menus`
--

CREATE TABLE `menus` (
  `id` bigint(20) UNSIGNED NOT NULL,
  `name` varchar(255) NOT NULL,
  `created_at` timestamp NULL DEFAULT NULL,
  `updated_at` timestamp NULL DEFAULT NULL
) ENGINE=InnoDB DEFAULT CHARSET=utf8mb4 COLLATE=utf8mb4_unicode_ci;

--
-- Dumping data untuk tabel `menus`
--

INSERT INTO `menus` (`id`, `name`, `created_at`, `updated_at`) VALUES
(1, 'Header Menu', '2024-05-07 01:53:34', '2024-05-07 01:53:34'),
(2, 'Footer Menu', '2024-05-07 01:53:34', '2024-05-07 01:53:34');

-- --------------------------------------------------------

--
-- Struktur dari tabel `menu_items`
--

CREATE TABLE `menu_items` (
  `id` bigint(20) UNSIGNED NOT NULL,
  `label` varchar(255) NOT NULL,
  `link` varchar(255) NOT NULL,
  `parent` bigint(20) UNSIGNED NOT NULL DEFAULT 0,
  `sort` int(11) NOT NULL DEFAULT 0,
  `class` varchar(255) DEFAULT NULL,
  `menu_id` bigint(20) UNSIGNED NOT NULL,
  `language` bigint(20) UNSIGNED NOT NULL,
  `depth` int(11) NOT NULL DEFAULT 0,
  `created_at` timestamp NULL DEFAULT NULL,
  `updated_at` timestamp NULL DEFAULT NULL
) ENGINE=InnoDB DEFAULT CHARSET=utf8mb4 COLLATE=utf8mb4_unicode_ci;

--
-- Dumping data untuk tabel `menu_items`
--

INSERT INTO `menu_items` (`id`, `label`, `link`, `parent`, `sort`, `class`, `menu_id`, `language`, `depth`, `created_at`, `updated_at`) VALUES
(1, 'Home', '/', 0, 0, NULL, 1, 1, 0, '2024-05-07 01:53:34', '2024-05-07 01:53:34'),
(2, 'News', '/category/news', 0, 0, NULL, 1, 1, 0, '2024-05-07 01:53:34', '2024-05-07 01:53:34'),
(3, 'Tech', '/category/technology', 0, 0, NULL, 1, 1, 0, '2024-05-07 01:53:34', '2024-05-07 01:53:34'),
(4, 'Lifestyle', '/category/lifestyle', 0, 0, NULL, 1, 1, 0, '2024-05-07 01:53:34', '2024-05-07 01:53:34'),
(5, 'Sport', '/category/sport', 0, 0, NULL, 1, 1, 0, '2024-05-07 01:53:34', '2024-05-07 01:53:34'),
(6, 'Medical', '/category/medical', 0, 0, NULL, 1, 1, 0, '2024-05-07 01:53:34', '2024-05-07 01:53:34'),
(7, 'Video', '/videos/latest', 0, 0, NULL, 1, 1, 0, '2024-05-07 01:53:34', '2024-05-07 01:53:34'),
(8, 'About', '/page/about', 0, 0, NULL, 1, 1, 1, '2024-05-07 01:53:34', '2024-05-07 01:53:34'),
(9, 'About Us', '/page/about', 8, 0, NULL, 1, 1, 0, '2024-05-07 01:53:34', '2024-05-07 01:53:34'),
(10, 'Privacy Policy', '/page/privacy-policy', 8, 1, NULL, 1, 1, 0, '2024-05-07 01:53:34', '2024-05-07 01:53:34'),
(11, 'Terms & Conditions', '/page/terms-conditions', 8, 2, NULL, 1, 1, 1, '2024-05-07 01:53:34', '2024-05-07 01:53:34'),
(12, 'Contact', '/contact', 0, 0, NULL, 1, 1, 0, '2024-05-07 01:53:34', '2024-05-07 01:53:34'),
(13, 'Beranda', '/', 0, 0, NULL, 1, 2, 0, '2024-05-07 01:53:34', '2024-05-07 01:53:34'),
(14, 'Berita', '/news/latest', 0, 2, NULL, 1, 2, 0, '2024-05-07 01:53:34', '2025-12-02 20:00:01'),
(17, 'Berita', '/category/berita', 14, 0, NULL, 1, 2, 1, '2024-05-07 01:53:34', '2025-12-02 19:56:34'),
(19, 'Gallery Video', '/videos/latest', 66, 0, NULL, 1, 2, 1, '2024-05-07 01:53:34', '2024-05-20 13:59:00'),
(21, 'Tentang Kami', '/page/tentang', 49, 2, NULL, 1, 2, 1, '2024-05-07 01:53:34', '2025-12-02 19:56:22'),
(22, 'Kebijakan Privasi', '/page/kebijakan-privasi', 20, 0, NULL, 1, 2, 1, '2024-05-07 01:53:34', '2024-05-19 20:52:45'),
(23, 'Syarat & Ketentuan', '/page/syarat-ketentuan', 20, 1, NULL, 1, 2, 1, '2024-05-07 01:53:34', '2024-05-19 20:52:45'),
(24, 'Kontak', '/kontak', 0, 6, NULL, 1, 2, 0, '2024-05-07 01:53:34', '2025-12-02 20:00:01'),
(37, 'Home', '/', 0, 0, NULL, 2, 1, 0, '2024-05-07 01:53:34', '2024-05-07 01:53:34'),
(38, 'About', '/page/about', 0, 0, NULL, 2, 1, 0, '2024-05-07 01:53:34', '2024-05-07 01:53:34'),
(39, 'Privacy Policy', '/page/privacy-policy', 0, 0, NULL, 2, 1, 0, '2024-05-07 01:53:34', '2024-05-07 01:53:34'),
(40, 'Terms & Conditions', '/page/terms-conditions', 0, 0, NULL, 2, 1, 0, '2024-05-07 01:53:34', '2024-05-07 01:53:34'),
(41, 'Beranda', '/', 0, 0, NULL, 2, 2, 0, '2024-05-07 01:53:34', '2024-05-07 01:53:34'),
(42, 'Tentang', '/page/tentang', 0, 0, NULL, 2, 2, 0, '2024-05-07 01:53:34', '2024-05-07 01:53:34'),
(43, 'Kebijakan Privasi', '/page/kebijakan-privasi', 0, 0, NULL, 2, 2, 0, '2024-05-07 01:53:34', '2024-05-07 01:53:34'),
(44, 'Syarat & Ketentuan', '/page/syarat-ketentuan', 0, 0, NULL, 2, 2, 0, '2024-05-07 01:53:34', '2024-05-07 01:53:34'),
(45, 'مسكن', '/', 0, 0, NULL, 2, 3, 0, '2024-05-07 01:53:34', '2024-05-07 01:53:34'),
(46, 'حول', '/page/hol', 0, 0, NULL, 2, 3, 0, '2024-05-07 01:53:34', '2024-05-07 01:53:34'),
(47, 'سياسة الخصوصية', '/page/sy-s-lkhsosy', 0, 0, NULL, 2, 3, 0, '2024-05-07 01:53:34', '2024-05-07 01:53:34'),
(48, 'البنود و الظروف', '/page/lbnod-o-lthrof', 0, 0, NULL, 2, 3, 0, '2024-05-07 01:53:34', '2024-05-07 01:53:34'),
(49, 'Profile', '/profile', 0, 1, NULL, 1, 2, 0, '2024-05-19 20:52:03', '2025-12-02 20:00:01'),
(50, 'Visi dan Misi', '/page/visi-misi', 49, 3, NULL, 1, 2, 1, '2024-05-20 13:03:49', '2025-12-02 19:56:22'),
(56, 'Gambaran Umum', '/page/gambaran-umum', 49, 1, NULL, 1, 2, 1, '2024-05-20 13:19:29', '2025-12-02 19:56:22'),
(57, 'Struktur Organisasi', '/page/struktur-organisasi', 49, 4, NULL, 1, 2, 1, '2024-05-20 13:19:59', '2025-12-02 19:56:22'),
(59, 'Sekretariat', '/category/bidang-sekretariat', 61, 0, NULL, 1, 2, 2, '2024-05-20 13:37:28', '2024-05-20 14:00:19'),
(61, 'Bidang', '/bidang', 14, 1, NULL, 1, 2, 1, '2024-05-20 13:46:38', '2025-12-02 19:56:59'),
(66, 'Gallery', '/gallery', 0, 3, NULL, 1, 2, 0, '2024-05-20 13:58:31', '2025-12-02 20:00:01'),
(67, 'Gallery Audio', '/audios/latest', 66, 2, NULL, 1, 2, 1, '2024-05-20 13:59:24', '2024-05-20 17:15:32'),
(68, 'Link', '/link', 0, 5, NULL, 1, 2, 0, '2024-05-20 14:00:09', '2025-12-02 20:00:01'),
(69, 'Bank Indonesia', 'https://www.bi.go.id/id/default-aspx', 68, 3, NULL, 1, 2, 1, '2024-05-20 14:01:13', '2024-05-20 14:23:16'),
(70, 'Provinsi Lampung', 'https://lampungprov.go.id/', 68, 0, NULL, 1, 2, 1, '2024-05-20 14:07:19', '2024-05-20 14:07:31'),
(71, 'Kemendagri', 'https://www.kemendagri.go.id/', 68, 1, NULL, 1, 2, 1, '2024-05-20 14:08:21', '2024-05-20 14:08:31'),
(72, 'Kemenkeu', 'https://www.kemenkeu.go.id/', 68, 2, NULL, 1, 2, 1, '2024-05-20 14:22:42', '2024-05-20 14:23:16'),
(73, 'Download', '/category/download', 0, 4, NULL, 1, 2, 0, '2024-05-20 14:30:35', '2025-12-02 20:00:01'),
(74, 'Gallery Foto', '/photos/latest', 66, 1, NULL, 1, 2, 1, '2024-05-20 17:15:16', '2024-05-20 17:15:31'),
(76, 'Kepala SKPD', 'profil-kepala-skpd', 49, 0, NULL, 1, 2, 1, '2025-12-02 19:56:13', '2025-12-02 19:56:22'),
(77, 'Kabupaten Tanggamus', 'https://tanggamus.go.id/', 68, 0, NULL, 1, 2, 1, '2024-05-20 14:07:19', '2024-05-20 14:07:31');

-- --------------------------------------------------------

--
-- Struktur dari tabel `menu_languages`
--

CREATE TABLE `menu_languages` (
  `id` bigint(20) UNSIGNED NOT NULL,
  `menu_id` bigint(20) UNSIGNED NOT NULL,
  `language_id` bigint(20) UNSIGNED NOT NULL,
  `created_at` timestamp NULL DEFAULT NULL,
  `updated_at` timestamp NULL DEFAULT NULL
) ENGINE=InnoDB DEFAULT CHARSET=utf8mb4 COLLATE=utf8mb4_unicode_ci;

--
-- Dumping data untuk tabel `menu_languages`
--

INSERT INTO `menu_languages` (`id`, `menu_id`, `language_id`, `created_at`, `updated_at`) VALUES
(1, 1, 1, '2024-05-07 01:53:34', '2024-05-07 01:53:34'),
(2, 1, 2, '2024-05-07 01:53:34', '2024-05-07 01:53:34'),
(3, 1, 3, '2024-05-07 01:53:34', '2024-05-07 01:53:34'),
(4, 2, 1, '2024-05-07 01:53:34', '2024-05-07 01:53:34'),
(5, 2, 2, '2024-05-07 01:53:34', '2024-05-07 01:53:34'),
(6, 2, 3, '2024-05-07 01:53:34', '2024-05-07 01:53:34');

-- --------------------------------------------------------

--
-- Struktur dari tabel `migrations`
--

CREATE TABLE `migrations` (
  `id` int(10) UNSIGNED NOT NULL,
  `migration` varchar(255) NOT NULL,
  `batch` int(11) NOT NULL
) ENGINE=InnoDB DEFAULT CHARSET=utf8mb4 COLLATE=utf8mb4_unicode_ci;

--
-- Dumping data untuk tabel `migrations`
--

INSERT INTO `migrations` (`id`, `migration`, `batch`) VALUES
(1, '0001_01_01_000000_create_users_table', 1),
(2, '0001_01_01_000001_create_cache_table', 1),
(3, '0001_01_01_000002_create_jobs_table', 1),
(4, '2017_03_04_000000_create_bans_table', 1),
(5, '2024_03_25_212349_create_languages_table', 1),
(6, '2024_03_26_024359_add_additional_to_users_table', 1),
(7, '2024_03_29_203621_create_permission_tables', 1),
(8, '2024_03_30_162749_create_settings_table', 1),
(9, '2024_03_31_201501_create_translations_table', 1),
(10, '2024_03_31_201503_create_posts_table', 1),
(11, '2024_03_31_201510_create_terms_table', 1),
(12, '2024_03_31_201517_create_post_term_table', 1),
(13, '2024_03_31_201524_create_post_translations_table', 1),
(14, '2024_03_31_201530_create_contacts_table', 1),
(15, '2024_03_31_201546_create_menus_table', 1),
(16, '2024_03_31_201555_create_menu_items_table', 1),
(17, '2024_03_31_201601_create_menu_languages_table', 1),
(18, '2024_03_31_202330_add_language_to_menu_items_table', 1),
(19, '2024_03_31_202359_create_themes_table', 1),
(20, '2024_03_31_202405_create_subscribers_table', 1),
(21, '2024_03_31_202410_create_comments_table', 1),
(22, '2024_04_01_213758_create_fileponds_table', 1),
(23, '2024_10_18_033055_create_document', 2),
(24, '2024_10_29_075417_create_document_category', 2),
(25, '2025_11_25_044158_create_sliders_table', 3);

-- --------------------------------------------------------

--
-- Struktur dari tabel `model_has_permissions`
--

CREATE TABLE `model_has_permissions` (
  `permission_id` bigint(20) UNSIGNED NOT NULL,
  `model_type` varchar(255) NOT NULL,
  `model_id` bigint(20) UNSIGNED NOT NULL
) ENGINE=InnoDB DEFAULT CHARSET=utf8mb4 COLLATE=utf8mb4_unicode_ci;

-- --------------------------------------------------------

--
-- Struktur dari tabel `model_has_roles`
--

CREATE TABLE `model_has_roles` (
  `role_id` bigint(20) UNSIGNED NOT NULL,
  `model_type` varchar(255) NOT NULL,
  `model_id` bigint(20) UNSIGNED NOT NULL
) ENGINE=InnoDB DEFAULT CHARSET=utf8mb4 COLLATE=utf8mb4_unicode_ci;

--
-- Dumping data untuk tabel `model_has_roles`
--

INSERT INTO `model_has_roles` (`role_id`, `model_type`, `model_id`) VALUES
(1, 'App\\Models\\User', 1),
(2, 'App\\Models\\User', 2),
(3, 'App\\Models\\User', 3),
(3, 'App\\Models\\User', 4);

-- --------------------------------------------------------

--
-- Struktur dari tabel `permissions`
--

CREATE TABLE `permissions` (
  `id` bigint(20) UNSIGNED NOT NULL,
  `name` varchar(255) NOT NULL,
  `guard_name` varchar(255) NOT NULL,
  `created_at` timestamp NULL DEFAULT NULL,
  `updated_at` timestamp NULL DEFAULT NULL
) ENGINE=InnoDB DEFAULT CHARSET=utf8mb4 COLLATE=utf8mb4_unicode_ci;

--
-- Dumping data untuk tabel `permissions`
--

INSERT INTO `permissions` (`id`, `name`, `guard_name`, `created_at`, `updated_at`) VALUES
(1, 'read-posts', 'web', '2024-05-07 01:50:50', '2024-05-07 01:50:50'),
(2, 'add-posts', 'web', '2024-05-07 01:50:52', '2024-05-07 01:50:52'),
(3, 'update-posts', 'web', '2024-05-07 01:50:53', '2024-05-07 01:50:53'),
(4, 'delete-posts', 'web', '2024-05-07 01:50:54', '2024-05-07 01:50:54'),
(5, 'read-private-post', 'web', '2024-05-07 01:50:55', '2024-05-07 01:50:55'),
(6, 'add-private-post', 'web', '2024-05-07 01:50:55', '2024-05-07 01:50:55'),
(7, 'update-private-post', 'web', '2024-05-07 01:50:56', '2024-05-07 01:50:56'),
(8, 'delete-private-post', 'web', '2024-05-07 01:50:57', '2024-05-07 01:50:57'),
(9, 'read-categories', 'web', '2024-05-07 01:50:58', '2024-05-07 01:50:58'),
(10, 'add-categories', 'web', '2024-05-07 01:50:58', '2024-05-07 01:50:58'),
(11, 'update-categories', 'web', '2024-05-07 01:50:59', '2024-05-07 01:50:59'),
(12, 'delete-categories', 'web', '2024-05-07 01:50:59', '2024-05-07 01:50:59'),
(13, 'read-tags', 'web', '2024-05-07 01:51:00', '2024-05-07 01:51:00'),
(14, 'add-tags', 'web', '2024-05-07 01:51:01', '2024-05-07 01:51:01'),
(15, 'update-tags', 'web', '2024-05-07 01:51:02', '2024-05-07 01:51:02'),
(16, 'delete-tags', 'web', '2024-05-07 01:51:03', '2024-05-07 01:51:03'),
(17, 'read-pages', 'web', '2024-05-07 01:51:04', '2024-05-07 01:51:04'),
(18, 'add-pages', 'web', '2024-05-07 01:51:05', '2024-05-07 01:51:05'),
(19, 'update-pages', 'web', '2024-05-07 01:51:06', '2024-05-07 01:51:06'),
(20, 'delete-pages', 'web', '2024-05-07 01:51:06', '2024-05-07 01:51:06'),
(21, 'read-contacts', 'web', '2024-05-07 01:51:07', '2024-05-07 01:51:07'),
(22, 'add-contacts', 'web', '2024-05-07 01:51:08', '2024-05-07 01:51:08'),
(23, 'update-contacts', 'web', '2024-05-07 01:51:09', '2024-05-07 01:51:09'),
(24, 'delete-contacts', 'web', '2024-05-07 01:51:09', '2024-05-07 01:51:09'),
(25, 'read-menus', 'web', '2024-05-07 01:51:10', '2024-05-07 01:51:10'),
(26, 'add-menus', 'web', '2024-05-07 01:51:10', '2024-05-07 01:51:10'),
(27, 'update-menus', 'web', '2024-05-07 01:51:11', '2024-05-07 01:51:11'),
(28, 'delete-menus', 'web', '2024-05-07 01:51:12', '2024-05-07 01:51:12'),
(29, 'read-themes', 'web', '2024-05-07 01:51:12', '2024-05-07 01:51:12'),
(30, 'add-themes', 'web', '2024-05-07 01:51:13', '2024-05-07 01:51:13'),
(31, 'update-themes', 'web', '2024-05-07 01:51:14', '2024-05-07 01:51:14'),
(32, 'delete-themes', 'web', '2024-05-07 01:51:15', '2024-05-07 01:51:15'),
(33, 'read-languages', 'web', '2024-05-07 01:51:15', '2024-05-07 01:51:15'),
(34, 'add-languages', 'web', '2024-05-07 01:51:16', '2024-05-07 01:51:16'),
(35, 'update-languages', 'web', '2024-05-07 01:51:16', '2024-05-07 01:51:16'),
(36, 'delete-languages', 'web', '2024-05-07 01:51:17', '2024-05-07 01:51:17'),
(37, 'read-ads', 'web', '2024-05-07 01:51:18', '2024-05-07 01:51:18'),
(38, 'add-ads', 'web', '2024-05-07 01:51:18', '2024-05-07 01:51:18'),
(39, 'update-ads', 'web', '2024-05-07 01:51:19', '2024-05-07 01:51:19'),
(40, 'delete-ads', 'web', '2024-05-07 01:51:20', '2024-05-07 01:51:20'),
(41, 'read-galleries', 'web', '2024-05-07 01:51:20', '2024-05-07 01:51:20'),
(42, 'add-galleries', 'web', '2024-05-07 01:51:21', '2024-05-07 01:51:21'),
(43, 'update-galleries', 'web', '2024-05-07 01:51:22', '2024-05-07 01:51:22'),
(44, 'delete-galleries', 'web', '2024-05-07 01:51:22', '2024-05-07 01:51:22'),
(45, 'read-file-manager', 'web', '2024-05-07 01:51:23', '2024-05-07 01:51:23'),
(46, 'add-file-manager', 'web', '2024-05-07 01:51:23', '2024-05-07 01:51:23'),
(47, 'update-file-manager', 'web', '2024-05-07 01:51:24', '2024-05-07 01:51:24'),
(48, 'delete-file-manager', 'web', '2024-05-07 01:51:25', '2024-05-07 01:51:25'),
(49, 'read-users', 'web', '2024-05-07 01:51:25', '2024-05-07 01:51:25'),
(50, 'add-users', 'web', '2024-05-07 01:51:26', '2024-05-07 01:51:26'),
(51, 'update-users', 'web', '2024-05-07 01:51:27', '2024-05-07 01:51:27'),
(52, 'delete-users', 'web', '2024-05-07 01:51:28', '2024-05-07 01:51:28'),
(53, 'register-users', 'web', '2024-05-07 01:51:28', '2024-05-07 01:51:28'),
(54, 'read-roles', 'web', '2024-05-07 01:51:29', '2024-05-07 01:51:29'),
(55, 'add-roles', 'web', '2024-05-07 01:51:30', '2024-05-07 01:51:30'),
(56, 'update-roles', 'web', '2024-05-07 01:51:30', '2024-05-07 01:51:30'),
(57, 'delete-roles', 'web', '2024-05-07 01:51:31', '2024-05-07 01:51:31'),
(58, 'read-permissions', 'web', '2024-05-07 01:51:32', '2024-05-07 01:51:32'),
(59, 'add-permissions', 'web', '2024-05-07 01:51:33', '2024-05-07 01:51:33'),
(60, 'update-permissions', 'web', '2024-05-07 01:51:33', '2024-05-07 01:51:33'),
(61, 'delete-permissions', 'web', '2024-05-07 01:51:34', '2024-05-07 01:51:34'),
(62, 'read-social-media', 'web', '2024-05-07 01:51:35', '2024-05-07 01:51:35'),
(63, 'add-social-media', 'web', '2024-05-07 01:51:36', '2024-05-07 01:51:36'),
(64, 'update-social-media', 'web', '2024-05-07 01:51:36', '2024-05-07 01:51:36'),
(65, 'delete-social-media', 'web', '2024-05-07 01:51:37', '2024-05-07 01:51:37'),
(66, 'read-super-admin', 'web', '2024-05-07 01:51:40', '2024-05-07 01:51:40'),
(67, 'add-super-admin', 'web', '2024-05-07 01:51:41', '2024-05-07 01:51:41'),
(68, 'update-super-admin', 'web', '2024-05-07 01:51:41', '2024-05-07 01:51:41'),
(69, 'delete-super-admin', 'web', '2024-05-07 01:51:42', '2024-05-07 01:51:42'),
(70, 'edit-post-super-admin', 'web', '2024-05-07 01:51:44', '2024-05-07 01:51:44'),
(71, 'delete-post-super-admin', 'web', '2024-05-07 01:51:45', '2024-05-07 01:51:45'),
(72, 'read-admin', 'web', '2024-05-07 01:51:46', '2024-05-07 01:51:46'),
(73, 'add-admin', 'web', '2024-05-07 01:51:47', '2024-05-07 01:51:47'),
(74, 'update-admin', 'web', '2024-05-07 01:51:49', '2024-05-07 01:51:49'),
(75, 'delete-admin', 'web', '2024-05-07 01:51:50', '2024-05-07 01:51:50'),
(76, 'edit-post-admin', 'web', '2024-05-07 01:51:51', '2024-05-07 01:51:51'),
(77, 'delete-post-admin', 'web', '2024-05-07 01:51:52', '2024-05-07 01:51:52'),
(78, 'read-author', 'web', '2024-05-07 01:51:53', '2024-05-07 01:51:53'),
(79, 'add-author', 'web', '2024-05-07 01:51:54', '2024-05-07 01:51:54'),
(80, 'update-author', 'web', '2024-05-07 01:51:55', '2024-05-07 01:51:55'),
(81, 'delete-author', 'web', '2024-05-07 01:51:57', '2024-05-07 01:51:57'),
(82, 'edit-post-author', 'web', '2024-05-07 01:51:57', '2024-05-07 01:51:57'),
(83, 'delete-post-author', 'web', '2024-05-07 01:51:58', '2024-05-07 01:51:58'),
(84, 'read-settings', 'web', '2024-05-07 01:51:59', '2024-05-07 01:51:59'),
(85, 'update-settings', 'web', '2024-05-07 01:52:00', '2024-05-07 01:52:00'),
(86, 'read-analytics', 'web', '2024-05-07 01:52:00', '2024-05-07 01:52:00'),
(87, 'read-env', 'web', '2024-05-07 01:52:01', '2024-05-07 01:52:01'),
(88, 'read-profile', 'web', '2024-05-07 01:52:02', '2024-05-07 01:52:02'),
(89, 'update-profile', 'web', '2024-05-07 01:52:02', '2024-05-07 01:52:02'),
(90, 'read-translations', 'web', '2024-05-07 01:52:03', '2024-05-07 01:52:03'),
(91, 'update-translations', 'web', '2024-05-07 01:52:04', '2024-05-07 01:52:04'),
(92, 'read-comments', 'web', '2024-05-07 01:52:04', '2024-05-07 01:52:04'),
(93, 'add-comments', 'web', '2024-05-07 01:52:05', '2024-05-07 01:52:05'),
(94, 'reply-comments', 'web', '2024-05-07 01:52:05', '2024-05-07 01:52:05'),
(95, 'update-comments', 'web', '2024-05-07 01:52:06', '2024-05-07 01:52:06'),
(96, 'approve-comments', 'web', '2024-05-07 01:52:07', '2024-05-07 01:52:07'),
(97, 'delete-comments', 'web', '2024-05-07 01:52:08', '2024-05-07 01:52:08');

-- --------------------------------------------------------

--
-- Struktur dari tabel `posts`
--

CREATE TABLE `posts` (
  `id` bigint(20) UNSIGNED NOT NULL,
  `post_title` text NOT NULL,
  `post_name` text NOT NULL,
  `post_summary` text DEFAULT NULL,
  `post_content` longtext DEFAULT NULL,
  `meta_description` text DEFAULT NULL,
  `meta_keyword` varchar(255) DEFAULT NULL,
  `post_status` varchar(255) NOT NULL DEFAULT 'publish',
  `post_visibility` varchar(255) NOT NULL DEFAULT 'public',
  `post_author` bigint(20) UNSIGNED NOT NULL,
  `post_language` bigint(20) UNSIGNED NOT NULL,
  `post_type` varchar(255) NOT NULL,
  `post_guid` varchar(255) DEFAULT NULL,
  `post_hits` bigint(20) UNSIGNED NOT NULL DEFAULT 0,
  `like` bigint(20) UNSIGNED NOT NULL DEFAULT 0,
  `post_image` text DEFAULT NULL,
  `post_image_meta` text DEFAULT NULL,
  `post_mime_type` varchar(255) NOT NULL DEFAULT '',
  `comment_status` enum('open','closed') NOT NULL DEFAULT 'open',
  `comment_count` bigint(20) UNSIGNED NOT NULL DEFAULT 0,
  `post_source` text DEFAULT NULL,
  `created_at` timestamp NULL DEFAULT NULL,
  `updated_at` timestamp NULL DEFAULT NULL
) ENGINE=InnoDB DEFAULT CHARSET=utf8mb4 COLLATE=utf8mb4_unicode_ci;

--
-- Dumping data untuk tabel `posts`
--

INSERT INTO `posts` (`id`, `post_title`, `post_name`, `post_summary`, `post_content`, `meta_description`, `meta_keyword`, `post_status`, `post_visibility`, `post_author`, `post_language`, `post_type`, `post_guid`, `post_hits`, `like`, `post_image`, `post_image_meta`, `post_mime_type`, `comment_status`, `comment_count`, `post_source`, `created_at`, `updated_at`) VALUES
(61, 'About', 'about', NULL, '<p>About Us</p>', '', '', 'publish', 'public', 2, 1, 'page', NULL, 0, 0, NULL, '{\"image_url\":null,\"caption\":null}', '', 'open', 0, NULL, '2024-05-07 01:53:33', '2024-05-07 03:50:47'),
(62, 'Tentang Kami', 'tentang', NULL, '<p>Tentang Kami ....</p>', '', '', 'publish', 'public', 2, 2, 'page', NULL, 0, 0, NULL, '{\"image_url\":null,\"caption\":null}', '', 'open', 0, NULL, '2024-05-07 01:53:33', '2025-12-02 19:49:42'),
(64, 'Terms & Conditions', 'terms-conditions', NULL, '<p>&lt;h3&gt;Terms and Conditions&lt;/h3&gt;&lt;p&gt;Last updated: July 18, 2021&lt;/p&gt;&lt;p&gt;Please read these terms and conditions carefully before using Our Service.&lt;/p&gt;&lt;h3&gt;Interpretation and Definitions&lt;/h3&gt;&lt;h4&gt;Interpretation&lt;/h4&gt;&lt;p&gt;The words of which the initial letter is capitalized have meanings defined under the following conditions. The following definitions shall have the same meaning regardless of whether they appear in singular or in plural.&lt;/p&gt;&lt;h3&gt;Definitions&lt;/h3&gt;&lt;p&gt;For the purposes of these Terms and Conditions:&lt;/p&gt;&lt;ul&gt;&lt;li&gt;&lt;p&gt;&lt;strong&gt;Affiliate&lt;/strong&gt; means an entity that controls, is controlled by or is under common control with a party, where \"control\" means ownership of 50% or more of the shares, equity interest or other securities entitled to vote for election of directors or other managing authority.&lt;/p&gt;&lt;/li&gt;&lt;li&gt;&lt;p&gt;&lt;strong&gt;Country&lt;/strong&gt; refers to:&nbsp; Indonesia&lt;/p&gt;&lt;/li&gt;&lt;li&gt;&lt;p&gt;&lt;strong&gt;Company&lt;/strong&gt; (referred to as either \"the Company\", \"We\", \"Us\" or \"Our\" in this Agreement) refers to Retenvi, Jalan Alimudin Umar.&lt;/p&gt;&lt;/li&gt;&lt;li&gt;&lt;p&gt;&lt;strong&gt;Device&lt;/strong&gt; means any device that can access the Service such as a computer, a cellphone or a digital tablet.&lt;/p&gt;&lt;/li&gt;&lt;li&gt;&lt;p&gt;&lt;strong&gt;Service&lt;/strong&gt; refers to the Website.&lt;/p&gt;&lt;/li&gt;&lt;li&gt;&lt;p&gt;&lt;strong&gt;Terms and Conditions&lt;/strong&gt; (also referred as \"Terms\") mean these Terms and Conditions that form the entire agreement between You and the Company regarding the use of the Service. This Terms and Conditions agreement has been created with the help of the &lt;a href=\"https://www.termsfeed.com/terms-conditions-generator/\" target=\"_blank\"&gt;Terms and Conditions Generator&lt;/a&gt;.&lt;/p&gt;&lt;/li&gt;&lt;li&gt;&lt;p&gt;&lt;strong&gt;Third-party Social Media Service&lt;/strong&gt; means any services or content (including data, information, products or services) provided by a third-party that may be displayed, included or made available by the Service.&lt;/p&gt;&lt;/li&gt;&lt;li&gt;&lt;p&gt;&lt;strong&gt;Website&lt;/strong&gt; refers to Retenvi, accessible from &lt;a href=\"https://retenvi.com\" rel=\"external nofollow noopener\" target=\"_blank\"&gt;https://retenvi.com&lt;/a&gt;&lt;/p&gt;&lt;/li&gt;&lt;li&gt;&lt;p&gt;&lt;strong&gt;You&lt;/strong&gt; means the individual accessing or using the Service, or the company, or other legal entity on behalf of which such individual is accessing or using the Service, as applicable.&lt;/p&gt;&lt;/li&gt;&lt;/ul&gt;&lt;h3&gt;Acknowledgment&lt;/h3&gt;&lt;p&gt;These are the Terms and Conditions governing the use of this Service and the agreement that operates between You and the Company. These Terms and Conditions set out the rights and obligations of all users regarding the use of the Service.&lt;/p&gt;&lt;p&gt;Your access to and use of the Service is conditioned on Your acceptance of and compliance with these Terms and Conditions. These Terms and Conditions apply to all visitors, users and others who access or use the Service.&lt;/p&gt;&lt;p&gt;By accessing or using the Service You agree to be bound by these Terms and Conditions. If You disagree with any part of these Terms and Conditions then You may not access the Service.&lt;/p&gt;&lt;p&gt;You represent that you are over the age of 18. The Company does not permit those under 18 to use the Service.&lt;/p&gt;&lt;p&gt;Your access to and use of the Service is also conditioned on Your acceptance of and compliance with the Privacy Policy of the Company. Our Privacy Policy describes Our policies and procedures on the collection, use and disclosure of Your personal information when You use the Application or the Website and tells You about Your privacy rights and how the law protects You. Please read Our Privacy Policy carefully before using Our Service.&lt;/p&gt;&lt;h3&gt;Links to Other Websites&lt;/h3&gt;&lt;p&gt;Our Service may contain links to third-party web sites or services that are not owned or controlled by the Company.&lt;/p&gt;&lt;p&gt;The Company has no control over, and assumes no responsibility for, the content, privacy policies, or practices of any third party web sites or services. You further acknowledge and agree that the Company shall not be responsible or liable, directly or indirectly, for any damage or loss caused or alleged to be caused by or in connection with the use of or reliance on any such content, goods or services available on or through any such web sites or services.&lt;/p&gt;&lt;p&gt;We strongly advise You to read the terms and conditions and privacy policies of any third-party web sites or services that You visit.&lt;/p&gt;&lt;h3&gt;Termination&lt;/h3&gt;&lt;p&gt;We may terminate or suspend Your access immediately, without prior notice or liability, for any reason whatsoever, including without limitation if You breach these Terms and Conditions.&lt;/p&gt;&lt;p&gt;Upon termination, Your right to use the Service will cease immediately.&lt;/p&gt;&lt;h3&gt;Limitation of Liability&lt;/h3&gt;&lt;p&gt;Notwithstanding any damages that You might incur, the entire liability of the Company and any of its suppliers under any provision of this Terms and Your exclusive remedy for all of the foregoing shall be limited to the amount actually paid by You through the Service or 100 USD if You haven&apos;t purchased anything through the Service.&lt;/p&gt;&lt;p&gt;To the maximum extent permitted by applicable law, in no event shall the Company or its suppliers be liable for any special, incidental, indirect, or consequential damages whatsoever (including, but not limited to, damages for loss of profits, loss of data or other information, for business interruption, for personal injury, loss of privacy arising out of or in any way related to the use of or inability to use the Service, third-party software and/or third-party hardware used with the Service, or otherwise in connection with any provision of this Terms), even if the Company or any supplier has been advised of the possibility of such damages and even if the remedy fails of its essential purpose.&lt;/p&gt;&lt;p&gt;Some states do not allow the exclusion of implied warranties or limitation of liability for incidental or consequential damages, which means that some of the above limitations may not apply. In these states, each party&apos;s liability will be limited to the greatest extent permitted by law.&lt;/p&gt;&lt;h3&gt;\"AS IS\" and \"AS AVAILABLE\" Disclaimer&lt;/h3&gt;&lt;p&gt;The Service is provided to You \"AS IS\" and \"AS AVAILABLE\" and with all faults and defects without warranty of any kind. To the maximum extent permitted under applicable law, the Company, on its own behalf and on behalf of its Affiliates and its and their respective licensors and service providers, expressly disclaims all warranties, whether express, implied, statutory or otherwise, with respect to the Service, including all implied warranties of merchantability, fitness for a particular purpose, title and non-infringement, and warranties that may arise out of course of dealing, course of performance, usage or trade practice. Without limitation to the foregoing, the Company provides no warranty or undertaking, and makes no representation of any kind that the Service will meet Your requirements, achieve any intended results, be compatible or work with any other software, applications, systems or services, operate without interruption, meet any performance or reliability standards or be error free or that any errors or defects can or will be corrected.&lt;/p&gt;&lt;p&gt;Without limiting the foregoing, neither the Company nor any of the company&apos;s provider makes any representation or warranty of any kind, express or implied: (i) as to the operation or availability of the Service, or the information, content, and materials or products included thereon; (ii) that the Service will be uninterrupted or error-free; (iii) as to the accuracy, reliability, or currency of any information or content provided through the Service; or (iv) that the Service, its servers, the content, or e-mails sent from or on behalf of the Company are free of viruses, scripts, trojan horses, worms, malware, timebombs or other harmful components.&lt;/p&gt;&lt;p&gt;Some jurisdictions do not allow the exclusion of certain types of warranties or limitations on applicable statutory rights of a consumer, so some or all of the above exclusions and limitations may not apply to You. But in such a case the exclusions and limitations set forth in this section shall be applied to the greatest extent enforceable under applicable law.&lt;/p&gt;&lt;h3&gt;Governing Law&lt;/h3&gt;&lt;p&gt;The laws of the Country, excluding its conflicts of law rules, shall govern this Terms and Your use of the Service. Your use of the Application may also be subject to other local, state, national, or international laws.&lt;/p&gt;&lt;h3&gt;Disputes Resolution&lt;/h3&gt;&lt;p&gt;If You have any concern or dispute about the Service, You agree to first try to resolve the dispute informally by contacting the Company.&lt;/p&gt;&lt;h3&gt;For European Union (EU) Users&lt;/h3&gt;&lt;p&gt;If You are a European Union consumer, you will benefit from any mandatory provisions of the law of the country in which you are resident in.&lt;/p&gt;&lt;h3&gt;United States Legal Compliance&lt;/h3&gt;&lt;p&gt;You represent and warrant that (i) You are not located in a country that is subject to the United States government embargo, or that has been designated by the United States government as a \"terrorist supporting\" country, and (ii) You are not listed on any United States government list of prohibited or restricted parties.&lt;/p&gt;&lt;h3&gt;Severability and Waiver&lt;/h3&gt;&lt;h4&gt;Severability&lt;/h4&gt;&lt;p&gt;If any provision of these Terms is held to be unenforceable or invalid, such provision will be changed and interpreted to accomplish the objectives of such provision to the greatest extent possible under applicable law and the remaining provisions will continue in full force and effect.&lt;/p&gt;&lt;h3&gt;Waiver&lt;/h3&gt;&lt;p&gt;Except as provided herein, the failure to exercise a right or to require performance of an obligation under this Terms shall not effect a party&apos;s ability to exercise such right or require such performance at any time thereafter nor shall be the waiver of a breach constitute a waiver of any subsequent breach.&lt;/p&gt;&lt;h3&gt;Translation Interpretation&lt;/h3&gt;&lt;p&gt;These Terms and Conditions may have been translated if We have made them available to You on our Service.You agree that the original English text shall prevail in the case of a dispute.&lt;/p&gt;&lt;h3&gt;Changes to These Terms and Conditions&lt;/h3&gt;&lt;p&gt;We reserve the right, at Our sole discretion, to modify or replace these Terms at any time. If a revision is material We will make reasonable efforts to provide at least 30 days&apos; notice prior to any new terms taking effect. What constitutes a material change will be determined at Our sole discretion.&lt;/p&gt;&lt;p&gt;By continuing to access or use Our Service after those revisions become effective, You agree to be bound by the revised terms. If You do not agree to the new terms, in whole or in part, please stop using the website and the Service.&lt;/p&gt;&lt;h3&gt;Contact Us&lt;/h3&gt;&lt;p&gt;If you have any questions about these Terms and Conditions, You can contact us:&lt;/p&gt;&lt;ul&gt;&lt;li&gt;By email: cs@retenvi.com&lt;/li&gt;&lt;/ul&gt;<br></p>', NULL, NULL, 'publish', 'public', 1, 1, 'page', NULL, 0, 0, NULL, NULL, '', 'open', 0, NULL, '2024-05-07 01:53:34', '2024-05-07 01:53:34'),
(65, 'Privacy Policy', 'privacy-policy', NULL, '<h1>Privacy Policy</h1><p>Last updated: July 23, 2022</p><p>This Privacy Policy describes Our policies and procedures on the collection, use and disclosure of Your information when You use the Service and tells You about Your privacy rights and how the law protects You.</p><p>We use Your Personal data to provide and improve the Service. By using the Service, You agree to the collection and use of information in accordance with this Privacy Policy. This Privacy Policy has been created with the help of the <a href=\"https://www.termsfeed.com/privacy-policy-generator/\" target=\"_blank\">TermsFeed Privacy Policy Generator</a>.</p><h1>Interpretation and Definitions</h1><h2>Interpretation</h2><p>The words of which the initial letter is capitalized have meanings defined under the following conditions. The following definitions shall have the same meaning regardless of whether they appear in singular or in plural.</p><h2>Definitions</h2><p>For the purposes of this Privacy Policy:</p><ul><li><p><strong>Account</strong> means a unique account created for You to access our Service or parts of our Service.</p></li><li><p><strong>Company</strong> (referred to as either \"the Company\", \"We\", \"Us\" or \"Our\" in this Agreement) refers to Retenvi.</p></li><li><p><strong>Cookies</strong> are small files that are placed on Your computer, mobile device or any other device by a website, containing the details of Your browsing history on that website among its many uses.</p></li><li><p><strong>Country</strong> refers to:  Indonesia</p></li><li><p><strong>Device</strong> means any device that can access the Service such as a computer, a cellphone or a digital tablet.</p></li><li><p><strong>Personal Data</strong> is any information that relates to an identified or identifiable individual.</p></li><li><p><strong>Service</strong> refers to the Website.</p></li><li><p><strong>Service Provider</strong> means any natural or legal person who processes the data on behalf of the Company. It refers to third-party companies or individuals employed by the Company to facilitate the Service, to provide the Service on behalf of the Company, to perform services related to the Service or to assist the Company in analyzing how the Service is used.</p></li><li><p><strong>Usage Data</strong> refers to data collected automatically, either generated by the use of the Service or from the Service infrastructure itself (for example, the duration of a page visit).</p></li><li><p><strong>Website</strong> refers to Retenvi, accessible from <a href=\"https://retenvi.com\" rel=\"external nofollow noopener\" target=\"_blank\">https://retenvi.com</a></p></li><li><p><strong>You</strong> means the individual accessing or using the Service, or the company, or other legal entity on behalf of which such individual is accessing or using the Service, as applicable.</p></li></ul><h1>Collecting and Using Your Personal Data</h1><h2>Types of Data Collected</h2><h3>Personal Data</h3><p>While using Our Service, We may ask You to provide Us with certain personally identifiable information that can be used to contact or identify You. Personally identifiable information may include, but is not limited to:</p><ul><li><p>Email address</p></li><li><p>Usage Data</p></li></ul><h3>Usage Data</h3><p>Usage Data is collected automatically when using the Service.</p><p>Usage Data may include information such as Your Device&apos;s Internet Protocol address (e.g. IP address), browser type, browser version, the pages of our Service that You visit, the time and date of Your visit, the time spent on those pages, unique device identifiers and other diagnostic data.</p><p>When You access the Service by or through a mobile device, We may collect certain information automatically, including, but not limited to, the type of mobile device You use, Your mobile device unique ID, the IP address of Your mobile device, Your mobile operating system, the type of mobile Internet browser You use, unique device identifiers and other diagnostic data.</p><p>We may also collect information that Your browser sends whenever You visit our Service or when You access the Service by or through a mobile device.</p><h3>Tracking Technologies and Cookies</h3><p>We use Cookies and similar tracking technologies to track the activity on Our Service and store certain information. Tracking technologies used are beacons, tags, and scripts to collect and track information and to improve and analyze Our Service. The technologies We use may include:</p><ul><li><strong>Cookies or Browser Cookies.</strong> A cookie is a small file placed on Your Device. You can instruct Your browser to refuse all Cookies or to indicate when a Cookie is being sent. However, if You do not accept Cookies, You may not be able to use some parts of our Service. Unless you have adjusted Your browser setting so that it will refuse Cookies, our Service may use Cookies.</li><li><strong>Flash Cookies.</strong> Certain features of our Service may use local stored objects (or Flash Cookies) to collect and store information about Your preferences or Your activity on our Service. Flash Cookies are not managed by the same browser settings as those used for Browser Cookies. For more information on how You can delete Flash Cookies, please read \"Where can I change the settings for disabling, or deleting local shared objects?\" available at <a href=\"https://helpx.adobe.com/flash-player/kb/disable-local-shared-objects-flash.html#main_Where_can_I_change_the_settings_for_disabling__or_deleting_local_shared_objects_\" rel=\"external nofollow noopener\" target=\"_blank\">https://helpx.adobe.com/flash-player/kb/disable-local-shared-objects-flash.html#main_Where_can_I_change_the_settings_for_disabling__or_deleting_local_shared_objects_</a></li><li><strong>Web Beacons.</strong> Certain sections of our Service and our emails may contain small electronic files known as web beacons (also referred to as clear gifs, pixel tags, and single-pixel gifs) that permit the Company, for example, to count users who have visited those pages or opened an email and for other related website statistics (for example, recording the popularity of a certain section and verifying system and server integrity).</li></ul><p>Cookies can be \"Persistent\" or \"Session\" Cookies. Persistent Cookies remain on Your personal computer or mobile device when You go offline, while Session Cookies are deleted as soon as You close Your web browser. You can learn more about cookies on <a href=\"https://www.termsfeed.com/blog/cookies/#What_Are_Cookies\" target=\"_blank\">TermsFeed website</a> article.</p><p>We use both Session and Persistent Cookies for the purposes set out below:</p><ul><li><p><strong>Necessary / Essential Cookies</strong></p><p>Type: Session Cookies</p><p>Administered by: Us</p><p>Purpose: These Cookies are essential to provide You with services available through the Website and to enable You to use some of its features. They help to authenticate users and prevent fraudulent use of user accounts. Without these Cookies, the services that You have asked for cannot be provided, and We only use these Cookies to provide You with those services.</p></li><li><p><strong>Cookies Policy / Notice Acceptance Cookies</strong></p><p>Type: Persistent Cookies</p><p>Administered by: Us</p><p>Purpose: These Cookies identify if users have accepted the use of cookies on the Website.</p></li><li><p><strong>Functionality Cookies</strong></p><p>Type: Persistent Cookies</p><p>Administered by: Us</p><p>Purpose: These Cookies allow us to remember choices You make when You use the Website, such as remembering your login details or language preference. The purpose of these Cookies is to provide You with a more personal experience and to avoid You having to re-enter your preferences every time You use the Website.</p></li></ul><p>For more information about the cookies we use and your choices regarding cookies, please visit our Cookies Policy or the Cookies section of our Privacy Policy.</p><h2>Use of Your Personal Data</h2><p>The Company may use Personal Data for the following purposes:</p><ul><li><p><strong>To provide and maintain our Service</strong>, including to monitor the usage of our Service.</p></li><li><p><strong>To manage Your Account:</strong> to manage Your registration as a user of the Service. The Personal Data You provide can give You access to different functionalities of the Service that are available to You as a registered user.</p></li><li><p><strong>For the performance of a contract:</strong> the development, compliance and undertaking of the purchase contract for the products, items or services You have purchased or of any other contract with Us through the Service.</p></li><li><p><strong>To contact You:</strong> To contact You by email, telephone calls, SMS, or other equivalent forms of electronic communication, such as a mobile application&apos;s push notifications regarding updates or informative communications related to the functionalities, products or contracted services, including the security updates, when necessary or reasonable for their implementation.</p></li><li><p><strong>To provide You</strong> with news, special offers and general information about other goods, services and events which we offer that are similar to those that you have already purchased or enquired about unless You have opted not to receive such information.</p></li><li><p><strong>To manage Your requests:</strong> To attend and manage Your requests to Us.</p></li><li><p><strong>For business transfers:</strong> We may use Your information to evaluate or conduct a merger, divestiture, restructuring, reorganization, dissolution, or other sale or transfer of some or all of Our assets, whether as a going concern or as part of bankruptcy, liquidation, or similar proceeding, in which Personal Data held by Us about our Service users is among the assets transferred.</p></li><li><p><strong>For other purposes</strong>: We may use Your information for other purposes, such as data analysis, identifying usage trends, determining the effectiveness of our promotional campaigns and to evaluate and improve our Service, products, services, marketing and your experience.</p></li></ul><p>We may share Your personal information in the following situations:</p><ul><li><strong>With Service Providers:</strong> We may share Your personal information with Service Providers to monitor and analyze the use of our Service,  to contact You.</li><li><strong>For business transfers:</strong> We may share or transfer Your personal information in connection with, or during negotiations of, any merger, sale of Company assets, financing, or acquisition of all or a portion of Our business to another company.</li><li><strong>With Affiliates:</strong> We may share Your information with Our affiliates, in which case we will require those affiliates to honor this Privacy Policy. Affiliates include Our parent company and any other subsidiaries, joint venture partners or other companies that We control or that are under common control with Us.</li><li><strong>With business partners:</strong> We may share Your information with Our business partners to offer You certain products, services or promotions.</li><li><strong>With other users:</strong> when You share personal information or otherwise interact in the public areas with other users, such information may be viewed by all users and may be publicly distributed outside.</li><li><strong>With Your consent</strong>: We may disclose Your personal information for any other purpose with Your consent.</li></ul><h2>Retention of Your Personal Data</h2><p>The Company will retain Your Personal Data only for as long as is necessary for the purposes set out in this Privacy Policy. We will retain and use Your Personal Data to the extent necessary to comply with our legal obligations (for example, if we are required to retain your data to comply with applicable laws), resolve disputes, and enforce our legal agreements and policies.</p><p>The Company will also retain Usage Data for internal analysis purposes. Usage Data is generally retained for a shorter period of time, except when this data is used to strengthen the security or to improve the functionality of Our Service, or We are legally obligated to retain this data for longer time periods.</p><h2>Transfer of Your Personal Data</h2><p>Your information, including Personal Data, is processed at the Company&apos;s operating offices and in any other places where the parties involved in the processing are located. It means that this information may be transferred to — and maintained on — computers located outside of Your state, province, country or other governmental jurisdiction where the data protection laws may differ than those from Your jurisdiction.</p><p>Your consent to this Privacy Policy followed by Your submission of such information represents Your agreement to that transfer.</p><p>The Company will take all steps reasonably necessary to ensure that Your data is treated securely and in accordance with this Privacy Policy and no transfer of Your Personal Data will take place to an organization or a country unless there are adequate controls in place including the security of Your data and other personal information.</p><h2>Disclosure of Your Personal Data</h2><h3>Business Transactions</h3><p>If the Company is involved in a merger, acquisition or asset sale, Your Personal Data may be transferred. We will provide notice before Your Personal Data is transferred and becomes subject to a different Privacy Policy.</p><h3>Law enforcement</h3><p>Under certain circumstances, the Company may be required to disclose Your Personal Data if required to do so by law or in response to valid requests by public authorities (e.g. a court or a government agency).</p><h3>Other legal requirements</h3><p>The Company may disclose Your Personal Data in the good faith belief that such action is necessary to:</p><ul><li>Comply with a legal obligation</li><li>Protect and defend the rights or property of the Company</li><li>Prevent or investigate possible wrongdoing in connection with the Service</li><li>Protect the personal safety of Users of the Service or the public</li><li>Protect against legal liability</li></ul><h2>Security of Your Personal Data</h2><p>The security of Your Personal Data is important to Us, but remember that no method of transmission over the Internet, or method of electronic storage is 100% secure. While We strive to use commercially acceptable means to protect Your Personal Data, We cannot guarantee its absolute security.</p><h1>Detailed Information on the Processing of Your Personal Data</h1><p>The Service Providers We use may have access to Your Personal Data. These third-party vendors collect, store, use, process and transfer information about Your activity on Our Service in accordance with their Privacy Policies.</p><h2>Usage, Performance and Miscellaneous</h2><p>We may use third-party Service Providers to provide better improvement of our Service.</p><ul><li><p><strong>Google Places</strong></p><p>Google Places is a service that returns information about places using HTTP requests. It is operated by Google</p><p>Google Places service may collect information from You and from Your Device for security purposes.</p><p>The information gathered by Google Places is held in accordance with the Privacy Policy of Google: <a href=\"https://www.google.com/intl/en/policies/privacy/\" rel=\"external nofollow noopener\" target=\"_blank\">https://www.google.com/intl/en/policies/privacy/</a></p></li></ul><h1>Children&apos;s Privacy</h1><p>Our Service does not address anyone under the age of 13. We do not knowingly collect personally identifiable information from anyone under the age of 13. If You are a parent or guardian and You are aware that Your child has provided Us with Personal Data, please contact Us. If We become aware that We have collected Personal Data from anyone under the age of 13 without verification of parental consent, We take steps to remove that information from Our servers.</p><p>If We need to rely on consent as a legal basis for processing Your information and Your country requires consent from a parent, We may require Your parent&apos;s consent before We collect and use that information.</p><h1>Links to Other Websites</h1><p>Our Service may contain links to other websites that are not operated by Us. If You click on a third party link, You will be directed to that third party&apos;s site. We strongly advise You to review the Privacy Policy of every site You visit.</p><p>We have no control over and assume no responsibility for the content, privacy policies or practices of any third party sites or services.</p><h1>Changes to this Privacy Policy</h1><p>We may update Our Privacy Policy from time to time. We will notify You of any changes by posting the new Privacy Policy on this page.</p><p>We will let You know via email and/or a prominent notice on Our Service, prior to the change becoming effective and update the \"Last updated\" date at the top of this Privacy Policy.</p><p>You are advised to review this Privacy Policy periodically for any changes. Changes to this Privacy Policy are effective when they are posted on this page.</p><h1>Contact Us</h1><p>If you have any questions about this Privacy Policy, You can contact us:</p><ul><li>By email: cs@retenvi.com</li></ul>', NULL, NULL, 'publish', 'public', 1, 1, 'page', NULL, 0, 0, NULL, NULL, '', 'open', 0, NULL, '2024-05-07 01:53:34', '2024-05-07 01:53:34'),
(66, 'Picone', 'picone', NULL, '<p>Image description</p>', NULL, NULL, 'inherit', 'public', 2, 1, 'gallery', '/storage/images/gallery.jpg', 0, 0, NULL, '{\"file\":\"gallery.jpg\",\"type\":\"jpeg\",\"size\":614182,\"dimension\":\"1920x1080\",\"attr_image_alt\":\"another text\"}', 'image/jpeg', 'open', 0, NULL, '2024-05-07 01:53:34', '2024-05-07 01:53:34'),
(97, 'Visi Misi', 'visi-misi', NULL, '<p>VISI</p>\r\n<p>MISI</p>', '', '', 'publish', 'public', 2, 2, 'page', NULL, 0, 0, NULL, '{\"image_url\":null,\"caption\":null}', '', 'open', 0, NULL, '2024-05-19 20:49:38', '2025-12-02 19:50:11'),
(98, 'LAMPUNG │ Cinematic Video', 'lampung-cinematic-video', NULL, '<p>Pesona Bumi Ruwa Jurai.</p>', '', '', 'publish', 'public', 2, 2, 'video_url', NULL, 5, 0, 'Bukan-China-yang-paling-banyak-investasi-asing-di-Provinsi-Lampung-7sUg6InleY.jpg', '{\"image_url\":null}', '', 'open', 0, 'https://www.youtube.com/watch?v=zs33HzuS9kU', '2024-05-20 09:40:48', '2025-12-01 00:43:15'),
(100, 'Tupoksi', 'tupoksi', NULL, '<p><strong>Tugas</strong></p>\r\n<p>Badan Pengelolaan Keuangan dan Aset Daerah mempunyai tugas membantu Gubernur melaksanakan fungsi penunjang Urusan Pemerintahan bidang keuangan dan aset yang menjadi kewenangan Daerah provinsi.</p>\r\n<p><strong>Fungsi</strong></p>\r\n<p>Badan Pengelolaan Keuangan dan Aset Daerah mempunyai fungsi:</p>\r\n<ul>\r\n<li>penyusunan kebijakan teknis di bidang keuangan dan aset;</li>\r\n<li>pelaksanaan tugas dukungan teknis di bidang keuangan dan aset;</li>\r\n<li>pemantauan, evaluasi, dan pelaporan pelaksanaan tugas dukungan teknis di bidang keuangan dan aset;</li>\r\n<li>pembinaan teknis di bidang keuangan dan aset;</li>\r\n<li>pelaksanaan administratif; dan</li>\r\n<li>pelaksanaan fungsi lain yang diberikan oleh gubernur.</li>\r\n</ul>', '', '', 'publish', 'public', 2, 2, 'page', NULL, 0, 0, NULL, NULL, '', 'open', 0, NULL, '2024-05-20 13:10:44', '2024-05-20 13:10:44'),
(101, 'Struktur Organisasi', 'struktur-organisasi', NULL, '<p>Struktur Organisasi</p>', '', '', 'publish', 'public', 2, 2, 'page', NULL, 0, 0, NULL, '{\"image_url\":null,\"caption\":null}', '', 'open', 0, NULL, '2024-05-20 13:12:23', '2025-12-02 19:50:42'),
(102, 'Gambaran Umum', 'gambaran-umum', NULL, '<p>Kabupaten Tanggamus adalah salah satu kabupaten yang terletak di Provinsi Lampung, Indonesia. Ibu kota Tanggamus berada di Kecamatan Kota Agung. Kabupaten Tanggamus memiliki luas wilayah 4.654,98 Km&sup2; dengan jumlah penduduk sebesar 638.652 jiwa pada pertengahan tahun 2024 dan kepadatan penduduk 225 jiwa/km&sup2;.[1] Kabupaten Tanggamus diresmikan berdasarkan Undang-Undang Nomor 2 Tahun 1997, tanggal 21 Maret 1997.[6] Kabupaten Tanggamus tepatnya terletak di Pekon Kampung Baru Kecamatan Kota Agung Timur.</p>\r\n<p>Nama Kabupaten Tanggamus diambil dari nama Gunung Tanggamus yang berdiri tegak tepat di jantung Kabupaten Tanggamus. Sejarah perkembangan wilayah Tanggamus menurut catatan yang ada pada tahun 1889, pada saat Belanda mulai masuk di Wilayah Kota Agung pemerintahannya dipimpin oleh seorang Kontroller yang memerintah di Kota Agung. Pada saat itu pemerintahan telah dilaksanakan oleh Pemerintah Adat yang terdiri dari 5 (lima) Marga yaitu:</p>\r\n<p>Marga Gunung Alip (Talang Padang),<br>Marga Benawang;<br>Marga Belunguh;<br>Marga Pematang Sawa;<br>Marga Ngarip.</p>\r\n<p><br>Masing-masing marga tersebut dipimpin oleh seorang Pasirah yang membawahi beberapa Kampung. Perkembangan selanjutnya berdasarkan Keputusan Menteri Dalam Negeri No. 114/ 1979 tanggal 30 Juni 1979 dalam rangka mengatasi rentang kendati dan sekaligus merupakan persiapan pembentukan Pembantu Bupati Lampung Selatan untuk Wilayah Kota Agung yang berkedudukan di Kota Agung serta terdiri dari 10 Kecamatan dan 7 Perwakilan Kecamatan dengan 299 Pekon dan 3 Kelurahan serta 4 Pekon Persiapan. Pada akhirnya Kabupaten Tanggamus terbentuk dan menjadi salah satu dari 10 Kabupaten/ Kota yang ada di Provinsi Lampung. Kabupaten Tanggamus dibentuk berdasarkan Undang-undang No. 2 Tahun 1997 yang diundangkan pada tanggal 3 Januari 1997 dan diresmikan menjadi Kabupaten pada tanggal 21 Maret 1997.</p>\r\n<p>Sejalan dengan dinamika perkembangan masyarakat adat di Kabupaten Tanggamus, pada tanggal 12 Januari 2004 Kepala Adat Saibatin Marga Benawang merestui tegak berdirinya Marga Negara Batin, yang sebelumnya merupakan satu kesatuan adat dengan Marga Benawang. Pada tanggal 10 Maret 2004 di Pekon Negara Batin dinobatkan kepala adat Marga Negara Batin dengan gelar Suntan Batin Kamarullah Pemuka Raja Semaka V. Dengan berdirinya Marga Negara Batin tersebut, masyarakat adat pada tahun 1889 terdiri dari 5 marga, saat ini menjadi 6 marga, yaitu: Marga Gunung Alip (Talang Padang), Marga Benawang, Marga Belunguh, Marga Pematang Sawa, Marga Ngarip, Marga Negara Batin.</p>\r\n<p>Suku Lampung adalah suku mayoritas di kabupaten tanggamus yang juga merupakan suku asli di provinsi Lampung, disusul oleh suku pendatang seperti Suku Jawa, Suku Bali, Suku Sunda, dan Minangkabau.</p>', '', '', 'publish', 'public', 2, 2, 'page', NULL, 0, 0, NULL, '{\"image_url\":null,\"caption\":null}', '', 'open', 0, NULL, '2024-05-20 13:14:03', '2025-12-02 19:48:59'),
(105, 'Programming', 'programming', NULL, NULL, NULL, NULL, 'inherit', 'public', 2, 2, 'gallery', '/storage/images/1019-dABcDNOLMx.jpg', 0, 0, NULL, '{\"file\":\"1019-dABcDNOLMx.jpg\",\"type\":\"jpg\",\"size\":820491,\"dimension\":\"1500x1001\",\"attr_image_alt\":\"1019-dABcDNOLMx.jpg\"}', 'image/jpeg', 'open', 0, NULL, '2024-05-21 20:33:50', '2024-05-21 20:33:50'),
(110, 'Hand', 'hand', NULL, NULL, NULL, NULL, 'inherit', 'public', 1, 2, 'gallery', '/storage/images/pexels-shvets-production-7194743 (1)-ehgZLoymfV.jpg', 0, 0, NULL, '{\"file\":\"pexels-shvets-production-7194743 (1)-ehgZLoymfV.jpg\",\"type\":\"jpg\",\"size\":36676,\"dimension\":\"960x640\",\"attr_image_alt\":\"pexels-shvets-production-7194743 (1)-ehgZLoymfV.jpg\"}', 'image/jpeg', 'open', 0, NULL, '2024-06-18 14:43:15', '2024-06-18 14:43:15'),
(115, 'Profil Kepala SKPD', 'profil-kepala-skpd', NULL, '<p>Profil Kepala SKPD</p>', '', '', 'publish', 'public', 1, 2, 'page', NULL, 0, 0, NULL, NULL, '', 'open', 0, NULL, '2025-12-02 19:54:15', '2025-12-02 19:54:15'),
(116, 'Bupati Tanggamus, Lantik Pengurus GOW Masa Bakti', 'bupati-tanggamus-lantik-pengurus-gow-masa-bakti', '<p>Pada Senin, 01 Desember 2025, Bupati Tanggamus Drs. Hi. Moh. Saleh Asnawi, MA., MH., secara resmi melantik Pengurus Gabungan Organisasi Wanita (GOW) Kabupaten Tanggamus Masa Bakti 2025&ndash;2030. Prosesi pelantikan berlangsung di Aula TP PKK Tanggamus dan dihadiri oleh jajaran Forkopimda, Ketua TP PKK Kabupaten Tanggamus, para pimpinan organisasi wanita, serta tamu undangan lainnya. Suasana acara tampak khidmat namun tetap hangat, mencerminkan semangat kebersamaan antarorganisasi perempuan di Kabupaten Tanggamus.</p>', '<p>Dalam sambutannya, Bupati menegaskan bahwa GOW memiliki peran strategis dalam memperkuat pemberdayaan perempuan serta mendukung berbagai program pemerintah daerah. Beliau menyampaikan bahwa organisasi wanita bukan hanya sekadar wadah berhimpun, tetapi juga menjadi mitra pembangunan yang memiliki kontribusi nyata dalam meningkatkan kualitas keluarga, pendidikan, kesehatan, hingga kesejahteraan sosial. Bupati berharap agar pengurus yang baru dilantik dapat bekerja dengan penuh dedikasi, inovatif, serta mampu beradaptasi dengan perkembangan zaman yang terus berubah.</p>\r\n<p data-start=\"1164\" data-end=\"1525\">Lebih lanjut, Bupati menekankan pentingnya kolaborasi antara GOW, TP PKK, dan organisasi perempuan lainnya agar program-program yang dijalankan dapat saling terintegrasi. Dengan demikian, berbagai kegiatan yang menyentuh masyarakat dapat memberikan dampak yang lebih besar, terutama kepada perempuan, anak, dan keluarga sebagai fondasi utama pembangunan daerah.</p>\r\n<p data-start=\"1164\" data-end=\"1525\">&nbsp;</p>\r\n<p data-start=\"1527\" data-end=\"1968\">Sementara itu, Ketua GOW yang baru dilantik menyampaikan ucapan terima kasih atas kepercayaan yang diberikan. Ia menegaskan komitmennya untuk membawa GOW menjadi organisasi yang lebih aktif, profesional, dan mampu menghadirkan program-program yang memberi manfaat langsung bagi masyarakat Tanggamus. Ia juga mengajak seluruh pengurus untuk bekerja bersama, menjaga kekompakan, serta memberikan kontribusi terbaik selama masa bakti 2025&ndash;2030.</p>\r\n<p data-start=\"1527\" data-end=\"1968\">Acara pelantikan berlangsung dengan tertib, diawali dengan pembacaan surat keputusan, pengucapan janji pengurus, serta penandatanganan berita acara pelantikan. Prosesi dilanjutkan dengan penyerahan simbolis bendera organisasi kepada Ketua GOW sebagai tanda dimulainya masa tugas yang baru.</p>\r\n<p data-start=\"1527\" data-end=\"1968\">Di akhir acara, suasana semakin hangat dengan sesi foto bersama dan ucapan selamat dari para tamu undangan. Pelantikan ini diharapkan menjadi momentum bagi GOW Kabupaten Tanggamus untuk semakin memperkuat perannya dalam pembangunan daerah, khususnya dalam menciptakan perempuan Tanggamus yang berdaya, mandiri, serta berperan aktif dalam kehidupan sosial kemasyarakatan.</p>', 'Bupati Tanggamus, Lantik Pengurus GOW Masa Bakti', '', 'publish', 'public', 1, 2, 'post', NULL, 2, 0, '1-AkbmqDqlwn.jpg', '{\"image_url\":null,\"caption\":\"Bupati Tanggamus, Lantik Pengurus GOW Masa Bakti\"}', '', 'open', 0, NULL, '2025-12-02 20:10:42', '2025-12-03 03:30:31');
INSERT INTO `posts` (`id`, `post_title`, `post_name`, `post_summary`, `post_content`, `meta_description`, `meta_keyword`, `post_status`, `post_visibility`, `post_author`, `post_language`, `post_type`, `post_guid`, `post_hits`, `like`, `post_image`, `post_image_meta`, `post_mime_type`, `comment_status`, `comment_count`, `post_source`, `created_at`, `updated_at`) VALUES
(117, 'Bupati Tanggamus Lantik 75 Pejabat Administrator dan Pengawas  khidmat  bertempat di ruang rapat utama', 'bupati-tanggamus-lantik-75-pejabat-administrator-dan-pengawas-khidmat-bertempat-di-ruang-rapat-utama', '<p>TANGGAMUS, - Pemerintah Kabupaten Tanggamus membuka babak baru di penghujung tahun dengan menggelar rotasi dan pelantikan akbar. Bupati Tanggamus, Drs. Hi. Moh. Saleh Asnawi, MA., MH., melantik dan mengambil sumpah/janji 75 Pejabat Administrator dan Pengawas dalam sebuah seremoni khidmat pada bertempat di ruang rapat utama sekretariat Bupati Tanggamus Selasa (02/12/2025).</p>', '<p>TANGGAMUS, - Pemerintah Kabupaten Tanggamus membuka babak baru di penghujung tahun dengan menggelar rotasi dan pelantikan akbar. Bupati Tanggamus, Drs. Hi. Moh. Saleh Asnawi, MA., MH., melantik dan mengambil sumpah/janji 75 Pejabat Administrator dan Pengawas dalam sebuah seremoni khidmat pada bertempat di ruang rapat utama sekretariat Bupati Tanggamus Selasa (02/12/2025).</p>\r\n<p>​Dalam sambutannya, Bupati Saleh Asnawi mempertegas bahwa jabatan yang diemban adalah amanah suci, dengan konsekuensi pertanggungjawaban ganda: kepada negara dan masyarakat, serta di hadapan Tuhan Yang Maha Esa. &ldquo;Saya ucapkan selamat. Amanah ini harus benar-benar dilaksanakan dengan penuh komitmen dan penuh tanggung jawab,&rdquo; tegas Bupati.</p>\r\n<p>​Legalitas dan Proses Seleksi Berjenjang<br>​Pelantikan ini bukanlah langkah politis, melainkan hasil dari proses evaluasi kinerja yang matang dan legal. Rotasi massal ini merujuk pada tiga Keputusan Bupati Tanggamus yang berbeda, termasuk Nomor 800.1.3.3/1764/45/2025 dan Nomor 800.1.3.3/1720/45/2025 (tertanggal 01 Desember 2025), serta didukung oleh:</p>\r\n<p>* ​Berita Acara Tim Penilai Kinerja PNS (5 November 2025).<br>* ​Pertimbangan Teknis Kepala Badan Kepegawaian Negara (BKN).<br>* ​Surat Persetujuan Gubernur Lampung (8 Oktober 2025) untuk jabatan tertentu.</p>\r\n<p>&nbsp;</p>\r\n<p>​Proses ini memastikan bahwa penempatan 75 pejabat, yang mencakup Camat, Sekretaris Dinas, dan Kepala Bidang, didasarkan pada objektivitas dan kebutuhan organisasi.​Mengisi Posisi Strategis: Ujung Tombak Pelayanan Publik</p>\r\n<p>​Bupati menyoroti bahwa Pejabat Administrator dan Pengawas adalah &ldquo;tulang punggung birokrasi&rdquo; yang berperan vital dalam menerjemahkan kebijakan langsung ke lapangan.</p>\r\n<p>&nbsp;</p>\r\n<p>​Rotasi kali ini secara strategis mengisi posisi Camat di lima wilayah penting. Para pejabat yang baru, termasuk Camat Bulok (RUSDI), Camat Kota Agung Barat (ZULYADI), Camat Gunung Alip (DERIUS PUTRAWAN), Camat Kelumbayan (ALI IMRON), dan Camat Talang Padang (JHONI IRZAL), dituntut untuk menjadi koordinator program yang efektif dan pengendali teknis di wilayah masing-masing.</p>\r\n<p>​&ldquo;Jabatan ini merupakan tulang punggung birokrasi, karena kalian berperan langsung dalam memastikan kebijakan dapat diterjemahkan di lapangan,&rdquo; ujar Bupati.</p>\r\n<p>​Integritas dan Teladan di Era Kritis</p>\r\n<p>​Dalam menutup sambutannya, Bupati mewanti-wanti para pejabat mengenai tantangan era digital, di mana masyarakat sangat kritis dan informasi mudah terekspos. Ia meminta pejabat bersikap hati-hati, tidak hanya bekerja keras, tetapi juga bertindak sebagai panutan dan teladan di tengah masyarakat.</p>\r\n<p>​Penugasan ini diikat dengan Core Value Kabupaten Tanggamus yaitu &ldquo;Budaya Kerja Jalan Lurus&rdquo;, yang berfokus pada tujuan, integritas, dan kolaborasi, demi mencapai Visi Tanggamus 2025-2030 \"Bersama Tanggamus Maju Menuju Indonesia Emas.\"</p>\r\n<p>​Lampiran Resmi: Daftar Lengkap Pejabat Administrator dan Pengawas yang Dilantik (02/12/2025)</p>\r\n<p><br>No<br>Nama<br>Jabatan Sekarang<br>Jabatan Baru<br>Keterangan<br>1<br>RUSDI, S.I.P.<br>Jabatan sekarang : Sekretaris Kecamatan jabatan baru : Kelumbayan Camat Bulok<br>Eselon III-a<br>2<br>ZULYADI, S.I.P., M.M.<br>Jabatan sekarang : Kepala Bidang Perpustakaan pada Dinas Perpustakaan dan Kearsipan Daerah,<br>Jabatan baru : Camat Kota Agung Barat<br>Eselon III-a<br>3<br>DERIUS PUTRAWAN, S.P., M.M<br>Jabatan sekarang : Camat Kelumbayan<br>Jabatan baru : Camat Gunung Alip<br>Eselon III-a<br>4<br>ALI IMRON, S.H.,M.M.<br>Jab. Sekarang: Sekretaris Kecamatan Kota Agung Barat<br>Jab. Baru: Camat Kelumbayan<br>Eselon III-a<br>5<br>JHONI IRZAL S.Sos<br>Penelaah Teknis Kebijakan pada Bagian Protokol dan Komunikasi Pimpinan Sekretariat Daerah<br>Camat Talang Padang<br>Eselon III-a<br>6<br>NOVRIZAL MULKAN, S.H., M.M.<br>Kepala Bidang Riset dan Inovasi Daerah pada Badan Perencanaan Pembangunan Daerah Riset dan Inovasi Daerah<br>Inspektur Pembantu III pada Inspektorat<br>Eselon III-a<br>7<br>JOKO SUPRIHATIN, S.Kom,. M.M<br>Pengawas Ketenagakerjaan Ahli Muda pada Dinas Tenaga Kerja<br>Kepala Bagian Administrasi Pembangunan pada Sekretariat Daerah<br>Eselon III-a<br>8<br>HERLIYANTO, S.T.,M.M.<br>Pengelola Pengadaan Barang/Jasa Ahli Muda pada Bagian Pengadaan Barang dan Jasa Sekretariat Daerah<br>Kepala Bagian Pengadaan Barang dan Jasa pada Sekretariat Daerah<br>Eselon III-a<br>9<br>FATURRAHMAN WIJAYA, S.Kep.<br>Kepala Sub Bagian Perencanaan pada Sekretariat Dinas Pemberdayaan Perempuan, Perlindungan Anak, Pengendalian Penduduk dan Keluarga Berencana<br>Sekretaris Dinas Pemberdayaan Perempuan, Perlindungan Anak, Pengendalian Penduduk dan Keluarga Berencana<br>Eselon III-a<br>10<br>MARHASAN SAMBA S.I.P.<br>Penelaah Teknis Kebijakan pada Dinas Pariwisata dan Ekonomi Kreatif<br>Sekretaris Dinas Pariwisata dan Ekonomi Kreatif<br>Eselon III-a<br>11<br>Drs. SABAR MARULAK SITANGGANG<br>Kepala Bidang Layanan Kepemudaan pada Dinas Pemuda dan Olah Raga<br>Sekretaris Dinas Perhubungan<br>Eselon III-a<br>12<br>YADI MULYADI, S.T., M.M<br>Kepala Dinas Pendidikan<br>Sekretaris Dinas Perpustakaan dan Kearsipan Daerah<br>Eselon III-a<br>13<br>Drs. SUYANTO, M.M.<br>Kepala Dinas Pariwisata dan Kebudayaan<br>Sekretaris Badan Kesatuan Bangsa dan Politik<br>Eselon III-a<br>14<br>EKA ANGKASAWAN, S.T.,M.T.<br>Penelaah Teknis Kebijakan pada Dinas Pekerjaan Umum dan Perumahan Rakyat<br>Sekretaris Dinas Pekerjaan Umum dan Perumahan Rakyat<br>Eselon III-a<br>15<br>GOFIR PURWANTO, S.E.,M.M.<br>Kepala Bidang Pembinaan dan Pengelolaan Data Pegawai pada Badan Kepegawaian dan Pengembangan Sumber Daya Manusia<br>Sekretaris Dinas Komunikasi dan Informatika<br>Eselon III-a<br>16<br>AKHMAD ISNAINI, S.E.<br>Sekretaris Dinas Perhubungan<br>Kepala Bidang Layanan Kepemudaan pada Dinas Pemuda dan Olah Raga<br>Eselon III-b<br>17<br>ADI GUNAWAN, S.E., M.M.<br>Sekretaris Dinas Pendidikan<br>Kepala Bidang Penataan dan Peningkatan Kapasitas Lingkungan Hidup pada Dinas Lingkungan Hidup<br>Eselon III-b<br>18<br>WINDA FIDRIANI, S.Pd.<br>Kepala Sub Bagian Umum dan Perlengkapan pada Sekretariat Dinas Pendidikan<br>Kepala Bidang Pengembangan Kelembagaan Kepariwistaan pada Dinas Pariwisata dan Ekonomi Kreatif<br>Eselon III-b<br>19<br>ROZIANSYAH, S.I.P.<br>Analis Kebijakan Ahli Muda pada Dinas Pemberdayaan Masyarakat dan Desa<br>Kepala Bidang Keuangan, Kekayaan, Aset dan Produk Hukum Pekon pada Dinas Pemberdayaan Masyarakat dan Desa<br>Eselon III-b<br>20<br>MULYADI, S.T., M.M.<br>Kepala Bidang Sarana dan Prasarana Pendidikan pada Dinas Pendidikan<br>Kepala Bidang Sarana dan Prasarana Pendidikan pada Dinas Pendidikan dan Kebudayaan<br>Eselon III-b<br>21<br>HELPIN RIANDA, S.E.,M.M.<br>Kepala Bidang Ketenagaan pada Dinas Pendidikan<br>Sekretaris Kecamatan Semaka<br>Eselon III-b<br>22<br>ZAINAL, M.Pd.I.<br>Sekretaris Kecamatan Semaka<br>Sekretaris Kecamatan Kota Agung<br>Eselon III-b<br>23<br>MUHAMMAD RIDWAN, A.Pi.<br>Kepala Bidang Perikanan Tangkap dan Pengawasan pada Dinas Perikanan<br>Kepala Bidang Perikanan Tangkap pada Dinas Perikanan<br>Eselon III-b<br>24<br>ZURYATI, S.E.<br>Analis Kebijakan Ahli Muda pada Dinas Pariwisata dan Ekonomi Kreatif<br>Kepala Bidang Kebudayaan pada Dinas Pendidikan dan Kebudayaan<br>Eselon III-b<br>25<br>SARIF HIDAYAT BANGSAWAN, S.STP.,M.Si<br>Kepala Bidang Pengembangan Pemasaran Pariwisata pada Dinas Pariwisata dan Ekonomi Kreatif<br>Kepala Seksi Pemerintahan pada Kecamatan Kota Agung<br>Eselon III-b<br>26<br>MAILIDARNI, S.Pd.Ing., M.M.<br>Kepala Bidang Pengembangan Destinasi Pariwisata pada Dinas Pariwisata dan Ekonomi Kreatif<br>Kepala Bidang Pemasaran Pariwisata pada Dinas Pariwisata dan Kebudayaan<br>Eselon III-b<br>27<br>YUSNIDA, S.E.<br>Adyatama Kepariwisataan dan Ekonomi Kreatif Ahli Muda pada Dinas Pariwisata dan Ekonomi Kreatif<br>Kepala Bidang Perbendaharaan pada Badan Keuangan dan Aset Daerah<br>Eselon III-b<br>28<br>ZOLDIMANTO, S.I.P.<br>Kepala Bidang PAUD dan DIKMAS pada Dinas Pendidikan<br>Sekretaris Kecamatan Kelumbayan<br>Eselon III-b<br>29<br>MUHAMMAD AMIN, S.H.<br>Camat Talang Padang<br>Kepala Bidang Perpustakaan pada Dinas Perpustakaan dan Kearsipan Daerah<br>Eselon III-b<br>30<br>MUKTI ANTONNY, S.Si., M.M<br>Pengelola Pengadaan Barang/Jasa Ahli Muda pada Bagian Pengadaan Barang dan Jasa Sekretariat Daerah<br>Kepala Bidang Pembinaan dan Pengelolaan Data Pegawai pada Badan Kepegawaian dan Pengembangan Sumber Daya Manusia<br>Eselon III-b<br>31<br>ARI YUDHA. AZ, S.T.,M.T.<br>Sekretaris Dinas Pekerjaan Umum dan Perumahan Rakyat<br>Kepala Bidang Angkutan Darat dan Laut pada Dinas Perhubungan<br>Eselon III-b<br>32<br>WELI YANTIKA, S.E., M.M.<br>Analis Keuangan Pusat dan Daerah Ahli Muda pada Badan Keuangan dan Aset Daerah<br>Kepala Bidang Anggaran pada Badan Keuangan dan Aset Daerah<br>Eselon III-b<br>33<br>ANDREAN NUR PRATAMA, S.IP,,M.M.<br>Peneliti Ahli Muda pada Badan Perencanaan Pembangunan Riset dan Inovasi Daerah<br>Kepala Bidang Barang Milik Daerah pada Badan Keuangan dan Aset Daerah<br>Eselon III-b<br>34<br>RIA VERANIDA, S.E.,M.M.<br>Kepala Bidang Aset Daerah pada Badan Pengelola Keuangan Daerah<br>Kepala Bidang Penerimaan Pendapatan Daerah pada Badan Pendapatan Daerah<br>Eselon III-b<br>35<br>MARIO EKA BAWEUS, S.P., M.M.<br>Kepala Bidang Pelayanan, Pendataan dan Penetapan Pajak Daerah pada Badan Pendapatan Daerah<br>Kepala Bidang Akuntansi dan Pelaporan pada Badan Pengelola Keuangan Daerah<br>Eselon III-b<br>36<br>Dr. YOPITA, S.E.I., M.M.<br>Kepala Sub Bidang Akuntansi Belanja pada Bidang Akuntansi dan Pelaporan pada Badan Pengelola Keuangan Daerah<br>Kepala Bidang Akuntansi dan Pelaporan pada Badan Keuangan dan Aset Daerah<br>Eselon III-b<br>37<br>DWI NOPIYANTO, S.T.<br>Kepala Bidang Pengairan pada Dinas Pekerjaan Umum dan Perumahan Rakyat<br>Kepala Bidang Perencanaan Infrastruktur dan Kewilayahan pada Badan Perencanaan Pembangunan Riset dan Inovasi Daerah<br>Eselon III-b<br>38<br>ZULIA, S.Sos.<br>Kepala Bidang Pengembangan Destinasi dan Industri Pariwisata pada Dinas Pariwisata dan Kebudayaan<br>Sekretaris Kecamatan Kelumbayan Barat<br>Eselon III-b<br>39<br>PARSIYAM, S.E.<br>Sekretaris Dewan Pengurus Korpri<br>Kepala Bidang Pemberdayaan Masyarakat dan Kelembagaan Pekon pada Dinas Pemberdayaan Masyarakat dan Desa<br>Eselon III-b<br>40<br>SUJONO, S.E.<br>Sekretaris Kecamatan Kelumbayan Barat<br>Sekretaris Camat Kota Agung Barat<br>Eselon III-b<br>41<br>KHUFRONSYAH, S.E.<br>Kepala Seksi Penyelamatan dan Evakuasi pada Bidang Pemadam, Penyelamatan, dan Sarana Prasarana pada Dinas Pemadam dan Penyelamatan<br>Kepala Bidang Rehabilitasi dan Rekonstruksi pada Badan Penanggulangan Bencana Daerah<br>Eselon III-b<br>42<br>EDI NUGROHO, S.Kom.<br>Kepala Bidang Rehabilitasi dan Rekonstruksi pada Badan Penanggulangan Bencana Daerah<br>Kepala Bidang Tata Pemerintahan Pekon pada Dinas Pemberdayaan Masyarakat dan Desa<br>Eselon III-b<br>43<br>AFIFAH ASNA DEWI, S.Si.<br>Pengendali Dampak Lingkungan Ahli Muda pada Dinas Lingkungan Hidup<br>Kepala Bidang PAUD dan DIKMAS pada Dinas Pendidikan dan Kebudayaan<br>Eselon III-b<br>44<br>RAHMAD KURNIAWAN, S.A.N., M.M.<br>Kepala Sub Bidang Koordinasi Anggaran pada Bidang Anggaran pada Badan Pengelola Keuangan Daerah<br>Kepala Sub Bidang Pengelolaan Opsen Pajak pada Bidang Pengelolaan PBB-P2, BPHTB dan Opsen Pajak pada Badan Pendapatan Daerah<br>Eselon IV-a<br>45<br>DESSI MAULIANI, S.E., M.M.<br>Kepala Sub Bidang Penerimaan dan Keberatan Pendapatan Daerah pada Bidang Penerimaan, Evaluasi dan Pengendalian Pendapatan Daerah pada Badan Pengelola Keuangan Daerah<br>Kepala Sub Bidang Pengelolaan PBB-P2, BPHTB pada Bidang Pengelolaan PBB-P2, BPHTB dan Opsen Pajak pada Badan Pendapatan Daerah<br>Eselon IV-a<br>46<br>NURSAMSIAH, S.E., M.M.<br>Kepala Sub Bagian Umum dan Kepegawaian pada Sekretariat Dinas Pariwisata dan Kebudayaan<br>Kepala Sub Bagian Umum dan Kepegawaian pada Sekretariat Dinas Pariwisata dan Ekonomi Kreatif<br>Eselon IV-a<br>47<br>RUSDI, S.E.<br>Kepala Seksi Ketenagaan Pendidikan Dasar pada Bidang Ketenagaan pada Dinas Pendidikan<br>Kepala Seksi Ketentraman dan Ketertiban pada Kecamatan Air Naningan<br>Eselon IV-a<br>48<br>MADRIZAL, S.Pd<br>Kepala Seksi Kurikulum Sekolah Menengah Pertama pada Bidang Pendidikan Dasar pada Dinas Pendidikan<br>Kepala Seksi Kesejahteraan Masyarakat pada Kecamatan Sumberejo<br>Eselon IV-a<br>49<br>ZAINAL YULIANTO, S.E.<br>Kepala Seksi Pendidikan Anak Usia Dini pada Bidang PAUD dan DIKMAS pada Dinas Pendidikan<br>Kepala Seksi Ketentraman dan Ketertiban pada Kecamatan Kota Agung Timur<br>Eselon IV-a<br>50<br>ISKANDAR, S.Ag, M.Pd.I<br>Kepala Seksi Pendidikan Masyarakat (DIKMAS) pada Bidang PAUD dan DIKMAS pada Dinas Pendidikan<br>Kepala Seksi Pendidikan Masyarakat (DIKMAS) pada Bidang PAUD dan DIKMAS pada Dinas Pendidikan dan Kebudayaan<br>Eselon IV-a<br>51<br>MUHLISIN, SE<br>Kepala Seksi Sarana dan Prasarana Sekolah Dasar pada Bidang Sarana dan Prasarana Pendidikan pada Dinas Pendidikan<br>Kepala Seksi Sarana dan Prasarana Sekolah Dasar pada Bidang Sarana dan Prasarana Pendidikan pada Dinas Pendidikan dan Kebudayaan<br>Eselon IV-a<br>52<br>DENY ROBIANSYAH, S.Sos<br>Kepala Sub Bagian Perencanaan, Monitoring, Evaluasi, Pelaporan, Umum dan Kepegawaian pada Sekretariat Dinas Perikanan<br>Kepala Sub Bagian Perencanaan, Monitoring, Evaluasi, Pelaporan pada Sekretariat Dinas Perikanan<br>Eselon IV-a<br>53<br>NETTI PARIDA, S.E.<br>Kepala Sub Bagian Umum dan Kepegawaian pada Sekretariat Badan Pengelola Keuangan Daerah<br>Kepala Sub Bagian Umum dan Kepegawaian pada Sekretariat Dinas Perikanan<br>Eselon IV-a<br>54<br>HENRY, S.I.P.<br>Kepala Sub Bidang Kebijakan Belanja Daerah pada Bidang Perbendaharaan pada Badan Pengelola Keuangan Daerah<br>Kepala Sub Bidang Pengelolaan Kas dan Pengelolaan Kas Daerah pada Bidang Perbendaharaan pada Badan Keuangan dan Aset Daerah<br>Eselon IV-a<br>55<br>KEMALA SARI, S.Kom.,M.M.<br>Kepala Sub Bidang Pengelolaan Belanja Langsung pada Bidang Perbendaharaan pada Badan Pengelola Keuangan Daerah<br>Kepala Sub Bagian Umum dan Kepegawaian pada Sekretariat Dinas Perkebunan dan Peternakan<br>Eselon IV-a<br>56<br>HAFIZUN ZIKRI, S.E.<br>Kepala Sub Bagian Umum dan Kepegawaian pada Sekretariat Dinas Perkebunan Dan Peternakan<br>Kepala Seksi Pembangunan Kecamatan Talang Padang<br>Eselon IV-a<br>57<br>BAMBANG IRAWAN, S.E., M.M.<br>Kepala Sub Bidang Pemanfaatan dan Monitoring Evaluasi Aset Daerah pada Bidang Aset Daerah pada Badan Pengelola Keuangan Daerah<br>Kepala Sub Bidang Pemanfaatan, Pengawasan dan Pengendalian Barang Milik Daerah pada Bidang Milik Daerah pada Badan Keuangan dan Aset Daerah<br>Eselon IV-a<br>58<br>ERLINA PERMATASARI, S.E.<br>Kepala Sub Bagian Perencanaan dan Evaluasi pada Sekretariat Kecamatan Bulok<br>Kepala Sub Bidang Penatausahaan dan Pemindahtanganan Barang Milik Daerah pada Bidang Barang Milik Daerah pada Badan Keuangan dan Aset Daerah<br>Eselon IV-a<br>59<br>MAS EKO FEBRUANTO, S.E.<br>Kepala Sub Bidang Belanja Daerah pada Bidang Perbendaharaan pada Badan Keuangan dan Aset Daerah<br>Penelaah Teknis Kebijakan pada Badan Keuangan dan Aset Daerah<br>Eselon IV-a<br>60<br>AGUS ARI ZONTA, S.Kom<br>Penelaah Teknis Kebijakan pada Badan Keuangan dan Aset Daerah<br>Kepala Sub Bidang Akuntansi Pendapatan pada Bidang Akuntansi dan Pelaporan pada Badan Keuangan dan Aset Daerah<br>Eselon IV-a<br>61<br>FERDIANSAH, S.E., M.M.<br>Kepala Sub Bidang Akuntansi Pendapatan pada Bidang Akuntansi dan Pelaporan pada Badan Pengelola Keuangan Daerah<br>Kepala Sub Bidang Penyusunan Anggaran pada Bidang Anggaran pada Badan Keuangan dan Aset Daerah<br>Eselon IV-a<br>62<br>JONI FATRIANSYAH, S.E., M.M.<br>Kepala Sub Bidang Koordinasi Anggaran pada Bidang Anggaran pada Badan Pengelola Keuangan Daerah<br>Kepala Bidang Anggaran pada Badan Pengelola Keuangan Daerah<br>Eselon IV-a<br>63<br>FRESLY BISTOK SIMANJUNTAK, S.E.<br>Kepala Sub Bidang Evaluasi Pendapatan Daerah pada Bidang Penerimaan, Evaluasi dan Pengendalian Pendapatan Daerah pada Badan Pengelola Keuangan Daerah<br>Kepala Seksi Pembangunan pada Kecamatan Ulu Belu<br>Eselon IV-a<br>64<br>EVA PUTRISIA, S.H.,M.M.<br>Kepala Sub Bidang Penetapan Pendapatan Pajak Daerah pada Bidang Penetapan, Pendataan, Pembukuan dan Pelaporan pada Badan Pengelolaan Keuangan Daerah<br>Kepala Sub Bagian Tata USaha UPTD Perlindungan Perempuan dan Anak pada Dinas Pemberdayaan Perempuan, Perlindungan Anak, Pengendalian Penduduk dan Keluarga Berencana<br>Eselon IV-a<br>65<br>ELIAWATI, S.E.<br>Kepala Sub Bidang Pendataan Pendapatan Daerah pada Bidang Penetapan, Pendataan, Pembukuan dan Pelaporan pada Badan Pengelola Keuangan Daerah<br>Kepala Sub Bagian Umum dan Kepegawaian pada Sekretariat Badan Keuangan dan Aset Daerah<br>Eselon IV-a<br>66<br>RIO ISKANDAR, S.I.P.<br>Lurah Kuripan Kecamatan pada Kota Agung<br>Kepala Seksi Pendapatan pada Kecamatan Air Naningan<br>Eselon IV-a<br>67<br>M. RIZKI S.E.<br>Penelaah Teknis Kebijakan pada Dinas Komunikasi dan Informatika<br>Lurah Kuripan Kecamatan pada Kota Agung<br>Eselon IV-a<br>68<br>NURIYANTO, S.E<br>Perencana Ahli Muda pada Dinas Pekerjaan Umum dan Perumahan Rakyat<br>Kepala Seksi Pemerintahan pada Kecamatan Kelumbayan Barat<br>Eselon IV-a<br>69<br>FEBRIYANTO, S.T.<br>Kepala Sub Bagian Tata Usaha UPTD. Pengairan Bulok pada Dinas Pekerjaan Umum dan Perumahan Rakyat<br>Kepala UPTD. Pengairan Bulok pada Dinas Pekerjaan Umum dan Perumahan Rakyat<br>Eselon IV-a<br>70<br>IRWAN SUGIANTO, S.E.<br>Penelaah Teknis Kebijakan pada Dinas Pekerjaan Umum dan Perumahan Rakyat<br>Kepala UPTD. Pengairan Talang Padang pada Dinas Pekerjaan Umum dan Perumahan Rakyat<br>Eselon IV-a<br>71<br>CHRISTINA DIAN KURNIAWATI, S.E.<br>Kepala Sub Bagian Umum dan Kerja Sama pada Sekretariat Dewan Pengurus Korpri<br>Kepala UPTD Pertanian, Tanaman Pangan dan Hortikultura Gunung Alip pada Dinas Ketahanan Pangan, Tanamanan Pangan dan Hortikultura<br>Eselon IV-b<br>72<br>ANDI SUSANTO, S.Kom.<br>Kepala Seksi Sarana dan Prasarana Sekolah Menengah Pertama pada Bidang Sarana dan Prasarana Pendidikan pada Dinas Pendidikan<br>Kepala Sub Bagian Tata Usaha UPTD Pengawasan Benih dan Perlindungan Tanaman Perkebunan Wonosobo pada Dinas Perkebunan dan Peternakan<br>Eselon IV-b<br>73<br>HANDAYANI, S.E.<br>Kepala Sub Bagian Olah Raga, Seni Budaya, Mental dan Rohani pada Sekretariat Dewan Pengurus Korpri<br>Kepala UPTD Pertanian, Tanaman Pangan dan Hortikultura Pulau Panggung pada Dinas Ketahanan Pangan, Tanamanan Pangan dan Hortikultura<br>Eselon IV-b<br>74<br>REXILIA FEBTA DIANA, S.I.P.<br>Kepala Sub Bagian Usaha, Bantuan Hukum dan Sosial pada Sekretariat Dewan Pengurus Korpri<br>Kepala Sub Bagian Tata Usaha UPTD. Pengawasan Benih dan Perlindungan Tanaman Perkebunan Gisting pada Dinas Peternakan dan Perkebunan<br>Eselon IV-b<br>75<br>FITRIA JAFRENI , S.E.<br>Kepala Seksi Ketenagaan Pendidikan Anak Usia Dini pada Bidang Ketenagaan pada Dinas Pendidikan</p>', '', '', 'publish', 'public', 1, 2, 'post', NULL, 1, 0, '2-92lLYfGvfG.jpeg', '{\"image_url\":null,\"caption\":null}', '', 'open', 0, NULL, '2025-12-02 20:12:43', '2025-12-03 03:30:17'),
(118, 'Wakil Bupati Tanggamus Hadiri Monitoring Pelatihan Peningkatan Kapasitas Pengurus KDKMP', 'wakil-bupati-tanggamus-hadiri-monitoring-pelatihan-peningkatan-kapasitas-pengurus-kdkmp', '<p>Wakil Bupati Tanggamus, Agus Suranto, menunjukkan komitmennya terhadap peningkatan kualitas organisasi lokal dengan menghadiri acara monitoring pelatihan peningkatan kapasitas pengurus KDKMP (Kelompok Diskusi Kajian Masyarakat Partisipatif) Kabupaten Tanggamus.</p>', '<div class=\"Y3BBE\" data-sfc-cp=\"\" data-hveid=\"CAEIARAA\" data-processed=\"true\" data-complete=\"true\">&nbsp;</div>\r\n<div class=\"Y3BBE\" data-sfc-cp=\"\" data-hveid=\"CAEIAhAA\" data-processed=\"true\" data-complete=\"true\">Kegiatan penting ini diselenggarakan di&nbsp;<em class=\"eujQNb\" data-complete=\"true\" data-processed=\"true\">Meeting Room</em> Hotel 21 Gisting, sebuah lokasi strategis yang menjadi pusat pertemuan bagi acara-acara pengembangan kapasitas di wilayah tersebut. Acara ini dirancang khusus untuk membekali para pengurus KDKMP dengan pengetahuan dan keterampilan manajerial serta strategis yang lebih mendalam.</div>\r\n<div class=\"Y3BBE\" data-sfc-cp=\"\" data-hveid=\"CAEIAhAA\" data-processed=\"true\" data-complete=\"true\">Dalam sambutannya, Wakil Bupati Agus Suranto menyampaikan apresiasi tinggi atas inisiatif pelatihan ini. Beliau menekankan pentingnya peran aktif KDKMP sebagai mitra pemerintah daerah dalam menyuarakan aspirasi masyarakat dan mendorong partisipasi publik dalam pembangunan. \"Peningkatan kapasitas ini diharapkan dapat menghasilkan ide-ide inovatif dan solusi konkret untuk tantangan yang dihadapi di lapangan,\" ujar Agus Suranto.</div>\r\n<div class=\"Y3BBE\" data-sfc-cp=\"\" data-hveid=\"CAEIAhAA\" data-processed=\"true\" data-complete=\"true\">\r\n<div class=\"Y3BBE\" data-sfc-cp=\"\" data-hveid=\"CAEIAxAA\" data-processed=\"true\" data-complete=\"true\">&nbsp;</div>\r\n<div class=\"Y3BBE\" data-sfc-cp=\"\" data-hveid=\"CAEIBBAA\" data-processed=\"true\" data-complete=\"true\">Kehadiran beliau dalam sesi monitoring ini sekaligus memastikan bahwa materi pelatihan yang disampaikan relevan dan dapat diaplikasikan secara efektif oleh para pengurus. Suasana acara berlangsung interaktif, di mana para peserta memiliki kesempatan untuk berdialog langsung mengenai hambatan dan peluang dalam menjalankan tugas mereka di tengah masyarakat.</div>\r\n</div>', '', '', 'publish', 'public', 1, 2, 'post', NULL, 2, 0, '3-WfRTbN41EG.jpg', '{\"image_url\":null,\"caption\":null}', '', 'open', 0, NULL, '2025-12-02 20:14:15', '2025-12-03 03:36:50'),
(120, 'Profil Desa Wisata Pekon Kiluan Negeri', 'profil-desa-wisata-pekon-kiluan-negeri', 'Profil Desa Wisata Pekon Kiluan Negeri', 'Profil Desa Wisata Pekon Kiluan Negeri', '', '', 'publish', 'public', 1, 2, 'video_url', NULL, 1, 0, '4-guN2JNBOmX.jpg', '{\"image_url\":null}', '', 'open', 0, 'https://www.youtube.com/watch?v=LughahxwIhk', '2025-12-02 20:21:19', '2025-12-03 03:30:49');

-- --------------------------------------------------------

--
-- Struktur dari tabel `post_term`
--

CREATE TABLE `post_term` (
  `post_id` bigint(20) UNSIGNED NOT NULL,
  `term_id` bigint(20) UNSIGNED NOT NULL,
  `created_at` timestamp NULL DEFAULT NULL,
  `updated_at` timestamp NULL DEFAULT NULL
) ENGINE=InnoDB DEFAULT CHARSET=utf8mb4 COLLATE=utf8mb4_unicode_ci;

--
-- Dumping data untuk tabel `post_term`
--

INSERT INTO `post_term` (`post_id`, `term_id`, `created_at`, `updated_at`) VALUES
(116, 5, '2025-12-02 20:10:42', '2025-12-02 20:10:42'),
(117, 5, '2025-12-02 20:12:43', '2025-12-02 20:12:43'),
(118, 5, '2025-12-02 20:14:15', '2025-12-02 20:14:15');

-- --------------------------------------------------------

--
-- Struktur dari tabel `post_translations`
--

CREATE TABLE `post_translations` (
  `post_id` bigint(20) UNSIGNED NOT NULL,
  `translation_id` bigint(20) UNSIGNED NOT NULL
) ENGINE=InnoDB DEFAULT CHARSET=utf8mb4 COLLATE=utf8mb4_unicode_ci;

--
-- Dumping data untuk tabel `post_translations`
--

INSERT INTO `post_translations` (`post_id`, `translation_id`) VALUES
(61, 43),
(62, 43),
(64, 44),
(65, 45),
(97, 76),
(98, 77),
(100, 79),
(101, 80),
(102, 81),
(115, 99),
(116, 100),
(117, 101),
(118, 102),
(120, 104);

-- --------------------------------------------------------

--
-- Struktur dari tabel `roles`
--

CREATE TABLE `roles` (
  `id` bigint(20) UNSIGNED NOT NULL,
  `name` varchar(255) NOT NULL,
  `guard_name` varchar(255) NOT NULL,
  `created_at` timestamp NULL DEFAULT NULL,
  `updated_at` timestamp NULL DEFAULT NULL
) ENGINE=InnoDB DEFAULT CHARSET=utf8mb4 COLLATE=utf8mb4_unicode_ci;

--
-- Dumping data untuk tabel `roles`
--

INSERT INTO `roles` (`id`, `name`, `guard_name`, `created_at`, `updated_at`) VALUES
(1, 'super-admin', 'web', '2024-05-07 01:52:08', '2024-05-07 01:52:08'),
(2, 'admin', 'web', '2024-05-07 01:52:08', '2024-05-07 01:52:08'),
(3, 'author', 'web', '2024-05-07 01:52:09', '2024-05-07 01:52:09');

-- --------------------------------------------------------

--
-- Struktur dari tabel `role_has_permissions`
--

CREATE TABLE `role_has_permissions` (
  `permission_id` bigint(20) UNSIGNED NOT NULL,
  `role_id` bigint(20) UNSIGNED NOT NULL
) ENGINE=InnoDB DEFAULT CHARSET=utf8mb4 COLLATE=utf8mb4_unicode_ci;

--
-- Dumping data untuk tabel `role_has_permissions`
--

INSERT INTO `role_has_permissions` (`permission_id`, `role_id`) VALUES
(1, 1),
(1, 2),
(1, 3),
(2, 1),
(2, 2),
(2, 3),
(3, 1),
(3, 2),
(3, 3),
(4, 1),
(4, 2),
(4, 3),
(5, 1),
(5, 2),
(6, 1),
(6, 2),
(7, 1),
(7, 2),
(8, 1),
(8, 2),
(9, 1),
(9, 2),
(10, 1),
(10, 2),
(11, 1),
(11, 2),
(12, 1),
(12, 2),
(13, 1),
(13, 2),
(14, 1),
(14, 2),
(15, 1),
(15, 2),
(16, 1),
(16, 2),
(17, 1),
(17, 2),
(18, 1),
(18, 2),
(19, 1),
(19, 2),
(20, 1),
(20, 2),
(21, 1),
(21, 2),
(22, 1),
(22, 2),
(23, 1),
(23, 2),
(24, 1),
(24, 2),
(25, 1),
(25, 2),
(26, 1),
(26, 2),
(27, 1),
(27, 2),
(28, 1),
(28, 2),
(29, 1),
(29, 2),
(30, 1),
(30, 2),
(31, 1),
(31, 2),
(32, 1),
(32, 2),
(33, 1),
(33, 2),
(34, 1),
(34, 2),
(35, 1),
(35, 2),
(36, 1),
(36, 2),
(37, 1),
(37, 2),
(38, 1),
(38, 2),
(39, 1),
(39, 2),
(40, 1),
(40, 2),
(41, 1),
(41, 2),
(42, 1),
(42, 2),
(43, 1),
(43, 2),
(44, 1),
(44, 2),
(45, 1),
(45, 2),
(46, 1),
(46, 2),
(47, 1),
(47, 2),
(48, 1),
(48, 2),
(49, 1),
(49, 2),
(50, 1),
(50, 2),
(51, 1),
(51, 2),
(51, 3),
(52, 1),
(52, 2),
(53, 1),
(53, 2),
(54, 1),
(54, 2),
(55, 1),
(55, 2),
(56, 1),
(56, 2),
(57, 1),
(57, 2),
(58, 1),
(58, 2),
(59, 1),
(59, 2),
(60, 1),
(60, 2),
(61, 1),
(61, 2),
(62, 1),
(62, 2),
(63, 1),
(63, 2),
(64, 1),
(64, 2),
(65, 1),
(65, 2),
(66, 1),
(67, 1),
(68, 1),
(69, 1),
(70, 1),
(71, 1),
(72, 1),
(73, 1),
(74, 1),
(75, 1),
(76, 1),
(77, 1),
(78, 1),
(78, 2),
(79, 1),
(79, 2),
(80, 1),
(80, 2),
(81, 1),
(81, 2),
(82, 1),
(82, 2),
(83, 1),
(83, 2),
(84, 1),
(84, 2),
(85, 1),
(85, 2),
(86, 1),
(86, 2),
(87, 1),
(88, 1),
(88, 2),
(88, 3),
(89, 1),
(89, 2),
(89, 3),
(90, 1),
(90, 2),
(91, 1),
(91, 2),
(92, 1),
(92, 2),
(92, 3),
(93, 1),
(93, 2),
(93, 3),
(94, 1),
(94, 2),
(95, 1),
(95, 2),
(95, 3),
(96, 1),
(96, 2),
(97, 1),
(97, 2),
(97, 3);

-- --------------------------------------------------------

--
-- Struktur dari tabel `sessions`
--

CREATE TABLE `sessions` (
  `id` varchar(255) NOT NULL,
  `user_id` bigint(20) UNSIGNED DEFAULT NULL,
  `ip_address` varchar(45) DEFAULT NULL,
  `user_agent` text DEFAULT NULL,
  `payload` longtext NOT NULL,
  `last_activity` int(11) NOT NULL
) ENGINE=InnoDB DEFAULT CHARSET=utf8mb4 COLLATE=utf8mb4_unicode_ci;

--
-- Dumping data untuk tabel `sessions`
--

INSERT INTO `sessions` (`id`, `user_id`, `ip_address`, `user_agent`, `payload`, `last_activity`) VALUES
('2KCNbvKAnOngP3japltHXssD1lH5HLpSlqtgIyEP', NULL, '103.133.63.34', 'Mozilla/5.0 (Macintosh; Intel Mac OS X 10_15_7) AppleWebKit/537.36 (KHTML, like Gecko) Chrome/142.0.0.0 Safari/537.36', 'YTozOntzOjY6Il90b2tlbiI7czo0MDoiaGZ2RnAwRlpJUUoyM3dSUWh0WTR6ZVZuV0xTMGJMNTZONnkxdlRCUyI7czo5OiJfcHJldmlvdXMiO2E6MTp7czozOiJ1cmwiO3M6Mjg6Imh0dHBzOi8vb3BkLmFwcC5rYXltZWRpYS5uZXQiO31zOjY6Il9mbGFzaCI7YToyOntzOjM6Im9sZCI7YTowOnt9czozOiJuZXciO2E6MDp7fX19', 1764779995),
('3n9nC7djJLdExZcXBbuU3tSP8ALrCi69yIjH18qV', NULL, '103.145.46.238', 'Mozilla/5.0 (Linux; Android 10; K) AppleWebKit/537.36 (KHTML, like Gecko) Chrome/142.0.0.0 Mobile Safari/537.36', 'YTozOntzOjY6Il90b2tlbiI7czo0MDoiU2NONkI5aFFPb09xcjVoc1MxOU1pa2RnTDdBZ0E4TFNBQVRpR1E0SSI7czo5OiJfcHJldmlvdXMiO2E6MTp7czozOiJ1cmwiO3M6NDA6Imh0dHBzOi8vb3BkLmFwcC5rYXltZWRpYS5uZXQvbmV3cy9sYXRlc3QiO31zOjY6Il9mbGFzaCI7YToyOntzOjM6Im9sZCI7YTowOnt9czozOiJuZXciO2E6MDp7fX19', 1764828574),
('brEtRxtv9sDjUDh4pCVRFntmSmIVpmJmLo5758wC', NULL, '103.126.174.228', 'Mozilla/5.0 (Windows NT 10.0; Win64; x64) AppleWebKit/537.36 (KHTML, like Gecko) Chrome/143.0.0.0 Safari/537.36', 'YTozOntzOjY6Il90b2tlbiI7czo0MDoid1RLUDRNc0RDMUh6ZXo1QWVaMEplc0JLVVE3aGl5ekdsbHNtUHh4MSI7czo5OiJfcHJldmlvdXMiO2E6MTp7czozOiJ1cmwiO3M6Mjg6Imh0dHBzOi8vb3BkLmFwcC5rYXltZWRpYS5uZXQiO31zOjY6Il9mbGFzaCI7YToyOntzOjM6Im9sZCI7YTowOnt9czozOiJuZXciO2E6MDp7fX19', 1764952700),
('jCPZNPLAmJSj6Pk6mV61FvDSXVmHdNZ0g4NFZF8L', NULL, '114.10.100.190', 'Mozilla/5.0 (Linux; Android 10; K) AppleWebKit/537.36 (KHTML, like Gecko) Chrome/142.0.0.0 Mobile Safari/537.36', 'YTozOntzOjY6Il90b2tlbiI7czo0MDoidmg5NTVnZ1JLTUMyc1JoUThkMWU3bm9uNUdjeElZMnBXNDRxQWE3cCI7czo5OiJfcHJldmlvdXMiO2E6MTp7czozOiJ1cmwiO3M6Mjg6Imh0dHBzOi8vb3BkLmFwcC5rYXltZWRpYS5uZXQiO31zOjY6Il9mbGFzaCI7YToyOntzOjM6Im9sZCI7YTowOnt9czozOiJuZXciO2E6MDp7fX19', 1764831551),
('nMhoS0Ya6j2xHiBKkJVsa1wtfH2QJag7V3WjaYz8', 2, '103.126.174.228', 'Mozilla/5.0 (Windows NT 10.0; Win64; x64) AppleWebKit/537.36 (KHTML, like Gecko) Chrome/142.0.0.0 Safari/537.36', 'YTo0OntzOjY6Il90b2tlbiI7czo0MDoiNnpYbTZhVjZieWxNSWsxaTFCc1luQmdOVXpDRlh4ZG52ZUZqVjlxcSI7czo5OiJfcHJldmlvdXMiO2E6MTp7czozOiJ1cmwiO3M6Mjg6Imh0dHBzOi8vb3BkLmFwcC5rYXltZWRpYS5uZXQiO31zOjY6Il9mbGFzaCI7YToyOntzOjM6Im9sZCI7YTowOnt9czozOiJuZXciO2E6MDp7fX1zOjUwOiJsb2dpbl93ZWJfNTliYTM2YWRkYzJiMmY5NDAxNTgwZjAxNGM3ZjU4ZWE0ZTMwOTg5ZCI7aToyO30=', 1764775610);

-- --------------------------------------------------------

--
-- Struktur dari tabel `sliders`
--

CREATE TABLE `sliders` (
  `id` bigint(20) UNSIGNED NOT NULL,
  `title` varchar(255) NOT NULL,
  `description` text DEFAULT NULL,
  `image` varchar(255) NOT NULL,
  `link` varchar(255) DEFAULT NULL,
  `order` int(11) NOT NULL DEFAULT 0,
  `is_active` tinyint(1) NOT NULL DEFAULT 1,
  `created_at` timestamp NULL DEFAULT NULL,
  `updated_at` timestamp NULL DEFAULT NULL
) ENGINE=InnoDB DEFAULT CHARSET=utf8mb4 COLLATE=utf8mb4_unicode_ci;

--
-- Dumping data untuk tabel `sliders`
--

INSERT INTO `sliders` (`id`, `title`, `description`, `image`, `link`, `order`, `is_active`, `created_at`, `updated_at`) VALUES
(1, 'Kabupaten Tanggamus', 'kabupaten Tanggamus', 'IMG_7705-1764727532.jpeg', NULL, 0, 1, '2025-12-02 19:05:32', '2025-12-02 19:05:32'),
(2, 'Statistik', 'Statistik Kabupaten Tanggamus', 'Screenshot 2025-12-02 211149-1764727939.png', NULL, 1, 1, '2025-12-02 19:12:19', '2025-12-02 19:12:19');

-- --------------------------------------------------------

--
-- Struktur dari tabel `terms`
--

CREATE TABLE `terms` (
  `id` bigint(20) UNSIGNED NOT NULL,
  `name` text NOT NULL,
  `slug` text DEFAULT NULL,
  `taxonomy` varchar(255) NOT NULL,
  `description` text DEFAULT NULL,
  `image` text DEFAULT NULL,
  `parent` bigint(20) UNSIGNED NOT NULL DEFAULT 0,
  `language_id` bigint(20) UNSIGNED NOT NULL,
  `translation` text DEFAULT NULL,
  `created_at` timestamp NULL DEFAULT NULL,
  `updated_at` timestamp NULL DEFAULT NULL
) ENGINE=InnoDB DEFAULT CHARSET=utf8mb4 COLLATE=utf8mb4_unicode_ci;

--
-- Dumping data untuk tabel `terms`
--

INSERT INTO `terms` (`id`, `name`, `slug`, `taxonomy`, `description`, `image`, `parent`, `language_id`, `translation`, `created_at`, `updated_at`) VALUES
(1, 'Adventure', 'adventure', 'category', NULL, 'category-adventure.jpg', 0, 1, '{\"ar\":\"mf-mr\"}', '2024-05-07 01:52:20', '2024-05-20 18:09:00'),
(3, 'مفامرة', 'mf-mr', 'category', NULL, 'category-adventure.jpg', 0, 3, '{\"en\":\"adventure\"}', '2024-05-07 01:52:21', '2024-05-20 18:09:00'),
(4, 'News', 'news', 'category', NULL, 'IMG-20240226-WA0009-750x563-1716267215.jpg', 0, 1, '{\"id\":\"berita\"}', '2024-05-07 01:52:21', '2024-05-20 14:53:35'),
(5, 'Berita', 'berita', 'category', NULL, 'IMG-20240226-WA0009-750x563-1716267215.jpg', 0, 2, '{\"en\":\"news\"}', '2024-05-07 01:52:22', '2024-05-20 14:53:36'),
(6, 'أخبار', 'akhb-r', 'category', NULL, 'category-news.jpg', 0, 3, '{\"en\":\"news\",\"id\":\"berita\"}', '2024-05-07 01:52:22', '2024-05-07 01:52:22'),
(7, 'Technology', 'technology', 'category', NULL, 'category-technology.jpg', 0, 1, '{\"id\":\"teknologi\",\"ar\":\"tkny\"}', '2024-05-07 01:52:23', '2024-05-07 01:52:23'),
(8, 'Teknologi', 'teknologi', 'category', NULL, 'category-technology.jpg', 0, 2, '{\"en\":\"technology\",\"ar\":\"tkny\"}', '2024-05-07 01:52:23', '2024-05-07 01:52:23'),
(9, 'تقنية', 'tkny', 'category', NULL, 'category-technology.jpg', 0, 3, '{\"en\":\"technology\",\"id\":\"teknologi\"}', '2024-05-07 01:52:24', '2024-05-07 01:52:24'),
(10, 'Business', 'business', 'category', NULL, 'category-business.jpg', 0, 1, '{\"ar\":\"aam-l\"}', '2024-05-07 01:52:24', '2024-05-20 18:08:33'),
(12, 'اعمال', 'aam-l', 'category', NULL, 'category-business.jpg', 0, 3, '{\"en\":\"business\"}', '2024-05-07 01:52:25', '2024-05-20 18:08:33'),
(13, 'Marketplace', 'marketplace', 'category', NULL, 'category-marketplace.jpg', 0, 1, '{\"ar\":\"lmtgr\"}', '2024-05-07 01:52:25', '2024-05-20 18:08:33'),
(15, 'المتجر', 'lmtgr', 'category', NULL, 'category-marketplace.jpg', 0, 3, '{\"en\":\"marketplace\"}', '2024-05-07 01:52:25', '2024-05-20 18:08:33'),
(16, 'Lifestyle', 'lifestyle', 'category', NULL, 'category-lifestyle.jpg', 0, 1, '{\"ar\":\"aslob-lhy\"}', '2024-05-07 01:52:26', '2024-05-20 18:08:33'),
(18, 'أسلوب الحياة', 'aslob-lhy', 'category', NULL, 'category-lifestyle.jpg', 0, 3, '{\"en\":\"lifestyle\"}', '2024-05-07 01:52:26', '2024-05-20 18:08:33'),
(19, 'Sport', 'sport', 'category', NULL, 'category-sport.jpg', 0, 1, '{\"ar\":\"ry-d\"}', '2024-05-07 01:52:27', '2024-05-20 18:08:33'),
(21, 'رياضة', 'ry-d', 'category', NULL, 'category-sport.jpg', 0, 3, '{\"en\":\"sport\"}', '2024-05-07 01:52:28', '2024-05-20 18:08:33'),
(22, 'Science', 'science', 'category', NULL, 'category-science.jpg', 0, 1, '{\"ar\":\"aalom\"}', '2024-05-07 01:52:28', '2024-05-20 18:08:33'),
(24, 'علوم', 'aalom', 'category', NULL, 'category-science.jpg', 0, 3, '{\"en\":\"science\"}', '2024-05-07 01:52:29', '2024-05-20 18:08:33'),
(25, 'Health', 'health', 'category', NULL, 'category-health.jpg', 0, 1, '{\"ar\":\"sh\"}', '2024-05-07 01:52:29', '2024-05-20 18:08:33'),
(27, 'صحة', 'sh', 'category', NULL, 'category-health.jpg', 0, 3, '{\"en\":\"health\"}', '2024-05-07 01:52:30', '2024-05-20 18:08:33'),
(28, 'Medical', 'medical', 'category', NULL, 'subcategory-medical.jpg', 25, 1, '{\"ar\":\"tby\"}', '2024-05-07 01:52:30', '2024-05-20 18:08:33'),
(30, 'طبي', 'tby', 'category', NULL, 'subcategory-medical.jpg', 27, 3, '{\"en\":\"medical\"}', '2024-05-07 01:52:30', '2024-05-20 18:08:33'),
(31, 'Football', 'football', 'category', NULL, 'subcategory-football.jpg', 19, 1, '{\"ar\":\"kr-lkdm\"}', '2024-05-07 01:52:31', '2024-05-20 18:08:10'),
(33, 'كرة القدم', 'kr-lkdm', 'category', NULL, 'subcategory-football.jpg', 21, 3, '{\"en\":\"football\"}', '2024-05-07 01:52:31', '2024-05-20 18:08:11'),
(34, 'Social Media', 'social-media', 'tag', NULL, NULL, 0, 1, '{\"ar\":\"os-l-lto-sl-l-gtm-aay\"}', '2024-05-07 01:52:32', '2024-05-19 19:52:16'),
(36, 'وسائل التواصل الاجتماعي', 'os-l-lto-sl-l-gtm-aay', 'tag', NULL, NULL, 0, 3, '{\"en\":\"social-media\"}', '2024-05-07 01:52:32', '2024-05-19 19:52:16'),
(37, 'Facebook', 'facebook', 'tag', NULL, NULL, 0, 1, '{\"ar\":\"fysbok\"}', '2024-05-07 01:52:32', '2024-05-19 19:51:23'),
(39, 'فيسبوك', 'fysbok', 'tag', NULL, NULL, 0, 3, '{\"en\":\"facebook\"}', '2024-05-07 01:52:33', '2024-05-19 19:51:23'),
(40, 'Donald Trump', 'donald-trump', 'tag', NULL, NULL, 0, 1, '{\"ar\":\"don-ld-trmb\"}', '2024-05-07 01:52:34', '2024-05-19 19:51:15'),
(42, 'دونالد ترمب', 'don-ld-trmb', 'tag', NULL, NULL, 0, 3, '{\"en\":\"donald-trump\"}', '2024-05-07 01:52:34', '2024-05-19 19:51:15'),
(43, 'United States', 'united-states', 'tag', NULL, NULL, 0, 1, '{\"ar\":\"lol-y-t-lmthd-lamryky\"}', '2024-05-07 01:52:34', '2024-05-19 19:52:16'),
(45, 'الولايات المتحدة الأمريكية', 'lol-y-t-lmthd-lamryky', 'tag', NULL, NULL, 0, 3, '{\"en\":\"united-states\"}', '2024-05-07 01:52:35', '2024-05-19 19:52:16'),
(46, 'China', 'china', 'tag', NULL, NULL, 0, 1, '{\"ar\":\"lsyn\"}', '2024-05-07 01:52:35', '2024-05-19 19:52:34'),
(48, 'الصين', 'lsyn', 'tag', NULL, NULL, 0, 3, '{\"en\":\"china\"}', '2024-05-07 01:52:36', '2024-05-19 19:52:34'),
(49, 'Beauty', 'beauty', 'tag', NULL, NULL, 0, 1, '{\"ar\":\"gm-l\"}', '2024-05-07 01:52:37', '2024-05-19 19:52:34'),
(51, 'جمال', 'gm-l', 'tag', NULL, NULL, 0, 3, '{\"en\":\"beauty\"}', '2024-05-07 01:52:37', '2024-05-19 19:52:34'),
(52, 'Fashion', 'fashion', 'tag', NULL, NULL, 0, 1, '{\"ar\":\"mod\"}', '2024-05-07 01:52:37', '2024-05-19 19:52:34'),
(54, 'موضة', 'mod', 'tag', NULL, NULL, 0, 3, '{\"en\":\"fashion\"}', '2024-05-07 01:52:38', '2024-05-19 19:52:34'),
(55, 'Lifestyle', 'lifestyle', 'tag', NULL, NULL, 0, 1, '{\"ar\":\"aslob-lhy\"}', '2024-05-07 01:52:38', '2024-05-19 20:25:52'),
(57, 'أسلوب الحياة', 'aslob-lhy', 'tag', NULL, NULL, 0, 3, '{\"en\":\"lifestyle\"}', '2024-05-07 01:52:38', '2024-05-19 20:25:52'),
(58, 'Couple', 'couple', 'tag', NULL, NULL, 0, 1, '{\"ar\":\"zog\"}', '2024-05-07 01:52:39', '2024-05-19 19:52:34'),
(60, 'زوج', 'zog', 'tag', NULL, NULL, 0, 3, '{\"en\":\"couple\"}', '2024-05-07 01:52:39', '2024-05-19 19:52:34'),
(61, 'Romantic', 'romantic', 'tag', NULL, NULL, 0, 1, '{\"ar\":\"rom-nsy\"}', '2024-05-07 01:52:39', '2024-05-19 19:52:06'),
(63, 'رومانسي', 'rom-nsy', 'tag', NULL, NULL, 0, 3, '{\"en\":\"romantic\"}', '2024-05-07 01:52:40', '2024-05-19 19:52:06'),
(64, 'Stay Home', 'stay-home', 'tag', NULL, NULL, 0, 1, '{\"id\":\"tetap-di-rumah\",\"ar\":\"bk-fy-lmnzl\"}', '2024-05-07 01:52:40', '2024-05-07 01:52:40'),
(65, 'Tetap di rumah', 'tetap-di-rumah', 'tag', NULL, NULL, 0, 2, '{\"en\":\"stay-home\",\"ar\":\"bk-fy-lmnzl\"}', '2024-05-07 01:52:40', '2024-05-07 01:52:40'),
(66, 'ابق في المنزل', 'bk-fy-lmnzl', 'tag', NULL, NULL, 0, 3, '{\"en\":\"stay-home\",\"id\":\"tetap-di-rumah\"}', '2024-05-07 01:52:40', '2024-05-07 01:52:40'),
(67, 'Explore Bali', 'explore-bali', 'tag', NULL, NULL, 0, 1, '{\"ar\":\"ktshf-b-ly\"}', '2024-05-07 01:52:41', '2024-05-19 19:52:06'),
(69, 'اكتشف بالي', 'ktshf-b-ly', 'tag', NULL, NULL, 0, 3, '{\"en\":\"explore-bali\"}', '2024-05-07 01:52:41', '2024-05-19 19:52:06'),
(70, 'Startups', 'startups', 'tag', NULL, NULL, 0, 1, '{\"id\":\"startups\",\"ar\":\"lshrk-t-ln-sh\"}', '2024-05-07 01:52:42', '2024-05-07 01:52:42'),
(71, 'Startups', 'startups', 'tag', NULL, NULL, 0, 2, '{\"en\":\"startups\",\"ar\":\"lshrk-t-ln-sh\"}', '2024-05-07 01:52:42', '2024-05-07 01:52:42'),
(72, 'الشركات الناشئة', 'lshrk-t-ln-sh', 'tag', NULL, NULL, 0, 3, '{\"en\":\"startups\",\"id\":\"startups\"}', '2024-05-07 01:52:42', '2024-05-07 01:52:42'),
(73, 'Investments', 'investments', 'tag', NULL, NULL, 0, 1, '{\"id\":\"investasi\",\"ar\":\"l-stthm-r-t\"}', '2024-05-07 01:52:43', '2024-05-07 01:52:43'),
(74, 'Investasi', 'investasi', 'tag', NULL, NULL, 0, 2, '{\"en\":\"investments\",\"ar\":\"l-stthm-r-t\"}', '2024-05-07 01:52:43', '2024-05-07 01:52:43'),
(75, 'الاستثمارات', 'l-stthm-r-t', 'tag', NULL, NULL, 0, 3, '{\"en\":\"investments\",\"id\":\"investasi\"}', '2024-05-07 01:52:43', '2024-05-07 01:52:43'),
(76, 'Envato', 'envato', 'tag', NULL, NULL, 0, 1, '{\"ar\":\"nf-to\"}', '2024-05-07 01:52:44', '2024-05-19 19:52:06'),
(78, 'إنفاتو', 'nf-to', 'tag', NULL, NULL, 0, 3, '{\"en\":\"envato\"}', '2024-05-07 01:52:44', '2024-05-19 19:52:06'),
(79, 'Creative Market', 'creative-market', 'tag', NULL, NULL, 0, 1, '{\"id\":\"pasar-kreatif\",\"ar\":\"sok-bd-aay\"}', '2024-05-07 01:52:45', '2024-05-07 01:52:45'),
(80, 'Pasar Kreatif', 'pasar-kreatif', 'tag', NULL, NULL, 0, 2, '{\"en\":\"creative-market\",\"ar\":\"sok-bd-aay\"}', '2024-05-07 01:52:45', '2024-05-07 01:52:45'),
(81, 'سوق إبداعي', 'sok-bd-aay', 'tag', NULL, NULL, 0, 3, '{\"en\":\"creative-market\",\"id\":\"pasar-kreatif\"}', '2024-05-07 01:52:45', '2024-05-07 01:52:45'),
(82, 'Digital Creative', 'digital-creative', 'tag', NULL, NULL, 0, 1, '{\"id\":\"kreatif-digital\",\"ar\":\"l-bd-aa-lrkmy\"}', '2024-05-07 01:52:45', '2024-05-07 01:52:45'),
(83, 'Kreatif Digital', 'kreatif-digital', 'tag', NULL, NULL, 0, 2, '{\"en\":\"digital-creative\",\"ar\":\"l-bd-aa-lrkmy\"}', '2024-05-07 01:52:46', '2024-05-07 01:52:46'),
(84, 'الإبداع الرقمي', 'l-bd-aa-lrkmy', 'tag', NULL, NULL, 0, 3, '{\"en\":\"digital-creative\",\"id\":\"kreatif-digital\"}', '2024-05-07 01:52:46', '2024-05-07 01:52:46'),
(85, 'Framework', 'framework', 'tag', NULL, NULL, 0, 1, '{\"ar\":\"t-r-laaml\"}', '2024-05-07 01:52:46', '2024-05-19 19:52:06'),
(87, 'إطار العمل', 't-r-laaml', 'tag', NULL, NULL, 0, 3, '{\"en\":\"framework\"}', '2024-05-07 01:52:47', '2024-05-19 19:52:06'),
(88, 'Bootstrap', 'bootstrap', 'tag', NULL, NULL, 0, 1, '{\"ar\":\"ltmhyd\"}', '2024-05-07 01:52:47', '2024-05-19 19:51:41'),
(90, 'التمهيد', 'ltmhyd', 'tag', NULL, NULL, 0, 3, '{\"en\":\"bootstrap\"}', '2024-05-07 01:52:47', '2024-05-19 19:51:41'),
(91, 'HTML', 'html', 'tag', NULL, NULL, 0, 1, '{\"ar\":\"lgh-lbrmg\"}', '2024-05-07 01:52:47', '2024-05-19 19:51:48'),
(93, 'لغة البرمجة', 'lgh-lbrmg', 'tag', NULL, NULL, 0, 3, '{\"en\":\"html\"}', '2024-05-07 01:52:48', '2024-05-19 19:51:48'),
(94, 'CSS', 'css', 'tag', NULL, NULL, 0, 1, '{\"ar\":\"lmghlk\"}', '2024-05-07 01:52:48', '2024-05-19 19:52:06'),
(96, 'المغلق', 'lmghlk', 'tag', NULL, NULL, 0, 3, '{\"en\":\"css\"}', '2024-05-07 01:52:49', '2024-05-19 19:52:06'),
(97, 'Holiday', 'holiday', 'tag', NULL, NULL, 0, 1, '{\"id\":\"liburan\",\"ar\":\"yom-l-g-z\"}', '2024-05-07 01:52:49', '2024-05-07 01:52:49'),
(98, 'Liburan', 'liburan', 'tag', NULL, NULL, 0, 2, '{\"en\":\"holiday\",\"ar\":\"yom-l-g-z\"}', '2024-05-07 01:52:49', '2024-05-07 01:52:49'),
(99, 'يوم الاجازة', 'yom-l-g-z', 'tag', NULL, NULL, 0, 3, '{\"en\":\"holiday\",\"id\":\"liburan\"}', '2024-05-07 01:52:49', '2024-05-07 01:52:49'),
(100, 'Indonesia', 'indonesia', 'tag', NULL, NULL, 0, 1, '{\"id\":\"indonesia\",\"ar\":\"ndonysy\"}', '2024-05-07 01:52:50', '2024-05-07 01:52:50'),
(101, 'Indonesia', 'indonesia', 'tag', NULL, NULL, 0, 2, '{\"en\":\"indonesia\",\"ar\":\"ndonysy\"}', '2024-05-07 01:52:50', '2024-05-07 01:52:50'),
(102, 'إندونيسيا', 'ndonysy', 'tag', NULL, NULL, 0, 3, '{\"en\":\"indonesia\",\"id\":\"indonesia\"}', '2024-05-07 01:52:50', '2024-05-07 01:52:50'),
(103, 'Japan', 'japan', 'tag', NULL, NULL, 0, 1, '{\"ar\":\"ly-b-n\"}', '2024-05-07 01:52:50', '2024-05-19 19:51:29'),
(105, 'اليابان', 'ly-b-n', 'tag', NULL, NULL, 0, 3, '{\"en\":\"japan\"}', '2024-05-07 01:52:51', '2024-05-19 19:51:29'),
(106, 'Sport', 'sport', 'tag', NULL, NULL, 0, 1, '{\"id\":\"olahraga\",\"ar\":\"ry-d\"}', '2024-05-07 01:52:51', '2024-05-07 01:52:51'),
(107, 'Olahraga', 'olahraga', 'tag', NULL, NULL, 0, 2, '{\"en\":\"sport\",\"ar\":\"ry-d\"}', '2024-05-07 01:52:51', '2024-05-07 01:52:51'),
(108, 'رياضة', 'ry-d', 'tag', NULL, NULL, 0, 3, '{\"en\":\"sport\",\"id\":\"olahraga\"}', '2024-05-07 01:52:52', '2024-05-07 01:52:52'),
(109, 'MotoGP', 'motogp', 'tag', NULL, NULL, 0, 1, '{\"ar\":\"moto-gy-by\"}', '2024-05-07 01:52:52', '2024-05-19 19:51:33'),
(111, 'موتو جي بي', 'moto-gy-by', 'tag', NULL, NULL, 0, 3, '{\"en\":\"motogp\"}', '2024-05-07 01:52:52', '2024-05-19 19:51:33'),
(112, 'Google', 'google', 'tag', NULL, NULL, 0, 1, NULL, '2024-05-07 01:52:53', '2024-05-07 01:52:53'),
(113, 'Android', 'android', 'tag', NULL, NULL, 0, 1, NULL, '2024-05-07 01:52:53', '2024-05-07 01:52:53'),
(114, 'Saham', 'saham', 'tag', NULL, NULL, 0, 1, NULL, '2024-05-07 01:52:53', '2024-05-07 01:52:53'),
(115, 'Elon Musk', 'elon-musk', 'tag', NULL, NULL, 0, 1, NULL, '2024-05-07 01:52:53', '2024-05-07 01:52:53'),
(116, 'TikTok', 'tiktok', 'tag', NULL, NULL, 0, 1, NULL, '2024-05-07 01:52:53', '2024-05-07 01:52:53'),
(117, 'Politics', 'politics', 'tag', NULL, NULL, 0, 1, NULL, '2024-05-07 01:52:53', '2024-05-07 01:52:53'),
(118, 'News', 'news', 'tag', NULL, NULL, 0, 1, NULL, '2024-05-07 01:52:54', '2024-05-07 01:52:54'),
(119, 'Beach', 'beach', 'tag', NULL, NULL, 0, 1, NULL, '2024-05-07 01:52:54', '2024-05-07 01:52:54'),
(120, 'Adventure', 'adventure', 'tag', NULL, NULL, 0, 1, NULL, '2024-05-07 01:52:54', '2024-05-07 01:52:54'),
(121, 'Athlete', 'athlete', 'tag', NULL, NULL, 0, 1, NULL, '2024-05-07 01:52:54', '2024-05-07 01:52:54'),
(122, 'Wildlife', 'wildlife', 'tag', NULL, NULL, 0, 1, NULL, '2024-05-07 01:52:55', '2024-05-07 01:52:55'),
(123, 'Oculus', 'oculus', 'tag', NULL, NULL, 0, 1, NULL, '2024-05-07 01:52:55', '2024-05-07 01:52:55'),
(124, 'Furniture', 'furniture', 'tag', NULL, NULL, 0, 1, NULL, '2024-05-07 01:52:55', '2024-05-07 01:52:55'),
(125, 'Decoration', 'decoration', 'tag', NULL, NULL, 0, 1, NULL, '2024-05-07 01:52:55', '2024-05-07 01:52:55'),
(126, 'Bitcoin', 'bitcoin', 'tag', NULL, NULL, 0, 1, NULL, '2024-05-07 01:52:55', '2024-05-07 01:52:55'),
(127, 'Dollar', 'dollar', 'tag', NULL, NULL, 0, 1, NULL, '2024-05-07 01:52:56', '2024-05-07 01:52:56'),
(128, 'Crypto', 'crypto', 'tag', NULL, NULL, 0, 1, NULL, '2024-05-07 01:52:56', '2024-05-07 01:52:56'),
(129, 'Economic', 'economic', 'tag', NULL, NULL, 0, 1, NULL, '2024-05-07 01:52:56', '2024-05-07 01:52:56'),
(130, 'Health', 'health', 'tag', NULL, NULL, 0, 1, NULL, '2024-05-07 01:52:56', '2024-05-07 01:52:56'),
(131, 'Recipes', 'recipes', 'tag', NULL, NULL, 0, 1, NULL, '2024-05-07 01:52:57', '2024-05-07 01:52:57'),
(132, 'Food', 'food', 'tag', NULL, NULL, 0, 1, NULL, '2024-05-07 01:52:57', '2024-05-07 01:52:57'),
(133, 'Clinic', 'clinic', 'tag', NULL, NULL, 0, 1, NULL, '2024-05-07 01:52:57', '2024-05-07 01:52:57'),
(134, 'Doctor', 'doctor', 'tag', NULL, NULL, 0, 1, NULL, '2024-05-07 01:52:57', '2024-05-07 01:52:57'),
(135, 'Dentist', 'dentist', 'tag', NULL, NULL, 0, 1, NULL, '2024-05-07 01:52:58', '2024-05-07 01:52:58'),
(136, 'Penghargaan', 'penghargaan', 'category', NULL, 'brands-people-ZdqSuxl3Lak-unsplash-1715741105.jpg', 0, 2, '{\"en\":\"award\"}', '2024-05-14 12:43:11', '2024-05-14 12:45:05'),
(137, 'Award', 'award', 'category', NULL, 'brands-people-ZdqSuxl3Lak-unsplash-1715741105.jpg', 0, 1, '{\"id\":\"penghargaan\"}', '2024-05-14 12:45:05', '2024-05-14 12:45:05'),
(138, 'Announcement', 'announcement', 'category', NULL, 'anne-nygard-KAx_Ok89I7Q-unsplash-1715741486.jpg', 0, 1, '{\"id\":\"pengumuman\"}', '2024-05-14 12:50:03', '2024-05-14 12:51:26'),
(139, 'Pengumuman', 'pengumuman', 'category', NULL, 'anne-nygard-KAx_Ok89I7Q-unsplash-1715741486.jpg', 0, 2, '{\"en\":\"announcement\"}', '2024-05-14 12:50:03', '2024-05-14 12:51:26'),
(140, 'Report', 'report', 'category', NULL, 'scott-graham-5fNmWej4tAA-unsplash-1715741587.jpg', 0, 1, '{\"id\":\"laporan\"}', '2024-05-14 12:53:07', '2024-05-14 12:53:07'),
(141, 'Laporan', 'laporan', 'category', NULL, 'scott-graham-5fNmWej4tAA-unsplash-1715741587.jpg', 0, 2, '{\"en\":\"report\"}', '2024-05-14 12:53:07', '2024-05-14 12:53:07'),
(142, 'laporan keuangan', 'laporan-keuangan', 'tag', NULL, NULL, 0, 2, NULL, '2024-05-14 13:23:41', '2024-05-14 13:23:41'),
(143, 'penyerahan laporan keuangan', 'penyerahan-laporan-keuangan', 'tag', NULL, NULL, 0, 2, NULL, '2024-05-14 13:23:41', '2024-05-14 13:23:41'),
(144, 'BPK', 'bpk', 'tag', NULL, NULL, 0, 2, NULL, '2024-05-14 13:23:41', '2024-05-19 20:43:42'),
(145, 'pemerintah daerah', 'pemerintah-daerah', 'tag', NULL, NULL, 0, 2, NULL, '2024-05-14 13:23:41', '2024-05-14 13:23:41'),
(146, 'Pringsewu', 'pringsewu', 'tag', NULL, NULL, 0, 2, NULL, '2024-05-14 13:41:20', '2024-05-19 20:43:53'),
(147, 'pelantikan', 'pelantikan', 'tag', NULL, NULL, 0, 2, NULL, '2024-05-14 13:41:20', '2024-05-14 13:41:20'),
(148, 'BPKAD', 'bpkad', 'tag', NULL, NULL, 0, 2, NULL, '2024-05-15 14:55:36', '2024-05-19 20:25:27'),
(153, 'Pusdatin BPKAD', 'pusdatin-bpkad', 'tag', NULL, NULL, 0, 2, NULL, '2024-05-19 20:24:55', '2024-05-19 20:24:55'),
(154, 'Coaching Clinic', 'coaching-clinic', 'tag', NULL, NULL, 0, 2, NULL, '2024-05-19 20:26:12', '2024-05-19 20:26:12'),
(155, 'WTP', 'wtp', 'tag', NULL, NULL, 0, 2, NULL, '2024-05-19 20:43:30', '2024-05-19 20:43:30'),
(156, 'Dokumentasi', 'dokumentasi', 'category', NULL, NULL, 0, 2, NULL, '2024-05-20 09:47:35', '2024-05-20 09:47:35'),
(158, 'Bidang Sekretariat', 'bidang-sekretariat', 'category', NULL, NULL, 5, 2, NULL, '2024-05-20 13:33:12', '2024-05-20 14:53:02'),
(159, 'Bidang Penganggaran', 'bidang-penganggaran', 'category', NULL, NULL, 5, 2, NULL, '2024-05-20 13:33:28', '2024-05-20 14:52:49'),
(160, 'Bidang Perbendaharaan', 'bidang-perbendaharaan', 'category', NULL, NULL, 5, 2, NULL, '2024-05-20 13:33:43', '2024-05-20 14:52:37'),
(161, 'Bidang Akuntansi', 'bidang-akuntansi', 'category', NULL, NULL, 5, 2, NULL, '2024-05-20 13:34:05', '2024-05-20 14:52:24'),
(165, 'Download', 'download', 'category', NULL, NULL, 0, 2, NULL, '2024-05-20 14:30:16', '2024-05-20 14:30:16'),
(166, 'Agenda', 'agenda', 'category', NULL, NULL, 0, 2, NULL, '2024-05-20 18:07:55', '2024-05-20 18:07:55');

-- --------------------------------------------------------

--
-- Struktur dari tabel `themes`
--

CREATE TABLE `themes` (
  `id` bigint(20) UNSIGNED NOT NULL,
  `theme` varchar(255) DEFAULT NULL,
  `page` varchar(255) DEFAULT NULL,
  `url` varchar(255) DEFAULT NULL,
  `title` varchar(255) DEFAULT NULL,
  `slug` varchar(255) DEFAULT NULL,
  `template` varchar(255) DEFAULT NULL,
  `setting` longtext DEFAULT NULL,
  `created_at` timestamp NULL DEFAULT NULL,
  `updated_at` timestamp NULL DEFAULT NULL
) ENGINE=InnoDB DEFAULT CHARSET=utf8mb4 COLLATE=utf8mb4_unicode_ci;

--
-- Dumping data untuk tabel `themes`
--

INSERT INTO `themes` (`id`, `theme`, `page`, `url`, `title`, `slug`, `template`, `setting`, `created_at`, `updated_at`) VALUES
(1, 'magz', 'all', NULL, 'All', 'all', NULL, '{\"sidebar\":{\"config\":{\"active\":\"true\",\"position\":\"right\"},\"widget\":{\"post_sidebar-zMsEVWBETfhZw2Ei\":{\"post_type\":\"post\",\"category\":\"none\",\"carousel\":\"false\",\"carousel_autoplay\":\"none\",\"layout_type\":\"list-post-with-link\",\"title\":{\"id\":\"Populer\",\"en\":\"Popular\",\"ar\":\"\\u0634\\u0627\\u0626\\u0639\"},\"description\":\"\",\"order\":\"popular\",\"popular_based\":\"all\",\"number_of_posts\":4,\"active\":\"true\"},\"newsletter_sidebar\":{\"active\":\"true\",\"title\":{\"id\":\"Berlangganan\",\"en\":\"Newsletter\",\"ar\":\"\\u0627\\u0644\\u0646\\u0634\\u0631\\u0629 \\u0627\\u0644\\u0625\\u062e\\u0628\\u0627\\u0631\\u064a\\u0629\"},\"description\":{\"id\":\"Dengan berlangganan Anda akan menerima artikel baru di email Anda.\",\"en\":\"By subscribing you will receive new articles in your email.\",\"ar\":\"\\u0628\\u0627\\u0644\\u0627\\u0634\\u062a\\u0631\\u0627\\u0643 \\u0633\\u0648\\u0641 \\u062a\\u062a\\u0644\\u0642\\u0649 \\u0645\\u0642\\u0627\\u0644\\u0627\\u062a \\u062c\\u062f\\u064a\\u062f\\u0629 \\u0641\\u064a \\u0628\\u0631\\u064a\\u062f\\u0643 \\u0627\\u0644\\u0625\\u0644\\u0643\\u062a\\u0631\\u0648\\u0646\\u064a.\"},\"layout_type\":\"card\"},\"post_sidebar-82DEHGCnuLXWX3LK\":{\"post_type\":\"post\",\"category\":\"none\",\"carousel\":\"false\",\"carousel_autoplay\":\"none\",\"layout_type\":\"first-large-thumb\",\"title\":{\"id\":\"Direkomendasikan\",\"en\":\"Recommended\",\"ar\":\"\\u0645\\u064f\\u0633\\u062a\\u064e\\u062d\\u0633\\u064e\\u0646\"},\"description\":\"\",\"order\":\"popular\",\"popular_based\":\"all\",\"number_of_posts\":4,\"active\":\"true\"},\"ads_sidebar-veFRxP5K8IaYxwmk\":{\"active\":\"true\",\"title\":{\"id\":\"Banner\",\"en\":\"Sponsored\",\"ar\":\"\\u0628\\u0631\\u0639\\u0627\\u064a\\u0629\"},\"ad_type\":\"image\",\"ga_client\":\"\",\"ga_slot\":\"\",\"ga_size\":\"\",\"ga_format\":\"\",\"ga_full_width_responsive\":\"\",\"ad_width\":\"2391\",\"ad_height\":\"3259\",\"ad_image\":\"4-1764733442.png\",\"ad_url\":\"\",\"ad_script\":\"\"}}},\"footer\":{\"config\":{\"active\":\"true\",\"exist\":[\"about\",\"links\",\"menu_link\",\"box_label\",\"newsletter_footer\",\"post_footer\"]},\"widget\":{\"section\":{\"left_column\":{\"about\":{\"active\":\"true\",\"title\":{\"id\":\"Profil Kami\",\"en\":\"Company Info\",\"ar\":\"\\u0645\\u0639\\u0644\\u0648\\u0645\\u0627\\u062a \\u0627\\u0644\\u0634\\u0631\\u0643\\u0629\"},\"logo\":\"false\",\"link\":\"true\"},\"links\":{\"active\":\"true\",\"title\":{\"id\":\"Ikuti Kami\",\"en\":\"Follow Us\",\"ar\":\"\\u062a\\u0627\\u0628\\u0639\\u0646\\u0627\"},\"description\":{\"id\":\"Ikuti kami dan tetap berhubungan untuk mendapatkan berita terbaru\",\"en\":\"Follow us and stay in touch to get the latest news\",\"ar\":\"\\u062a\\u0627\\u0628\\u0639\\u0646\\u0627 \\u0648\\u0627\\u0628\\u0642 \\u0639\\u0644\\u0649 \\u0627\\u062a\\u0635\\u0627\\u0644 \\u0644\\u0644\\u062d\\u0635\\u0648\\u0644 \\u0639\\u0644\\u0649 \\u0622\\u062e\\u0631 \\u0627\\u0644\\u0623\\u062e\\u0628\\u0627\\u0631\"}},\"menu_link\":{\"active\":\"true\"}},\"middle_column\":{\"box_label\":{\"active\":\"true\",\"term_type\":\"tags\",\"layout_type\":\"box\",\"title\":{\"id\":\"Tag Populer\",\"en\":\"Popular Tags\",\"ar\":\"\\u0627\\u0644\\u0643\\u0644\\u0645\\u0627\\u062a \\u0627\\u0644\\u0634\\u0639\\u0628\\u064a\\u0629\"},\"description\":\"\",\"order\":\"popular\",\"popular_based\":\"all\",\"number_of_posts\":10},\"newsletter_footer\":{\"active\":\"true\",\"title\":{\"id\":\"Langganan\",\"en\":\"Newsletter\",\"ar\":\"\\u0627\\u0644\\u0646\\u0634\\u0631\\u0629 \\u0627\\u0644\\u0625\\u062e\\u0628\\u0627\\u0631\\u064a\\u0629\"},\"description\":{\"id\":\"Ikuti kami dan tetap berhubungan untuk mendapatkan berita terbaru\",\"en\":\"Follow us and stay in touch to get the latest news\",\"ar\":\"\\u062a\\u0627\\u0628\\u0639\\u0646\\u0627 \\u0648\\u0627\\u0628\\u0642 \\u0639\\u0644\\u0649 \\u0627\\u062a\\u0635\\u0627\\u0644 \\u0644\\u0644\\u062d\\u0635\\u0648\\u0644 \\u0639\\u0644\\u0649 \\u0622\\u062e\\u0631 \\u0627\\u0644\\u0623\\u062e\\u0628\\u0627\\u0631\"},\"layout_type\":\"form\"}},\"right_column\":{\"post_footer\":{\"post_type\":\"post\",\"category\":\"none\",\"carousel\":\"false\",\"carousel_autoplay\":\"none\",\"layout_type\":\"list-post-with-link\",\"title\":{\"id\":\"Berita Terbaru\",\"en\":\"Latest News\",\"ar\":\"\\u0623\\u062d\\u062f\\u062b \\u0627\\u0644\\u0623\\u062e\\u0628\\u0627\\u0631\"},\"description\":\"\",\"order\":\"latest\",\"popular_based\":\"none\",\"number_of_posts\":4,\"active\":\"true\"}}}}}}', '2024-05-07 01:53:34', '2025-12-02 20:45:18'),
(2, 'magz', 'home', '/', 'Home', 'home', 'home', '{\"body\":{\"widget\":{\"headline\":{\"post_type\":\"post\",\"category\":\"laporan\",\"carousel\":\"true\",\"carousel_autoplay\":\"true\",\"layout_type\":\"lists\",\"title\":\"\",\"description\":\"\",\"order\":\"random\",\"popular_based\":\"all\",\"number_of_posts\":\"4\",\"active\":\"true\",\"default\":\"true\"},\"featured\":{\"post_type\":\"post\",\"category\":\"none\",\"carousel\":\"true\",\"carousel_autoplay\":\"true\",\"layout_type\":\"none\",\"title\":\"\",\"description\":\"\",\"order\":\"latest\",\"popular_based\":\"none\",\"number_of_posts\":4,\"active\":\"false\",\"default\":\"true\"},\"post-LE6uRpoqNFxZ8UFg\":{\"post_type\":\"post\",\"category\":\"none\",\"carousel\":\"false\",\"carousel_autoplay\":\"none\",\"layout_type\":\"two-column\",\"title\":{\"id\":\"Berita Lain\",\"en\":\"Just Another News\",\"ar\":\"\\u0645\\u062c\\u0631\\u062f \\u062e\\u0628\\u0631 \\u0622\\u062e\\u0631\"},\"description\":\"\",\"order\":\"random\",\"popular_based\":\"all\",\"number_of_posts\":\"4\",\"active\":\"true\",\"default\":\"false\"},\"ads-tV0RBIG8d1ii0JsG\":{\"title\":\"\",\"ad_type\":\"image\",\"ga_client\":\"\",\"ga_slot\":\"\",\"ga_size\":\"\",\"ga_format\":\"\",\"ga_full_width_responsive\":\"\",\"ad_width\":\"218\",\"ad_height\":\"67\",\"ad_image\":\"ornamen-kiri-1764733699.png\",\"ad_url\":\"\",\"ad_script\":\"\",\"active\":\"true\"},\"video-8q0Dw1DvAzKlMSbm\":{\"post_type\":\"audio\",\"category\":\"teknologi\",\"carousel\":\"false\",\"carousel_autoplay\":\"none\",\"layout_type\":\"one-column\",\"title\":{\"id\":\"Teknologi\",\"en\":\"Technology\",\"ar\":\"\\u062a\\u0642\\u0646\\u064a\\u0629\"},\"description\":\"\",\"order\":\"latest\",\"popular_based\":\"all\",\"number_of_posts\":\"4\",\"active\":\"false\"},\"section-Melwbi0YEpOdy9cQ\":{\"active\":\"true\",\"widget\":{\"list_label-2X6GNu9ozi4TOqfq\":{\"active\":\"true\",\"term_type\":\"tags\",\"layout_type\":\"ordered-lists\",\"order\":\"popular\",\"popular_based\":\"all\",\"number_of_posts\":10,\"title\":{\"id\":\"Tag Tren\",\"en\":\"Trending Tags\",\"ar\":\"\\u062a\\u062a\\u062c\\u0647 \\u0627\\u0644\\u0639\\u0644\\u0627\\u0645\\u0627\\u062a\"},\"description\":\"\"},\"mini_post-iStrA3TcuGGndFl7\":{\"post_type\":\"post\",\"category\":\"none\",\"carousel\":\"true\",\"carousel_autoplay\":\"true\",\"layout_type\":\"vertical-slider\",\"title\":{\"id\":\"Berita Hangat\",\"en\":\"Hot News\",\"ar\":\"\\u0623\\u062e\\u0628\\u0627\\u0631 \\u0639\\u0627\\u062c\\u0644\\u0629\"},\"description\":\"\",\"order\":\"popular\",\"popular_based\":\"all\",\"number_of_posts\":4,\"active\":\"true\"}}},\"audio-b7RqkJVW956l1LUc\":{\"post_type\":\"audio\",\"category\":\"none\",\"carousel\":\"false\",\"carousel_autoplay\":\"none\",\"layout_type\":\"two-column\",\"title\":{\"id\":\"Suara\",\"en\":\"Sound\",\"ar\":\"\\u0635\\u0648\\u062a\"},\"description\":\"\",\"order\":\"latest\",\"popular_based\":\"all\",\"number_of_posts\":4,\"active\":\"true\"},\"video-Jy2ux4tdghVKwyKz\":{\"post_type\":\"video\",\"category\":\"laporan\",\"carousel\":\"false\",\"carousel_autoplay\":\"none\",\"layout_type\":\"two-column\",\"title\":{\"id\":\"Galeri Video\",\"en\":\"Just Another Video\",\"ar\":\"\\u0645\\u062c\\u0631\\u062f \\u0641\\u064a\\u062f\\u064a\\u0648 \\u0622\\u062e\\u0631\"},\"description\":\"\",\"order\":\"latest\",\"popular_based\":\"all\",\"number_of_posts\":\"4\",\"active\":\"true\"},\"posts\":{\"post_type\":\"post\",\"category\":\"none\",\"carousel\":\"false\",\"carousel_autoplay\":\"none\",\"layout_type\":\"one-column\",\"title\":{\"id\":\"Berita Terbaru\",\"en\":\"Recent Post\",\"ar\":\"\\u0627\\u0644\\u0645\\u0646\\u0634\\u0648\\u0631 \\u0627\\u0644\\u0627\\u062e\\u064a\\u0631\"},\"description\":\"\",\"order\":\"latest\",\"popular_based\":\"all\",\"number_of_posts\":\"4\",\"active\":\"true\",\"default\":\"true\"},\"bottom_post\":{\"post_type\":\"post\",\"category\":\"laporan\",\"carousel\":\"true\",\"carousel_autoplay\":\"true\",\"layout_type\":\"none\",\"title\":{\"id\":\"Populer Minggu Ini\",\"en\":\"Best of the Week\",\"ar\":\"\\u0623\\u0641\\u0636\\u0644 \\u0645\\u0627 \\u0641\\u064a \\u0627\\u0644\\u0623\\u0633\\u0628\\u0648\\u0639\"},\"description\":\"\",\"order\":\"popular\",\"popular_based\":\"week\",\"number_of_posts\":\"8\",\"active\":\"true\",\"default\":\"true\"}}},\"sidebar\":{\"config\":{\"active\":\"true\",\"position\":\"right\",\"custom\":\"false\"},\"widget\":{\"post_sidebar-zMsEVWBETfhZw2Ei\":{\"post_type\":\"post\",\"category\":\"none\",\"carousel\":\"false\",\"carousel_autoplay\":\"none\",\"layout_type\":\"list-post-with-link\",\"title\":{\"id\":\"Populer\",\"en\":\"Popular\",\"ar\":\"\\u0634\\u0627\\u0626\\u0639\"},\"description\":\"\",\"order\":\"popular\",\"popular_based\":\"all\",\"number_of_posts\":5,\"active\":\"true\"},\"newsletter_sidebar\":{\"active\":\"true\",\"title\":{\"id\":\"Berlangganan\",\"en\":\"Newsletter\",\"ar\":\"\\u0627\\u0644\\u0646\\u0634\\u0631\\u0629 \\u0627\\u0644\\u0625\\u062e\\u0628\\u0627\\u0631\\u064a\\u0629\"},\"description\":{\"id\":\"Dengan berlangganan Anda akan menerima artikel baru di email Anda.\",\"en\":\"By subscribing you will receive new articles in your email.\",\"ar\":\"\\u0628\\u0627\\u0644\\u0627\\u0634\\u062a\\u0631\\u0627\\u0643 \\u0633\\u0648\\u0641 \\u062a\\u062a\\u0644\\u0642\\u0649 \\u0645\\u0642\\u0627\\u0644\\u0627\\u062a \\u062c\\u062f\\u064a\\u062f\\u0629 \\u0641\\u064a \\u0628\\u0631\\u064a\\u062f\\u0643 \\u0627\\u0644\\u0625\\u0644\\u0643\\u062a\\u0631\\u0648\\u0646\\u064a.\"},\"layout_type\":\"card\"},\"post_sidebar-82DEHGCnuLXWX3LK\":{\"post_type\":\"post\",\"category\":\"none\",\"carousel\":\"false\",\"carousel_autoplay\":\"none\",\"layout_type\":\"first-large-thumb\",\"title\":{\"id\":\"Direkomendasikan\",\"en\":\"Recommended\",\"ar\":\"\\u0645\\u064f\\u0633\\u062a\\u064e\\u062d\\u0633\\u064e\\u0646\"},\"description\":\"\",\"order\":\"popular\",\"popular_based\":\"all\",\"number_of_posts\":4,\"active\":\"true\"},\"ads_sidebar-veFRxP5K8IaYxwmk\":{\"active\":\"true\",\"title\":{\"id\":\"Disponsori\",\"en\":\"Sponsored\",\"ar\":\"\\u0628\\u0631\\u0639\\u0627\\u064a\\u0629\"},\"ad_type\":\"image\",\"ga_client\":\"\",\"ga_slot\":\"\",\"ga_size\":\"\",\"ga_format\":\"\",\"ga_full_width_responsive\":\"\",\"ad_width\":\"\",\"ad_height\":\"\",\"ad_image\":\"\",\"ad_url\":\"\",\"ad_script\":\"\"}}},\"footer\":{\"config\":{\"active\":\"true\",\"exist\":[\"about\",\"links\",\"menu_link\",\"box_label\",\"newsletter_footer\",\"post_footer\"],\"custom\":\"false\"},\"widget\":{\"section\":{\"left_column\":{\"about\":{\"active\":\"true\",\"title\":{\"id\":\"Info perusahaan\",\"en\":\"Company Info\",\"ar\":\"\\u0645\\u0639\\u0644\\u0648\\u0645\\u0627\\u062a \\u0627\\u0644\\u0634\\u0631\\u0643\\u0629\"},\"logo\":\"true\",\"link\":\"true\"},\"links\":{\"active\":\"true\",\"title\":{\"id\":\"Ikuti kami\",\"en\":\"Follow Us\",\"ar\":\"\\u062a\\u0627\\u0628\\u0639\\u0646\\u0627\"},\"description\":{\"id\":\"Ikuti kami dan tetap berhubungan untuk mendapatkan berita terbaru\",\"en\":\"Follow us and stay in touch to get the latest news\",\"ar\":\"\\u062a\\u0627\\u0628\\u0639\\u0646\\u0627 \\u0648\\u0627\\u0628\\u0642 \\u0639\\u0644\\u0649 \\u0627\\u062a\\u0635\\u0627\\u0644 \\u0644\\u0644\\u062d\\u0635\\u0648\\u0644 \\u0639\\u0644\\u0649 \\u0622\\u062e\\u0631 \\u0627\\u0644\\u0623\\u062e\\u0628\\u0627\\u0631\"}},\"menu_link\":{\"active\":\"true\"}},\"middle_column\":{\"box_label\":{\"active\":\"true\",\"term_type\":\"tags\",\"layout_type\":\"box\",\"title\":{\"id\":\"Tag Populer\",\"en\":\"Popular Tags\",\"ar\":\"\\u0627\\u0644\\u0643\\u0644\\u0645\\u0627\\u062a \\u0627\\u0644\\u0634\\u0639\\u0628\\u064a\\u0629\"},\"description\":\"\",\"order\":\"popular\",\"popular_based\":\"all\",\"number_of_posts\":10},\"newsletter_footer\":{\"active\":\"true\",\"title\":{\"id\":\"Langganan\",\"en\":\"Newsletter\",\"ar\":\"\\u0627\\u0644\\u0646\\u0634\\u0631\\u0629 \\u0627\\u0644\\u0625\\u062e\\u0628\\u0627\\u0631\\u064a\\u0629\"},\"description\":{\"id\":\"Ikuti kami dan tetap berhubungan untuk mendapatkan berita terbaru\",\"en\":\"Follow us and stay in touch to get the latest news\",\"ar\":\"\\u062a\\u0627\\u0628\\u0639\\u0646\\u0627 \\u0648\\u0627\\u0628\\u0642 \\u0639\\u0644\\u0649 \\u0627\\u062a\\u0635\\u0627\\u0644 \\u0644\\u0644\\u062d\\u0635\\u0648\\u0644 \\u0639\\u0644\\u0649 \\u0622\\u062e\\u0631 \\u0627\\u0644\\u0623\\u062e\\u0628\\u0627\\u0631\"},\"layout_type\":\"form\"}},\"right_column\":{\"post_footer\":{\"post_type\":\"post\",\"category\":\"none\",\"carousel\":\"false\",\"carousel_autoplay\":\"none\",\"layout_type\":\"list-post-with-link\",\"title\":{\"id\":\"Berita Terbaru\",\"en\":\"Latest News\",\"ar\":\"\\u0623\\u062d\\u062f\\u062b \\u0627\\u0644\\u0623\\u062e\\u0628\\u0627\\u0631\"},\"description\":\"\",\"order\":\"latest\",\"popular_based\":\"none\",\"number_of_posts\":4,\"active\":\"true\"}}}}}}', '2024-05-07 01:53:34', '2025-12-02 20:48:19'),
(3, 'magz', 'page', '/page/{title}', 'Page', 'page', 'page', '{\"sidebar\":{\"config\":{\"active\":\"true\",\"position\":\"right\",\"custom\":\"false\"},\"widget\":{\"ads_sidebar-0cY7Lh6caYytrSbj\":{\"active\":\"true\",\"title\":\"\",\"ad_type\":\"image\",\"ga_client\":\"\",\"ga_slot\":\"\",\"ga_size\":\"\",\"ga_format\":\"\",\"ga_full_width_responsive\":\"\",\"ad_width\":\"\",\"ad_height\":\"\",\"ad_image\":\"\",\"ad_url\":\"\",\"ad_script\":\"\"},\"post_sidebar-OR8Crs0d7rVO0zjs\":{\"post_type\":\"post\",\"category\":\"none\",\"carousel\":\"false\",\"layout_type\":\"first-large-thumb\",\"title\":{\"id\":\"Pos Terbaru\",\"en\":\"Recent Post\",\"ar\":\"\\u0627\\u0644\\u0645\\u0646\\u0634\\u0648\\u0631 \\u0627\\u0644\\u0627\\u062e\\u064a\\u0631\"},\"description\":\"\",\"order\":\"popular\",\"popular_based\":\"all\",\"number_of_posts\":5,\"active\":\"true\"},\"newsletter_sidebar\":{\"active\":\"true\",\"title\":{\"id\":\"Berlangganan\",\"en\":\"Newsletter\",\"ar\":\"\\u0627\\u0644\\u0646\\u0634\\u0631\\u0629 \\u0627\\u0644\\u0625\\u062e\\u0628\\u0627\\u0631\\u064a\\u0629\"},\"description\":\"\",\"layout_type\":\"card\"}}},\"footer\":{\"config\":{\"active\":\"true\",\"exist\":[\"about\",\"links\",\"menu_link\",\"box_label\",\"newsletter_footer\",\"post_footer\"],\"custom\":\"false\"},\"widget\":{\"section\":{\"left_column\":{\"about\":{\"active\":\"true\",\"title\":{\"id\":\"Info perusahaan\",\"en\":\"Company Info\",\"ar\":\"\\u0645\\u0639\\u0644\\u0648\\u0645\\u0627\\u062a \\u0627\\u0644\\u0634\\u0631\\u0643\\u0629\"},\"logo\":\"true\",\"link\":\"true\"},\"links\":{\"active\":\"true\",\"title\":{\"id\":\"Ikuti kami\",\"en\":\"Follow Us\",\"ar\":\"\\u062a\\u0627\\u0628\\u0639\\u0646\\u0627\"},\"description\":{\"id\":\"Ikuti kami dan tetap berhubungan untuk mendapatkan berita terbaru\",\"en\":\"Follow us and stay in touch to get the latest news\",\"ar\":\"\\u062a\\u0627\\u0628\\u0639\\u0646\\u0627 \\u0648\\u0627\\u0628\\u0642 \\u0639\\u0644\\u0649 \\u0627\\u062a\\u0635\\u0627\\u0644 \\u0644\\u0644\\u062d\\u0635\\u0648\\u0644 \\u0639\\u0644\\u0649 \\u0622\\u062e\\u0631 \\u0627\\u0644\\u0623\\u062e\\u0628\\u0627\\u0631\"}},\"menu_link\":{\"active\":\"true\"}},\"middle_column\":{\"box_label\":{\"active\":\"true\",\"term_type\":\"tags\",\"layout_type\":\"box\",\"title\":{\"id\":\"Tag Populer\",\"en\":\"Popular Tags\",\"ar\":\"\\u0627\\u0644\\u0643\\u0644\\u0645\\u0627\\u062a \\u0627\\u0644\\u0634\\u0639\\u0628\\u064a\\u0629\"},\"description\":\"\",\"order\":\"popular\",\"popular_based\":\"all\",\"number_of_posts\":10},\"newsletter_footer\":{\"active\":\"true\",\"title\":{\"id\":\"Langganan\",\"en\":\"Newsletter\",\"ar\":\"\\u0627\\u0644\\u0646\\u0634\\u0631\\u0629 \\u0627\\u0644\\u0625\\u062e\\u0628\\u0627\\u0631\\u064a\\u0629\"},\"description\":{\"id\":\"Ikuti kami dan tetap berhubungan untuk mendapatkan berita terbaru\",\"en\":\"Follow us and stay in touch to get the latest news\",\"ar\":\"\\u062a\\u0627\\u0628\\u0639\\u0646\\u0627 \\u0648\\u0627\\u0628\\u0642 \\u0639\\u0644\\u0649 \\u0627\\u062a\\u0635\\u0627\\u0644 \\u0644\\u0644\\u062d\\u0635\\u0648\\u0644 \\u0639\\u0644\\u0649 \\u0622\\u062e\\u0631 \\u0627\\u0644\\u0623\\u062e\\u0628\\u0627\\u0631\"},\"layout_type\":\"form\"}},\"right_column\":{\"post_footer\":{\"post_type\":\"post\",\"category\":\"none\",\"carousel\":\"false\",\"carousel_autoplay\":\"none\",\"layout_type\":\"list-post-with-link\",\"title\":{\"id\":\"Berita Terbaru\",\"en\":\"Latest News\",\"ar\":\"\\u0623\\u062d\\u062f\\u062b \\u0627\\u0644\\u0623\\u062e\\u0628\\u0627\\u0631\"},\"description\":\"\",\"order\":\"latest\",\"popular_based\":\"none\",\"number_of_posts\":4,\"active\":\"true\"}}}}}}', '2024-05-07 01:53:34', '2024-08-02 18:17:06'),
(4, 'magz', 'posts', '/news/latest', 'Posts', 'posts', 'posts', '{\"sidebar\":{\"config\":{\"active\":\"true\",\"position\":\"right\",\"custom\":\"false\"},\"widget\":{\"ads_sidebar-0cY7Lh6caYytrSbj\":{\"active\":\"true\",\"title\":\"\",\"ad_type\":\"image\",\"ga_client\":\"\",\"ga_slot\":\"\",\"ga_size\":\"\",\"ga_format\":\"\",\"ga_full_width_responsive\":\"\",\"ad_width\":\"\",\"ad_height\":\"\",\"ad_image\":\"\",\"ad_url\":\"\",\"ad_script\":\"\"},\"post_sidebar-OR8Crs0d7rVO0zjs\":{\"post_type\":\"post\",\"category\":\"none\",\"carousel\":\"false\",\"layout_type\":\"first-large-thumb\",\"title\":{\"id\":\"Pos Terbaru\",\"en\":\"Recent Post\",\"ar\":\"\\u0627\\u0644\\u0645\\u0646\\u0634\\u0648\\u0631 \\u0627\\u0644\\u0627\\u062e\\u064a\\u0631\"},\"description\":\"\",\"order\":\"popular\",\"popular_based\":\"all\",\"number_of_posts\":5,\"active\":\"true\"},\"newsletter_sidebar\":{\"active\":\"true\",\"title\":{\"id\":\"Berlangganan\",\"en\":\"Newsletter\",\"ar\":\"\\u0627\\u0644\\u0646\\u0634\\u0631\\u0629 \\u0627\\u0644\\u0625\\u062e\\u0628\\u0627\\u0631\\u064a\\u0629\"},\"description\":\"\",\"layout_type\":\"card\"}}},\"footer\":{\"config\":{\"active\":\"true\",\"exist\":[\"about\",\"links\",\"menu_link\",\"box_label\",\"newsletter_footer\",\"post_footer\"],\"custom\":\"false\"},\"widget\":{\"section\":{\"left_column\":{\"about\":{\"active\":\"true\",\"title\":{\"id\":\"Info perusahaan\",\"en\":\"Company Info\",\"ar\":\"\\u0645\\u0639\\u0644\\u0648\\u0645\\u0627\\u062a \\u0627\\u0644\\u0634\\u0631\\u0643\\u0629\"},\"logo\":\"true\",\"link\":\"true\"},\"links\":{\"active\":\"true\",\"title\":{\"id\":\"Ikuti kami\",\"en\":\"Follow Us\",\"ar\":\"\\u062a\\u0627\\u0628\\u0639\\u0646\\u0627\"},\"description\":{\"id\":\"Ikuti kami dan tetap berhubungan untuk mendapatkan berita terbaru\",\"en\":\"Follow us and stay in touch to get the latest news\",\"ar\":\"\\u062a\\u0627\\u0628\\u0639\\u0646\\u0627 \\u0648\\u0627\\u0628\\u0642 \\u0639\\u0644\\u0649 \\u0627\\u062a\\u0635\\u0627\\u0644 \\u0644\\u0644\\u062d\\u0635\\u0648\\u0644 \\u0639\\u0644\\u0649 \\u0622\\u062e\\u0631 \\u0627\\u0644\\u0623\\u062e\\u0628\\u0627\\u0631\"}},\"menu_link\":{\"active\":\"true\"}},\"middle_column\":{\"box_label\":{\"active\":\"true\",\"term_type\":\"tags\",\"layout_type\":\"box\",\"title\":{\"id\":\"Tag Populer\",\"en\":\"Popular Tags\",\"ar\":\"\\u0627\\u0644\\u0643\\u0644\\u0645\\u0627\\u062a \\u0627\\u0644\\u0634\\u0639\\u0628\\u064a\\u0629\"},\"description\":\"\",\"order\":\"popular\",\"popular_based\":\"all\",\"number_of_posts\":10},\"newsletter_footer\":{\"active\":\"true\",\"title\":{\"id\":\"Langganan\",\"en\":\"Newsletter\",\"ar\":\"\\u0627\\u0644\\u0646\\u0634\\u0631\\u0629 \\u0627\\u0644\\u0625\\u062e\\u0628\\u0627\\u0631\\u064a\\u0629\"},\"description\":{\"id\":\"Ikuti kami dan tetap berhubungan untuk mendapatkan berita terbaru\",\"en\":\"Follow us and stay in touch to get the latest news\",\"ar\":\"\\u062a\\u0627\\u0628\\u0639\\u0646\\u0627 \\u0648\\u0627\\u0628\\u0642 \\u0639\\u0644\\u0649 \\u0627\\u062a\\u0635\\u0627\\u0644 \\u0644\\u0644\\u062d\\u0635\\u0648\\u0644 \\u0639\\u0644\\u0649 \\u0622\\u062e\\u0631 \\u0627\\u0644\\u0623\\u062e\\u0628\\u0627\\u0631\"},\"layout_type\":\"form\"}},\"right_column\":{\"post_footer\":{\"post_type\":\"post\",\"category\":\"none\",\"carousel\":\"false\",\"carousel_autoplay\":\"none\",\"layout_type\":\"list-post-with-link\",\"title\":{\"id\":\"Berita Terbaru\",\"en\":\"Latest News\",\"ar\":\"\\u0623\\u062d\\u062f\\u062b \\u0627\\u0644\\u0623\\u062e\\u0628\\u0627\\u0631\"},\"description\":\"\",\"order\":\"latest\",\"popular_based\":\"none\",\"number_of_posts\":4,\"active\":\"true\"}}}}}}', '2024-05-07 01:53:35', '2024-05-07 01:53:35'),
(5, 'magz', 'videos', '/videos/latest', 'Videos', 'videos', 'videos', '{\"sidebar\":{\"config\":{\"active\":\"true\",\"position\":\"right\",\"custom\":\"false\"},\"widget\":{\"ads_sidebar-N1Jn0twR6miuSvkV\":{\"active\":\"true\",\"title\":\"\",\"ad_type\":\"image\",\"ga_client\":\"\",\"ga_slot\":\"\",\"ga_size\":\"\",\"ga_format\":\"\",\"ga_full_width_responsive\":\"\",\"ad_width\":\"\",\"ad_height\":\"\",\"ad_image\":\"\",\"ad_url\":\"\",\"ad_script\":\"\"},\"post_sidebar-gRWg9faVJU31qNO2\":{\"post_type\":\"post\",\"category\":\"none\",\"carousel\":\"false\",\"layout_type\":\"first-large-thumb\",\"title\":{\"id\":\"Pos Terbaru\",\"en\":\"Recent Post\",\"ar\":\"\\u0627\\u0644\\u0645\\u0646\\u0634\\u0648\\u0631 \\u0627\\u0644\\u0627\\u062e\\u064a\\u0631\"},\"description\":\"\",\"order\":\"popular\",\"popular_based\":\"all\",\"number_of_posts\":5,\"active\":\"true\"},\"newsletter_sidebar\":{\"active\":\"true\",\"title\":{\"id\":\"Berlangganan\",\"en\":\"Newsletter\",\"ar\":\"\\u0627\\u0644\\u0646\\u0634\\u0631\\u0629 \\u0627\\u0644\\u0625\\u062e\\u0628\\u0627\\u0631\\u064a\\u0629\"},\"description\":\"\",\"layout_type\":\"card\"}}},\"footer\":{\"config\":{\"active\":\"true\",\"exist\":[\"about\",\"links\",\"menu_link\",\"box_label\",\"newsletter_footer\",\"post_footer\"],\"custom\":\"false\"},\"widget\":{\"section\":{\"left_column\":{\"about\":{\"active\":\"true\",\"title\":{\"id\":\"Info perusahaan\",\"en\":\"Company Info\",\"ar\":\"\\u0645\\u0639\\u0644\\u0648\\u0645\\u0627\\u062a \\u0627\\u0644\\u0634\\u0631\\u0643\\u0629\"},\"logo\":\"true\",\"link\":\"true\"},\"links\":{\"active\":\"true\",\"title\":{\"id\":\"Ikuti kami\",\"en\":\"Follow Us\",\"ar\":\"\\u062a\\u0627\\u0628\\u0639\\u0646\\u0627\"},\"description\":{\"id\":\"Ikuti kami dan tetap berhubungan untuk mendapatkan berita terbaru\",\"en\":\"Follow us and stay in touch to get the latest news\",\"ar\":\"\\u062a\\u0627\\u0628\\u0639\\u0646\\u0627 \\u0648\\u0627\\u0628\\u0642 \\u0639\\u0644\\u0649 \\u0627\\u062a\\u0635\\u0627\\u0644 \\u0644\\u0644\\u062d\\u0635\\u0648\\u0644 \\u0639\\u0644\\u0649 \\u0622\\u062e\\u0631 \\u0627\\u0644\\u0623\\u062e\\u0628\\u0627\\u0631\"}},\"menu_link\":{\"active\":\"true\"}},\"middle_column\":{\"box_label\":{\"active\":\"true\",\"term_type\":\"tags\",\"layout_type\":\"box\",\"title\":{\"id\":\"Tag Populer\",\"en\":\"Popular Tags\",\"ar\":\"\\u0627\\u0644\\u0643\\u0644\\u0645\\u0627\\u062a \\u0627\\u0644\\u0634\\u0639\\u0628\\u064a\\u0629\"},\"description\":\"\",\"order\":\"popular\",\"popular_based\":\"all\",\"number_of_posts\":10},\"newsletter_footer\":{\"active\":\"true\",\"title\":{\"id\":\"Langganan\",\"en\":\"Newsletter\",\"ar\":\"\\u0627\\u0644\\u0646\\u0634\\u0631\\u0629 \\u0627\\u0644\\u0625\\u062e\\u0628\\u0627\\u0631\\u064a\\u0629\"},\"description\":{\"id\":\"Ikuti kami dan tetap berhubungan untuk mendapatkan berita terbaru\",\"en\":\"Follow us and stay in touch to get the latest news\",\"ar\":\"\\u062a\\u0627\\u0628\\u0639\\u0646\\u0627 \\u0648\\u0627\\u0628\\u0642 \\u0639\\u0644\\u0649 \\u0627\\u062a\\u0635\\u0627\\u0644 \\u0644\\u0644\\u062d\\u0635\\u0648\\u0644 \\u0639\\u0644\\u0649 \\u0622\\u062e\\u0631 \\u0627\\u0644\\u0623\\u062e\\u0628\\u0627\\u0631\"},\"layout_type\":\"form\"}},\"right_column\":{\"post_footer\":{\"post_type\":\"post\",\"category\":\"none\",\"carousel\":\"false\",\"carousel_autoplay\":\"none\",\"layout_type\":\"list-post-with-link\",\"title\":{\"id\":\"Berita Terbaru\",\"en\":\"Latest News\",\"ar\":\"\\u0623\\u062d\\u062f\\u062b \\u0627\\u0644\\u0623\\u062e\\u0628\\u0627\\u0631\"},\"description\":\"\",\"order\":\"latest\",\"popular_based\":\"none\",\"number_of_posts\":4,\"active\":\"true\"}}}}}}', '2024-05-07 01:53:35', '2024-05-07 01:53:35'),
(6, 'magz', 'audios', '/audios/latest', 'Audios', 'audios', 'audios', '{\"sidebar\":{\"config\":{\"active\":\"true\",\"position\":\"right\",\"custom\":\"false\"},\"widget\":{\"ads_sidebar-N1Jn0twR6miuSvkV\":{\"active\":\"true\",\"title\":\"\",\"ad_type\":\"image\",\"ga_client\":\"\",\"ga_slot\":\"\",\"ga_size\":\"\",\"ga_format\":\"\",\"ga_full_width_responsive\":\"\",\"ad_width\":\"\",\"ad_height\":\"\",\"ad_image\":\"\",\"ad_url\":\"\",\"ad_script\":\"\"},\"post_sidebar-gRWg9faVJU31qNO2\":{\"post_type\":\"post\",\"category\":\"none\",\"carousel\":\"false\",\"layout_type\":\"first-large-thumb\",\"title\":{\"id\":\"Pos Terbaru\",\"en\":\"Recent Post\",\"ar\":\"\\u0627\\u0644\\u0645\\u0646\\u0634\\u0648\\u0631 \\u0627\\u0644\\u0627\\u062e\\u064a\\u0631\"},\"description\":\"\",\"order\":\"popular\",\"popular_based\":\"all\",\"number_of_posts\":5,\"active\":\"true\"},\"newsletter_sidebar\":{\"active\":\"true\",\"title\":{\"id\":\"Berlangganan\",\"en\":\"Newsletter\",\"ar\":\"\\u0627\\u0644\\u0646\\u0634\\u0631\\u0629 \\u0627\\u0644\\u0625\\u062e\\u0628\\u0627\\u0631\\u064a\\u0629\"},\"description\":\"\",\"layout_type\":\"card\"}}},\"footer\":{\"config\":{\"active\":\"true\",\"exist\":[\"about\",\"links\",\"menu_link\",\"box_label\",\"newsletter_footer\",\"post_footer\"],\"custom\":\"false\"},\"widget\":{\"section\":{\"left_column\":{\"about\":{\"active\":\"true\",\"title\":{\"id\":\"Info perusahaan\",\"en\":\"Company Info\",\"ar\":\"\\u0645\\u0639\\u0644\\u0648\\u0645\\u0627\\u062a \\u0627\\u0644\\u0634\\u0631\\u0643\\u0629\"},\"logo\":\"true\",\"link\":\"true\"},\"links\":{\"active\":\"true\",\"title\":{\"id\":\"Ikuti kami\",\"en\":\"Follow Us\",\"ar\":\"\\u062a\\u0627\\u0628\\u0639\\u0646\\u0627\"},\"description\":{\"id\":\"Ikuti kami dan tetap berhubungan untuk mendapatkan berita terbaru\",\"en\":\"Follow us and stay in touch to get the latest news\",\"ar\":\"\\u062a\\u0627\\u0628\\u0639\\u0646\\u0627 \\u0648\\u0627\\u0628\\u0642 \\u0639\\u0644\\u0649 \\u0627\\u062a\\u0635\\u0627\\u0644 \\u0644\\u0644\\u062d\\u0635\\u0648\\u0644 \\u0639\\u0644\\u0649 \\u0622\\u062e\\u0631 \\u0627\\u0644\\u0623\\u062e\\u0628\\u0627\\u0631\"}},\"menu_link\":{\"active\":\"true\"}},\"middle_column\":{\"box_label\":{\"active\":\"true\",\"term_type\":\"tags\",\"layout_type\":\"box\",\"title\":{\"id\":\"Tag Populer\",\"en\":\"Popular Tags\",\"ar\":\"\\u0627\\u0644\\u0643\\u0644\\u0645\\u0627\\u062a \\u0627\\u0644\\u0634\\u0639\\u0628\\u064a\\u0629\"},\"description\":\"\",\"order\":\"popular\",\"popular_based\":\"all\",\"number_of_posts\":10},\"newsletter_footer\":{\"active\":\"true\",\"title\":{\"id\":\"Langganan\",\"en\":\"Newsletter\",\"ar\":\"\\u0627\\u0644\\u0646\\u0634\\u0631\\u0629 \\u0627\\u0644\\u0625\\u062e\\u0628\\u0627\\u0631\\u064a\\u0629\"},\"description\":{\"id\":\"Ikuti kami dan tetap berhubungan untuk mendapatkan berita terbaru\",\"en\":\"Follow us and stay in touch to get the latest news\",\"ar\":\"\\u062a\\u0627\\u0628\\u0639\\u0646\\u0627 \\u0648\\u0627\\u0628\\u0642 \\u0639\\u0644\\u0649 \\u0627\\u062a\\u0635\\u0627\\u0644 \\u0644\\u0644\\u062d\\u0635\\u0648\\u0644 \\u0639\\u0644\\u0649 \\u0622\\u062e\\u0631 \\u0627\\u0644\\u0623\\u062e\\u0628\\u0627\\u0631\"},\"layout_type\":\"form\"}},\"right_column\":{\"post_footer\":{\"post_type\":\"post\",\"category\":\"none\",\"carousel\":\"false\",\"carousel_autoplay\":\"none\",\"layout_type\":\"list-post-with-link\",\"title\":{\"id\":\"Berita Terbaru\",\"en\":\"Latest News\",\"ar\":\"\\u0623\\u062d\\u062f\\u062b \\u0627\\u0644\\u0623\\u062e\\u0628\\u0627\\u0631\"},\"description\":\"\",\"order\":\"latest\",\"popular_based\":\"none\",\"number_of_posts\":4,\"active\":\"true\"}}}}}}', '2024-05-07 01:53:35', '2024-05-07 01:53:35'),
(7, 'magz', 'single-post', '/news/{postTitle}', 'Single Post', 'single-post', 'default', '{\"body\":{\"widget\":{\"related_post\":{\"carousel\":\"true\",\"carousel_autoplay\":\"true\",\"layout_type\":\"none\",\"title\":{\"id\":\"Anda Mungkin Juga Menyukai\",\"en\":\"You May Also Like\",\"ar\":\"\\u0631\\u0628\\u0645\\u0627 \\u064a\\u0639\\u062c\\u0628\\u0643 \\u0623\\u064a\\u0636\\u0627\"},\"order\":\"random\",\"popular_based\":\"all\",\"number_of_posts\":2,\"active\":\"true\",\"default\":\"true\"}}},\"sidebar\":{\"config\":{\"active\":\"true\",\"position\":\"left\",\"custom\":\"false\"},\"widget\":{\"ads_sidebar-50qSTsOqn7y4XPc8\":{\"active\":\"true\",\"title\":\"\",\"ad_type\":\"image\",\"ga_client\":\"\",\"ga_slot\":\"\",\"ga_size\":\"\",\"ga_format\":\"\",\"ga_full_width_responsive\":\"\",\"ad_width\":\"\",\"ad_height\":\"\",\"ad_image\":\"\",\"ad_url\":\"\",\"ad_script\":\"\"},\"post_sidebar-k7RgWwF6HFlU75ir\":{\"post_type\":\"post\",\"category\":\"none\",\"carousel\":\"false\",\"layout_type\":\"first-large-thumb\",\"title\":{\"id\":\"Pos Terbaru\",\"en\":\"Recent Post\",\"ar\":\"\\u0627\\u0644\\u0645\\u0646\\u0634\\u0648\\u0631 \\u0627\\u0644\\u0627\\u062e\\u064a\\u0631\"},\"description\":\"\",\"order\":\"popular\",\"popular_based\":\"all\",\"number_of_posts\":5,\"active\":\"true\"},\"newsletter_sidebar\":{\"active\":\"true\",\"title\":{\"id\":\"Berlangganan\",\"en\":\"Newsletter\",\"ar\":\"\\u0627\\u0644\\u0646\\u0634\\u0631\\u0629 \\u0627\\u0644\\u0625\\u062e\\u0628\\u0627\\u0631\\u064a\\u0629\"},\"description\":\"\",\"layout_type\":\"card\"}}},\"footer\":{\"config\":{\"active\":\"true\",\"exist\":[\"about\",\"links\",\"menu_link\",\"box_label\",\"newsletter_footer\",\"post_footer\"],\"custom\":\"false\"},\"widget\":{\"section\":{\"left_column\":{\"about\":{\"active\":\"true\",\"title\":{\"id\":\"Info perusahaan\",\"en\":\"Company Info\",\"ar\":\"\\u0645\\u0639\\u0644\\u0648\\u0645\\u0627\\u062a \\u0627\\u0644\\u0634\\u0631\\u0643\\u0629\"},\"logo\":\"true\",\"link\":\"true\"},\"links\":{\"active\":\"true\",\"title\":{\"id\":\"Ikuti kami\",\"en\":\"Follow Us\",\"ar\":\"\\u062a\\u0627\\u0628\\u0639\\u0646\\u0627\"},\"description\":{\"id\":\"Ikuti kami dan tetap berhubungan untuk mendapatkan berita terbaru\",\"en\":\"Follow us and stay in touch to get the latest news\",\"ar\":\"\\u062a\\u0627\\u0628\\u0639\\u0646\\u0627 \\u0648\\u0627\\u0628\\u0642 \\u0639\\u0644\\u0649 \\u0627\\u062a\\u0635\\u0627\\u0644 \\u0644\\u0644\\u062d\\u0635\\u0648\\u0644 \\u0639\\u0644\\u0649 \\u0622\\u062e\\u0631 \\u0627\\u0644\\u0623\\u062e\\u0628\\u0627\\u0631\"}},\"menu_link\":{\"active\":\"true\"}},\"middle_column\":{\"box_label\":{\"active\":\"true\",\"term_type\":\"tags\",\"layout_type\":\"box\",\"title\":{\"id\":\"Tag Populer\",\"en\":\"Popular Tags\",\"ar\":\"\\u0627\\u0644\\u0643\\u0644\\u0645\\u0627\\u062a \\u0627\\u0644\\u0634\\u0639\\u0628\\u064a\\u0629\"},\"description\":\"\",\"order\":\"popular\",\"popular_based\":\"all\",\"number_of_posts\":10},\"newsletter_footer\":{\"active\":\"true\",\"title\":{\"id\":\"Langganan\",\"en\":\"Newsletter\",\"ar\":\"\\u0627\\u0644\\u0646\\u0634\\u0631\\u0629 \\u0627\\u0644\\u0625\\u062e\\u0628\\u0627\\u0631\\u064a\\u0629\"},\"description\":{\"id\":\"Ikuti kami dan tetap berhubungan untuk mendapatkan berita terbaru\",\"en\":\"Follow us and stay in touch to get the latest news\",\"ar\":\"\\u062a\\u0627\\u0628\\u0639\\u0646\\u0627 \\u0648\\u0627\\u0628\\u0642 \\u0639\\u0644\\u0649 \\u0627\\u062a\\u0635\\u0627\\u0644 \\u0644\\u0644\\u062d\\u0635\\u0648\\u0644 \\u0639\\u0644\\u0649 \\u0622\\u062e\\u0631 \\u0627\\u0644\\u0623\\u062e\\u0628\\u0627\\u0631\"},\"layout_type\":\"form\"}},\"right_column\":{\"post_footer\":{\"post_type\":\"post\",\"category\":\"none\",\"carousel\":\"false\",\"carousel_autoplay\":\"none\",\"layout_type\":\"list-post-with-link\",\"title\":{\"id\":\"Berita Terbaru\",\"en\":\"Latest News\",\"ar\":\"\\u0623\\u062d\\u062f\\u062b \\u0627\\u0644\\u0623\\u062e\\u0628\\u0627\\u0631\"},\"description\":\"\",\"order\":\"latest\",\"popular_based\":\"none\",\"number_of_posts\":4,\"active\":\"true\"}}}}}}', '2024-05-07 01:53:36', '2024-05-07 04:49:09'),
(8, 'magz', 'contact', '/contact', 'Contact', 'contact', 'default', '{\"body\":{\"config\":{\"title\":{\"id\":\"Kontak\",\"en\":\"Contact\",\"ar\":\"\\u0627\\u062a\\u0635\\u0627\\u0644\"},\"url\":{\"id\":\"\\/kontak\",\"en\":\"\\/contact\",\"ar\":\"\\/ts-l\"}},\"widget\":{\"contact_information\":{\"active\":\"true\"},\"captcha\":{\"active\":\"false\"},\"map\":{\"active\":\"false\",\"google_map_code\":\"\"}}},\"footer\":{\"config\":{\"active\":\"true\",\"exist\":[\"about\",\"links\",\"menu_link\",\"box_label\",\"newsletter_footer\",\"post_footer\"],\"custom\":\"false\"},\"widget\":{\"section\":{\"left_column\":{\"about\":{\"active\":\"true\",\"title\":{\"id\":\"Info perusahaan\",\"en\":\"Company Info\",\"ar\":\"\\u0645\\u0639\\u0644\\u0648\\u0645\\u0627\\u062a \\u0627\\u0644\\u0634\\u0631\\u0643\\u0629\"},\"logo\":\"true\",\"link\":\"true\"},\"links\":{\"active\":\"true\",\"title\":{\"id\":\"Ikuti kami\",\"en\":\"Follow Us\",\"ar\":\"\\u062a\\u0627\\u0628\\u0639\\u0646\\u0627\"},\"description\":{\"id\":\"Ikuti kami dan tetap berhubungan untuk mendapatkan berita terbaru\",\"en\":\"Follow us and stay in touch to get the latest news\",\"ar\":\"\\u062a\\u0627\\u0628\\u0639\\u0646\\u0627 \\u0648\\u0627\\u0628\\u0642 \\u0639\\u0644\\u0649 \\u0627\\u062a\\u0635\\u0627\\u0644 \\u0644\\u0644\\u062d\\u0635\\u0648\\u0644 \\u0639\\u0644\\u0649 \\u0622\\u062e\\u0631 \\u0627\\u0644\\u0623\\u062e\\u0628\\u0627\\u0631\"}},\"menu_link\":{\"active\":\"true\"}},\"middle_column\":{\"box_label\":{\"active\":\"true\",\"term_type\":\"tags\",\"layout_type\":\"box\",\"title\":{\"id\":\"Tag Populer\",\"en\":\"Popular Tags\",\"ar\":\"\\u0627\\u0644\\u0643\\u0644\\u0645\\u0627\\u062a \\u0627\\u0644\\u0634\\u0639\\u0628\\u064a\\u0629\"},\"description\":\"\",\"order\":\"popular\",\"popular_based\":\"all\",\"number_of_posts\":10},\"newsletter_footer\":{\"active\":\"true\",\"title\":{\"id\":\"Langganan\",\"en\":\"Newsletter\",\"ar\":\"\\u0627\\u0644\\u0646\\u0634\\u0631\\u0629 \\u0627\\u0644\\u0625\\u062e\\u0628\\u0627\\u0631\\u064a\\u0629\"},\"description\":{\"id\":\"Ikuti kami dan tetap berhubungan untuk mendapatkan berita terbaru\",\"en\":\"Follow us and stay in touch to get the latest news\",\"ar\":\"\\u062a\\u0627\\u0628\\u0639\\u0646\\u0627 \\u0648\\u0627\\u0628\\u0642 \\u0639\\u0644\\u0649 \\u0627\\u062a\\u0635\\u0627\\u0644 \\u0644\\u0644\\u062d\\u0635\\u0648\\u0644 \\u0639\\u0644\\u0649 \\u0622\\u062e\\u0631 \\u0627\\u0644\\u0623\\u062e\\u0628\\u0627\\u0631\"},\"layout_type\":\"form\"}},\"right_column\":{\"post_footer\":{\"post_type\":\"post\",\"category\":\"none\",\"carousel\":\"false\",\"carousel_autoplay\":\"none\",\"layout_type\":\"list-post-with-link\",\"title\":{\"id\":\"Berita Terbaru\",\"en\":\"Latest News\",\"ar\":\"\\u0623\\u062d\\u062f\\u062b \\u0627\\u0644\\u0623\\u062e\\u0628\\u0627\\u0631\"},\"description\":\"\",\"order\":\"latest\",\"popular_based\":\"none\",\"number_of_posts\":4,\"active\":\"true\"}}}}}}', '2024-05-07 01:53:36', '2024-05-20 18:38:58'),
(9, 'magz', 'category', '/category/{categoryName}', 'Category', 'category', 'default', '{\"sidebar\":{\"config\":{\"active\":\"true\",\"position\":\"right\",\"custom\":\"false\"},\"widget\":{\"ads_sidebar-zx0XOIvM5O9yt97q\":{\"active\":\"true\",\"title\":\"\",\"ad_type\":\"image\",\"ga_client\":\"\",\"ga_slot\":\"\",\"ga_size\":\"\",\"ga_format\":\"\",\"ga_full_width_responsive\":\"\",\"ad_width\":\"\",\"ad_height\":\"\",\"ad_image\":\"\",\"ad_url\":\"\",\"ad_script\":\"\"},\"post_sidebar-sZtZ0RWnm6UOlaNX\":{\"post_type\":\"post\",\"category\":\"none\",\"carousel\":\"false\",\"layout_type\":\"first-large-thumb\",\"title\":{\"id\":\"Pos Terbaru\",\"en\":\"Recent Post\",\"ar\":\"\\u0627\\u0644\\u0645\\u0646\\u0634\\u0648\\u0631 \\u0627\\u0644\\u0627\\u062e\\u064a\\u0631\"},\"description\":\"\",\"order\":\"popular\",\"popular_based\":\"all\",\"number_of_posts\":5,\"active\":\"true\"},\"newsletter_sidebar\":{\"active\":\"true\",\"title\":{\"id\":\"Berlangganan\",\"en\":\"Newsletter\",\"ar\":\"\\u0627\\u0644\\u0646\\u0634\\u0631\\u0629 \\u0627\\u0644\\u0625\\u062e\\u0628\\u0627\\u0631\\u064a\\u0629\"},\"description\":\"\",\"layout_type\":\"card\"}}},\"footer\":{\"config\":{\"active\":\"true\",\"exist\":[\"about\",\"links\",\"menu_link\",\"box_label\",\"newsletter_footer\",\"post_footer\"],\"custom\":\"false\"},\"widget\":{\"section\":{\"left_column\":{\"about\":{\"active\":\"true\",\"title\":{\"id\":\"Info perusahaan\",\"en\":\"Company Info\",\"ar\":\"\\u0645\\u0639\\u0644\\u0648\\u0645\\u0627\\u062a \\u0627\\u0644\\u0634\\u0631\\u0643\\u0629\"},\"logo\":\"true\",\"link\":\"true\"},\"links\":{\"active\":\"true\",\"title\":{\"id\":\"Ikuti kami\",\"en\":\"Follow Us\",\"ar\":\"\\u062a\\u0627\\u0628\\u0639\\u0646\\u0627\"},\"description\":{\"id\":\"Ikuti kami dan tetap berhubungan untuk mendapatkan berita terbaru\",\"en\":\"Follow us and stay in touch to get the latest news\",\"ar\":\"\\u062a\\u0627\\u0628\\u0639\\u0646\\u0627 \\u0648\\u0627\\u0628\\u0642 \\u0639\\u0644\\u0649 \\u0627\\u062a\\u0635\\u0627\\u0644 \\u0644\\u0644\\u062d\\u0635\\u0648\\u0644 \\u0639\\u0644\\u0649 \\u0622\\u062e\\u0631 \\u0627\\u0644\\u0623\\u062e\\u0628\\u0627\\u0631\"}},\"menu_link\":{\"active\":\"true\"}},\"middle_column\":{\"box_label\":{\"active\":\"true\",\"term_type\":\"tags\",\"layout_type\":\"box\",\"title\":{\"id\":\"Tag Populer\",\"en\":\"Popular Tags\",\"ar\":\"\\u0627\\u0644\\u0643\\u0644\\u0645\\u0627\\u062a \\u0627\\u0644\\u0634\\u0639\\u0628\\u064a\\u0629\"},\"description\":\"\",\"order\":\"popular\",\"popular_based\":\"all\",\"number_of_posts\":10},\"newsletter_footer\":{\"active\":\"true\",\"title\":{\"id\":\"Langganan\",\"en\":\"Newsletter\",\"ar\":\"\\u0627\\u0644\\u0646\\u0634\\u0631\\u0629 \\u0627\\u0644\\u0625\\u062e\\u0628\\u0627\\u0631\\u064a\\u0629\"},\"description\":{\"id\":\"Ikuti kami dan tetap berhubungan untuk mendapatkan berita terbaru\",\"en\":\"Follow us and stay in touch to get the latest news\",\"ar\":\"\\u062a\\u0627\\u0628\\u0639\\u0646\\u0627 \\u0648\\u0627\\u0628\\u0642 \\u0639\\u0644\\u0649 \\u0627\\u062a\\u0635\\u0627\\u0644 \\u0644\\u0644\\u062d\\u0635\\u0648\\u0644 \\u0639\\u0644\\u0649 \\u0622\\u062e\\u0631 \\u0627\\u0644\\u0623\\u062e\\u0628\\u0627\\u0631\"},\"layout_type\":\"form\"}},\"right_column\":{\"post_footer\":{\"post_type\":\"post\",\"category\":\"none\",\"carousel\":\"false\",\"carousel_autoplay\":\"none\",\"layout_type\":\"list-post-with-link\",\"title\":{\"id\":\"Berita Terbaru\",\"en\":\"Latest News\",\"ar\":\"\\u0623\\u062d\\u062f\\u062b \\u0627\\u0644\\u0623\\u062e\\u0628\\u0627\\u0631\"},\"description\":\"\",\"order\":\"latest\",\"popular_based\":\"none\",\"number_of_posts\":4,\"active\":\"true\"}}}}}}', '2024-05-07 01:53:36', '2024-05-07 01:53:36'),
(10, 'magz', 'tag', '/tag/{TagName}', 'Tag', 'tag', 'default', '{\"sidebar\":{\"config\":{\"active\":\"true\",\"position\":\"right\",\"custom\":\"false\"},\"widget\":{\"ads_sidebar-BetFLUqsgxnheK0M\":{\"active\":\"true\",\"title\":\"\",\"ad_type\":\"image\",\"ga_client\":\"\",\"ga_slot\":\"\",\"ga_size\":\"\",\"ga_format\":\"\",\"ga_full_width_responsive\":\"\",\"ad_width\":\"\",\"ad_height\":\"\",\"ad_image\":\"\",\"ad_url\":\"\",\"ad_script\":\"\"},\"post_sidebar-6MWciqIpa2GnycLX\":{\"post_type\":\"post\",\"category\":\"none\",\"carousel\":\"false\",\"layout_type\":\"first-large-thumb\",\"title\":{\"id\":\"Pos Terbaru\",\"en\":\"Recent Post\",\"ar\":\"\\u0627\\u0644\\u0645\\u0646\\u0634\\u0648\\u0631 \\u0627\\u0644\\u0627\\u062e\\u064a\\u0631\"},\"description\":\"\",\"order\":\"popular\",\"popular_based\":\"all\",\"number_of_posts\":5,\"active\":\"true\"},\"newsletter_sidebar\":{\"active\":\"true\",\"title\":\"\",\"description\":\"\",\"layout_type\":\"card\"}}},\"footer\":{\"config\":{\"active\":\"true\",\"exist\":[\"about\",\"links\",\"menu_link\",\"box_label\",\"newsletter_footer\",\"post_footer\"],\"custom\":\"false\"},\"widget\":{\"section\":{\"left_column\":{\"about\":{\"active\":\"true\",\"title\":{\"id\":\"Info perusahaan\",\"en\":\"Company Info\",\"ar\":\"\\u0645\\u0639\\u0644\\u0648\\u0645\\u0627\\u062a \\u0627\\u0644\\u0634\\u0631\\u0643\\u0629\"},\"logo\":\"true\",\"link\":\"true\"},\"links\":{\"active\":\"true\",\"title\":{\"id\":\"Ikuti kami\",\"en\":\"Follow Us\",\"ar\":\"\\u062a\\u0627\\u0628\\u0639\\u0646\\u0627\"},\"description\":{\"id\":\"Ikuti kami dan tetap berhubungan untuk mendapatkan berita terbaru\",\"en\":\"Follow us and stay in touch to get the latest news\",\"ar\":\"\\u062a\\u0627\\u0628\\u0639\\u0646\\u0627 \\u0648\\u0627\\u0628\\u0642 \\u0639\\u0644\\u0649 \\u0627\\u062a\\u0635\\u0627\\u0644 \\u0644\\u0644\\u062d\\u0635\\u0648\\u0644 \\u0639\\u0644\\u0649 \\u0622\\u062e\\u0631 \\u0627\\u0644\\u0623\\u062e\\u0628\\u0627\\u0631\"}},\"menu_link\":{\"active\":\"true\"}},\"middle_column\":{\"box_label\":{\"active\":\"true\",\"term_type\":\"tags\",\"layout_type\":\"box\",\"title\":{\"id\":\"Tag Populer\",\"en\":\"Popular Tags\",\"ar\":\"\\u0627\\u0644\\u0643\\u0644\\u0645\\u0627\\u062a \\u0627\\u0644\\u0634\\u0639\\u0628\\u064a\\u0629\"},\"description\":\"\",\"order\":\"popular\",\"popular_based\":\"all\",\"number_of_posts\":10},\"newsletter_footer\":{\"active\":\"true\",\"title\":{\"id\":\"Langganan\",\"en\":\"Newsletter\",\"ar\":\"\\u0627\\u0644\\u0646\\u0634\\u0631\\u0629 \\u0627\\u0644\\u0625\\u062e\\u0628\\u0627\\u0631\\u064a\\u0629\"},\"description\":{\"id\":\"Ikuti kami dan tetap berhubungan untuk mendapatkan berita terbaru\",\"en\":\"Follow us and stay in touch to get the latest news\",\"ar\":\"\\u062a\\u0627\\u0628\\u0639\\u0646\\u0627 \\u0648\\u0627\\u0628\\u0642 \\u0639\\u0644\\u0649 \\u0627\\u062a\\u0635\\u0627\\u0644 \\u0644\\u0644\\u062d\\u0635\\u0648\\u0644 \\u0639\\u0644\\u0649 \\u0622\\u062e\\u0631 \\u0627\\u0644\\u0623\\u062e\\u0628\\u0627\\u0631\"},\"layout_type\":\"form\"}},\"right_column\":{\"post_footer\":{\"post_type\":\"post\",\"category\":\"none\",\"carousel\":\"false\",\"carousel_autoplay\":\"none\",\"layout_type\":\"list-post-with-link\",\"title\":{\"id\":\"Berita Terbaru\",\"en\":\"Latest News\",\"ar\":\"\\u0623\\u062d\\u062f\\u062b \\u0627\\u0644\\u0623\\u062e\\u0628\\u0627\\u0631\"},\"description\":\"\",\"order\":\"latest\",\"popular_based\":\"none\",\"number_of_posts\":4,\"active\":\"true\"}}}}}}', '2024-05-07 01:53:36', '2024-05-07 01:53:36'),
(11, 'magz', 'popular', '/news/popular', 'Popular Post', 'popular-post', 'default', '{\"sidebar\":{\"config\":{\"active\":\"true\",\"position\":\"right\",\"custom\":\"false\"},\"widget\":{\"ads_sidebar-g7FZH1zE2wcDSelA\":{\"active\":\"true\",\"title\":\"\",\"ad_type\":\"image\",\"ga_client\":\"\",\"ga_slot\":\"\",\"ga_size\":\"\",\"ga_format\":\"\",\"ga_full_width_responsive\":\"\",\"ad_width\":\"\",\"ad_height\":\"\",\"ad_image\":\"\",\"ad_url\":\"\",\"ad_script\":\"\"},\"post_sidebar-82DEHGCnuLXWX3LK\":{\"post_type\":\"post\",\"category\":\"none\",\"carousel\":\"false\",\"carousel_autoplay\":\"none\",\"layout_type\":\"first-large-thumb\",\"title\":{\"id\":\"Direkomendasikan\",\"en\":\"Recommended\",\"ar\":\"\\u0645\\u064f\\u0633\\u062a\\u064e\\u062d\\u0633\\u064e\\u0646\"},\"description\":\"\",\"order\":\"popular\",\"popular_based\":\"all\",\"number_of_posts\":4,\"active\":\"true\"},\"newsletter_sidebar\":{\"active\":\"true\",\"title\":{\"id\":\"Berlangganan\",\"en\":\"Newsletter\",\"ar\":\"\\u0627\\u0644\\u0646\\u0634\\u0631\\u0629 \\u0627\\u0644\\u0625\\u062e\\u0628\\u0627\\u0631\\u064a\\u0629\"},\"description\":\"\",\"layout_type\":\"card\"}}},\"footer\":{\"config\":{\"active\":\"true\",\"exist\":[\"about\",\"links\",\"menu_link\",\"box_label\",\"newsletter_footer\",\"post_footer\"],\"custom\":\"false\"},\"widget\":{\"section\":{\"left_column\":{\"about\":{\"active\":\"true\",\"title\":{\"id\":\"Info perusahaan\",\"en\":\"Company Info\",\"ar\":\"\\u0645\\u0639\\u0644\\u0648\\u0645\\u0627\\u062a \\u0627\\u0644\\u0634\\u0631\\u0643\\u0629\"},\"logo\":\"true\",\"link\":\"true\"},\"links\":{\"active\":\"true\",\"title\":{\"id\":\"Ikuti kami\",\"en\":\"Follow Us\",\"ar\":\"\\u062a\\u0627\\u0628\\u0639\\u0646\\u0627\"},\"description\":{\"id\":\"Ikuti kami dan tetap berhubungan untuk mendapatkan berita terbaru\",\"en\":\"Follow us and stay in touch to get the latest news\",\"ar\":\"\\u062a\\u0627\\u0628\\u0639\\u0646\\u0627 \\u0648\\u0627\\u0628\\u0642 \\u0639\\u0644\\u0649 \\u0627\\u062a\\u0635\\u0627\\u0644 \\u0644\\u0644\\u062d\\u0635\\u0648\\u0644 \\u0639\\u0644\\u0649 \\u0622\\u062e\\u0631 \\u0627\\u0644\\u0623\\u062e\\u0628\\u0627\\u0631\"}},\"menu_link\":{\"active\":\"true\"}},\"middle_column\":{\"box_label\":{\"active\":\"true\",\"term_type\":\"tags\",\"layout_type\":\"box\",\"title\":{\"id\":\"Tag Populer\",\"en\":\"Popular Tags\",\"ar\":\"\\u0627\\u0644\\u0643\\u0644\\u0645\\u0627\\u062a \\u0627\\u0644\\u0634\\u0639\\u0628\\u064a\\u0629\"},\"description\":\"\",\"order\":\"popular\",\"popular_based\":\"all\",\"number_of_posts\":10},\"newsletter_footer\":{\"active\":\"true\",\"title\":{\"id\":\"Langganan\",\"en\":\"Newsletter\",\"ar\":\"\\u0627\\u0644\\u0646\\u0634\\u0631\\u0629 \\u0627\\u0644\\u0625\\u062e\\u0628\\u0627\\u0631\\u064a\\u0629\"},\"description\":{\"id\":\"Ikuti kami dan tetap berhubungan untuk mendapatkan berita terbaru\",\"en\":\"Follow us and stay in touch to get the latest news\",\"ar\":\"\\u062a\\u0627\\u0628\\u0639\\u0646\\u0627 \\u0648\\u0627\\u0628\\u0642 \\u0639\\u0644\\u0649 \\u0627\\u062a\\u0635\\u0627\\u0644 \\u0644\\u0644\\u062d\\u0635\\u0648\\u0644 \\u0639\\u0644\\u0649 \\u0622\\u062e\\u0631 \\u0627\\u0644\\u0623\\u062e\\u0628\\u0627\\u0631\"},\"layout_type\":\"form\"}},\"right_column\":{\"post_footer\":{\"post_type\":\"post\",\"category\":\"none\",\"carousel\":\"false\",\"carousel_autoplay\":\"none\",\"layout_type\":\"list-post-with-link\",\"title\":{\"id\":\"Berita Terbaru\",\"en\":\"Latest News\",\"ar\":\"\\u0623\\u062d\\u062f\\u062b \\u0627\\u0644\\u0623\\u062e\\u0628\\u0627\\u0631\"},\"description\":\"\",\"order\":\"latest\",\"popular_based\":\"none\",\"number_of_posts\":4,\"active\":\"true\"}}}}}}', '2024-05-07 01:53:36', '2024-05-07 01:53:36');
INSERT INTO `themes` (`id`, `theme`, `page`, `url`, `title`, `slug`, `template`, `setting`, `created_at`, `updated_at`) VALUES
(12, 'magz', 'search', '/search?q={keyword}', 'Search', 'search', 'default', '{\"sidebar\":{\"config\":{\"active\":\"true\",\"position\":\"left\",\"custom\":\"false\"},\"widget\":{\"post_sidebar-82DEHGCnuLXWX3LK\":{\"post_type\":\"post\",\"category\":\"none\",\"carousel\":\"false\",\"carousel_autoplay\":\"none\",\"layout_type\":\"first-large-thumb\",\"title\":{\"id\":\"Direkomendasikan\",\"en\":\"Recommended\",\"ar\":\"\\u0645\\u064f\\u0633\\u062a\\u064e\\u062d\\u0633\\u064e\\u0646\"},\"description\":\"\",\"order\":\"popular\",\"popular_based\":\"all\",\"number_of_posts\":4,\"active\":\"true\"}}},\"footer\":{\"config\":{\"active\":\"true\",\"exist\":[\"about\",\"links\",\"menu_link\",\"box_label\",\"newsletter_footer\",\"post_footer\"],\"custom\":\"false\"},\"widget\":{\"section\":{\"left_column\":{\"about\":{\"active\":\"true\",\"title\":{\"id\":\"Info perusahaan\",\"en\":\"Company Info\",\"ar\":\"\\u0645\\u0639\\u0644\\u0648\\u0645\\u0627\\u062a \\u0627\\u0644\\u0634\\u0631\\u0643\\u0629\"},\"logo\":\"true\",\"link\":\"true\"},\"links\":{\"active\":\"true\",\"title\":{\"id\":\"Ikuti kami\",\"en\":\"Follow Us\",\"ar\":\"\\u062a\\u0627\\u0628\\u0639\\u0646\\u0627\"},\"description\":{\"id\":\"Ikuti kami dan tetap berhubungan untuk mendapatkan berita terbaru\",\"en\":\"Follow us and stay in touch to get the latest news\",\"ar\":\"\\u062a\\u0627\\u0628\\u0639\\u0646\\u0627 \\u0648\\u0627\\u0628\\u0642 \\u0639\\u0644\\u0649 \\u0627\\u062a\\u0635\\u0627\\u0644 \\u0644\\u0644\\u062d\\u0635\\u0648\\u0644 \\u0639\\u0644\\u0649 \\u0622\\u062e\\u0631 \\u0627\\u0644\\u0623\\u062e\\u0628\\u0627\\u0631\"}},\"menu_link\":{\"active\":\"true\"}},\"middle_column\":{\"box_label\":{\"active\":\"true\",\"term_type\":\"tags\",\"layout_type\":\"box\",\"title\":{\"id\":\"Tag Populer\",\"en\":\"Popular Tags\",\"ar\":\"\\u0627\\u0644\\u0643\\u0644\\u0645\\u0627\\u062a \\u0627\\u0644\\u0634\\u0639\\u0628\\u064a\\u0629\"},\"description\":\"\",\"order\":\"popular\",\"popular_based\":\"all\",\"number_of_posts\":10},\"newsletter_footer\":{\"active\":\"true\",\"title\":{\"id\":\"Langganan\",\"en\":\"Newsletter\",\"ar\":\"\\u0627\\u0644\\u0646\\u0634\\u0631\\u0629 \\u0627\\u0644\\u0625\\u062e\\u0628\\u0627\\u0631\\u064a\\u0629\"},\"description\":{\"id\":\"Ikuti kami dan tetap berhubungan untuk mendapatkan berita terbaru\",\"en\":\"Follow us and stay in touch to get the latest news\",\"ar\":\"\\u062a\\u0627\\u0628\\u0639\\u0646\\u0627 \\u0648\\u0627\\u0628\\u0642 \\u0639\\u0644\\u0649 \\u0627\\u062a\\u0635\\u0627\\u0644 \\u0644\\u0644\\u062d\\u0635\\u0648\\u0644 \\u0639\\u0644\\u0649 \\u0622\\u062e\\u0631 \\u0627\\u0644\\u0623\\u062e\\u0628\\u0627\\u0631\"},\"layout_type\":\"form\"}},\"right_column\":{\"post_footer\":{\"post_type\":\"post\",\"category\":\"none\",\"carousel\":\"false\",\"carousel_autoplay\":\"none\",\"layout_type\":\"list-post-with-link\",\"title\":{\"id\":\"Berita Terbaru\",\"en\":\"Latest News\",\"ar\":\"\\u0623\\u062d\\u062f\\u062b \\u0627\\u0644\\u0623\\u062e\\u0628\\u0627\\u0631\"},\"description\":\"\",\"order\":\"latest\",\"popular_based\":\"none\",\"number_of_posts\":4,\"active\":\"true\"}}}}}}', '2024-05-07 01:53:37', '2024-05-14 10:20:48'),
(13, 'magz', 'all', '', 'All', 'all', '', '{\"sidebar\":{\"config\":{\"active\":\"true\",\"position\":\"right\"},\"widget\":{\"post_sidebar-zMsEVWBETfhZw2Ei\":{\"post_type\":\"post\",\"category\":\"none\",\"carousel\":\"false\",\"carousel_autoplay\":\"none\",\"layout_type\":\"list-post-with-link\",\"title\":{\"id\":\"Populer\",\"en\":\"Popular\",\"ar\":\"\\u0634\\u0627\\u0626\\u0639\"},\"description\":\"\",\"order\":\"popular\",\"popular_based\":\"all\",\"number_of_posts\":4,\"active\":\"true\"},\"newsletter_sidebar\":{\"active\":\"true\",\"title\":{\"id\":\"Berlangganan\",\"en\":\"Newsletter\",\"ar\":\"\\u0627\\u0644\\u0646\\u0634\\u0631\\u0629 \\u0627\\u0644\\u0625\\u062e\\u0628\\u0627\\u0631\\u064a\\u0629\"},\"description\":{\"id\":\"Dengan berlangganan Anda akan menerima artikel baru di email Anda.\",\"en\":\"By subscribing you will receive new articles in your email.\",\"ar\":\"\\u0628\\u0627\\u0644\\u0627\\u0634\\u062a\\u0631\\u0627\\u0643 \\u0633\\u0648\\u0641 \\u062a\\u062a\\u0644\\u0642\\u0649 \\u0645\\u0642\\u0627\\u0644\\u0627\\u062a \\u062c\\u062f\\u064a\\u062f\\u0629 \\u0641\\u064a \\u0628\\u0631\\u064a\\u062f\\u0643 \\u0627\\u0644\\u0625\\u0644\\u0643\\u062a\\u0631\\u0648\\u0646\\u064a.\"},\"layout_type\":\"card\"},\"post_sidebar-82DEHGCnuLXWX3LK\":{\"post_type\":\"post\",\"category\":\"none\",\"carousel\":\"false\",\"carousel_autoplay\":\"none\",\"layout_type\":\"first-large-thumb\",\"title\":{\"id\":\"Direkomendasikan\",\"en\":\"Recommended\",\"ar\":\"\\u0645\\u064f\\u0633\\u062a\\u064e\\u062d\\u0633\\u064e\\u0646\"},\"description\":\"\",\"order\":\"popular\",\"popular_based\":\"all\",\"number_of_posts\":4,\"active\":\"true\"},\"ads_sidebar-veFRxP5K8IaYxwmk\":{\"active\":\"true\",\"title\":{\"id\":\"Disponsori\",\"en\":\"Sponsored\",\"ar\":\"\\u0628\\u0631\\u0639\\u0627\\u064a\\u0629\"},\"ad_type\":\"image\",\"ga_client\":\"\",\"ga_slot\":\"\",\"ga_size\":\"\",\"ga_format\":\"\",\"ga_full_width_responsive\":\"\",\"ad_width\":\"\",\"ad_height\":\"\",\"ad_image\":\"\",\"ad_url\":\"\",\"ad_script\":\"\"}}},\"footer\":{\"config\":{\"active\":\"true\",\"exist\":[\"about\",\"links\",\"menu_link\",\"box_label\",\"newsletter_footer\",\"post_footer\"]},\"widget\":{\"section\":{\"left_column\":{\"about\":{\"active\":\"true\",\"title\":{\"id\":\"Info perusahaan\",\"en\":\"Company Info\",\"ar\":\"\\u0645\\u0639\\u0644\\u0648\\u0645\\u0627\\u062a \\u0627\\u0644\\u0634\\u0631\\u0643\\u0629\"},\"logo\":\"true\",\"link\":\"true\"},\"links\":{\"active\":\"true\",\"title\":{\"id\":\"Ikuti kami\",\"en\":\"Follow Us\",\"ar\":\"\\u062a\\u0627\\u0628\\u0639\\u0646\\u0627\"},\"description\":{\"id\":\"Ikuti kami dan tetap berhubungan untuk mendapatkan berita terbaru\",\"en\":\"Follow us and stay in touch to get the latest news\",\"ar\":\"\\u062a\\u0627\\u0628\\u0639\\u0646\\u0627 \\u0648\\u0627\\u0628\\u0642 \\u0639\\u0644\\u0649 \\u0627\\u062a\\u0635\\u0627\\u0644 \\u0644\\u0644\\u062d\\u0635\\u0648\\u0644 \\u0639\\u0644\\u0649 \\u0622\\u062e\\u0631 \\u0627\\u0644\\u0623\\u062e\\u0628\\u0627\\u0631\"}},\"menu_link\":{\"active\":\"true\"}},\"middle_column\":{\"box_label\":{\"active\":\"true\",\"term_type\":\"tags\",\"layout_type\":\"box\",\"title\":{\"id\":\"Tag Populer\",\"en\":\"Popular Tags\",\"ar\":\"\\u0627\\u0644\\u0643\\u0644\\u0645\\u0627\\u062a \\u0627\\u0644\\u0634\\u0639\\u0628\\u064a\\u0629\"},\"description\":\"\",\"order\":\"popular\",\"popular_based\":\"all\",\"number_of_posts\":10},\"newsletter_footer\":{\"active\":\"true\",\"title\":{\"id\":\"Langganan\",\"en\":\"Newsletter\",\"ar\":\"\\u0627\\u0644\\u0646\\u0634\\u0631\\u0629 \\u0627\\u0644\\u0625\\u062e\\u0628\\u0627\\u0631\\u064a\\u0629\"},\"description\":{\"id\":\"Ikuti kami dan tetap berhubungan untuk mendapatkan berita terbaru\",\"en\":\"Follow us and stay in touch to get the latest news\",\"ar\":\"\\u062a\\u0627\\u0628\\u0639\\u0646\\u0627 \\u0648\\u0627\\u0628\\u0642 \\u0639\\u0644\\u0649 \\u0627\\u062a\\u0635\\u0627\\u0644 \\u0644\\u0644\\u062d\\u0635\\u0648\\u0644 \\u0639\\u0644\\u0649 \\u0622\\u062e\\u0631 \\u0627\\u0644\\u0623\\u062e\\u0628\\u0627\\u0631\"},\"layout_type\":\"form\"}},\"right_column\":{\"post_footer\":{\"post_type\":\"post\",\"category\":\"none\",\"carousel\":\"false\",\"carousel_autoplay\":\"none\",\"layout_type\":\"list-post-with-link\",\"title\":{\"id\":\"Berita Terbaru\",\"en\":\"Latest News\",\"ar\":\"\\u0623\\u062d\\u062f\\u062b \\u0627\\u0644\\u0623\\u062e\\u0628\\u0627\\u0631\"},\"description\":\"\",\"order\":\"latest\",\"popular_based\":\"none\",\"number_of_posts\":4,\"active\":\"true\"}}}}}}', '2024-05-07 04:49:09', '2024-05-07 04:49:09');

-- --------------------------------------------------------

--
-- Struktur dari tabel `translations`
--

CREATE TABLE `translations` (
  `id` bigint(20) UNSIGNED NOT NULL,
  `value` varchar(255) NOT NULL
) ENGINE=InnoDB DEFAULT CHARSET=utf8mb4 COLLATE=utf8mb4_unicode_ci;

--
-- Dumping data untuk tabel `translations`
--

INSERT INTO `translations` (`id`, `value`) VALUES
(1, '{\"ar\":3}'),
(2, '{\"ar\":6}'),
(3, '{\"ar\":9}'),
(4, '{\"ar\":12}'),
(5, '{\"ar\":15}'),
(6, '{\"ar\":18}'),
(7, '{\"ar\":21}'),
(8, '{\"ar\":24}'),
(9, '{\"ar\":37}'),
(10, '[]'),
(11, '[]'),
(12, '[]'),
(13, '[]'),
(14, '[]'),
(15, '[]'),
(16, '[]'),
(17, '[]'),
(18, '[]'),
(19, '[]'),
(20, '[]'),
(21, '[]'),
(22, '[]'),
(23, '[]'),
(24, '[]'),
(25, '[]'),
(26, '[]'),
(27, '[]'),
(28, '[]'),
(29, '[]'),
(30, '[]'),
(31, '[]'),
(32, '[]'),
(33, '[]'),
(34, '[]'),
(35, '[]'),
(36, '[]'),
(37, '[]'),
(38, '[]'),
(39, '[]'),
(40, '[]'),
(41, '{\"en\":59}'),
(42, '{\"en\":60}'),
(43, '{\"en\":61,\"id\":62,\"ar\":63}'),
(44, '{\"en\":64}'),
(45, '{\"en\":65}'),
(46, '[]'),
(47, '[]'),
(48, '[]'),
(49, '[]'),
(50, '[]'),
(51, '[]'),
(52, '[]'),
(53, '[]'),
(54, '[]'),
(55, '[]'),
(56, '[]'),
(57, '[]'),
(58, '[]'),
(59, '[]'),
(60, '[]'),
(61, '[]'),
(62, '[]'),
(63, '[]'),
(64, '[]'),
(65, '[]'),
(66, '[]'),
(67, '[]'),
(68, '[]'),
(69, '[]'),
(70, '[]'),
(71, '[]'),
(72, '[]'),
(73, '[]'),
(74, '[]'),
(75, '[]'),
(76, '{\"id\":97}'),
(77, '{\"id\":98}'),
(78, '[]'),
(79, '{\"id\":100}'),
(80, '{\"id\":101}'),
(81, '{\"id\":102}'),
(82, '[]'),
(83, '[]'),
(84, '[]'),
(85, '[]'),
(86, '[]'),
(87, '[]'),
(88, '[]'),
(89, '[]'),
(90, '[]'),
(91, '[]'),
(92, '[]'),
(93, '[]'),
(94, '[]'),
(95, '[]'),
(96, '[]'),
(97, '[]'),
(98, '[]'),
(99, '{\"id\":115}'),
(100, '{\"id\":116}'),
(101, '{\"id\":117}'),
(102, '{\"id\":118}'),
(103, '[]'),
(104, '{\"id\":120}');

--
-- Indeks untuk tabel yang dibuang
--

--
-- Indeks untuk tabel `bans`
--
ALTER TABLE `bans`
  ADD PRIMARY KEY (`id`),
  ADD KEY `bans_bannable_type_bannable_id_index` (`bannable_type`,`bannable_id`),
  ADD KEY `bans_created_by_type_created_by_id_index` (`created_by_type`,`created_by_id`),
  ADD KEY `bans_expired_at_index` (`expired_at`);

--
-- Indeks untuk tabel `comments`
--
ALTER TABLE `comments`
  ADD PRIMARY KEY (`id`),
  ADD KEY `comments_post_id_foreign` (`post_id`);

--
-- Indeks untuk tabel `contacts`
--
ALTER TABLE `contacts`
  ADD PRIMARY KEY (`id`);

--
-- Indeks untuk tabel `documents`
--
ALTER TABLE `documents`
  ADD PRIMARY KEY (`id`),
  ADD KEY `documents_category_id_foreign` (`category_id`);

--
-- Indeks untuk tabel `document_category`
--
ALTER TABLE `document_category`
  ADD PRIMARY KEY (`id`);

--
-- Indeks untuk tabel `failed_jobs`
--
ALTER TABLE `failed_jobs`
  ADD PRIMARY KEY (`id`),
  ADD UNIQUE KEY `failed_jobs_uuid_unique` (`uuid`);

--
-- Indeks untuk tabel `fileponds`
--
ALTER TABLE `fileponds`
  ADD PRIMARY KEY (`id`);

--
-- Indeks untuk tabel `jobs`
--
ALTER TABLE `jobs`
  ADD PRIMARY KEY (`id`),
  ADD KEY `jobs_queue_index` (`queue`);

--
-- Indeks untuk tabel `job_batches`
--
ALTER TABLE `job_batches`
  ADD PRIMARY KEY (`id`);

--
-- Indeks untuk tabel `languages`
--
ALTER TABLE `languages`
  ADD PRIMARY KEY (`id`);

--
-- Indeks untuk tabel `menus`
--
ALTER TABLE `menus`
  ADD PRIMARY KEY (`id`);

--
-- Indeks untuk tabel `menu_items`
--
ALTER TABLE `menu_items`
  ADD PRIMARY KEY (`id`),
  ADD KEY `menu_items_menu_id_foreign` (`menu_id`),
  ADD KEY `menu_items_language_foreign` (`language`);

--
-- Indeks untuk tabel `menu_languages`
--
ALTER TABLE `menu_languages`
  ADD PRIMARY KEY (`id`),
  ADD KEY `menu_languages_menu_id_foreign` (`menu_id`),
  ADD KEY `menu_languages_language_id_foreign` (`language_id`);

--
-- Indeks untuk tabel `migrations`
--
ALTER TABLE `migrations`
  ADD PRIMARY KEY (`id`);

--
-- Indeks untuk tabel `model_has_permissions`
--
ALTER TABLE `model_has_permissions`
  ADD PRIMARY KEY (`permission_id`,`model_id`,`model_type`),
  ADD KEY `model_has_permissions_model_id_model_type_index` (`model_id`,`model_type`);

--
-- Indeks untuk tabel `model_has_roles`
--
ALTER TABLE `model_has_roles`
  ADD PRIMARY KEY (`role_id`,`model_id`,`model_type`),
  ADD KEY `model_has_roles_model_id_model_type_index` (`model_id`,`model_type`);

--
-- Indeks untuk tabel `permissions`
--
ALTER TABLE `permissions`
  ADD PRIMARY KEY (`id`),
  ADD UNIQUE KEY `permissions_name_guard_name_unique` (`name`,`guard_name`);

--
-- Indeks untuk tabel `posts`
--
ALTER TABLE `posts`
  ADD PRIMARY KEY (`id`),
  ADD KEY `posts_post_author_foreign` (`post_author`),
  ADD KEY `posts_post_language_foreign` (`post_language`);

--
-- Indeks untuk tabel `post_term`
--
ALTER TABLE `post_term`
  ADD KEY `post_term_post_id_foreign` (`post_id`),
  ADD KEY `post_term_term_id_foreign` (`term_id`);

--
-- Indeks untuk tabel `post_translations`
--
ALTER TABLE `post_translations`
  ADD KEY `post_translations_post_id_foreign` (`post_id`),
  ADD KEY `post_translations_translation_id_foreign` (`translation_id`);

--
-- Indeks untuk tabel `roles`
--
ALTER TABLE `roles`
  ADD PRIMARY KEY (`id`),
  ADD UNIQUE KEY `roles_name_guard_name_unique` (`name`,`guard_name`);

--
-- Indeks untuk tabel `role_has_permissions`
--
ALTER TABLE `role_has_permissions`
  ADD PRIMARY KEY (`permission_id`,`role_id`),
  ADD KEY `role_has_permissions_role_id_foreign` (`role_id`);

--
-- Indeks untuk tabel `sessions`
--
ALTER TABLE `sessions`
  ADD PRIMARY KEY (`id`),
  ADD KEY `sessions_user_id_index` (`user_id`),
  ADD KEY `sessions_last_activity_index` (`last_activity`);

--
-- Indeks untuk tabel `sliders`
--
ALTER TABLE `sliders`
  ADD PRIMARY KEY (`id`);

--
-- Indeks untuk tabel `terms`
--
ALTER TABLE `terms`
  ADD PRIMARY KEY (`id`),
  ADD KEY `terms_language_id_foreign` (`language_id`);

--
-- Indeks untuk tabel `themes`
--
ALTER TABLE `themes`
  ADD PRIMARY KEY (`id`);

--
-- Indeks untuk tabel `translations`
--
ALTER TABLE `translations`
  ADD PRIMARY KEY (`id`);

--
-- AUTO_INCREMENT untuk tabel yang dibuang
--

--
-- AUTO_INCREMENT untuk tabel `bans`
--
ALTER TABLE `bans`
  MODIFY `id` int(10) UNSIGNED NOT NULL AUTO_INCREMENT;

--
-- AUTO_INCREMENT untuk tabel `comments`
--
ALTER TABLE `comments`
  MODIFY `id` bigint(20) UNSIGNED NOT NULL AUTO_INCREMENT, AUTO_INCREMENT=2;

--
-- AUTO_INCREMENT untuk tabel `contacts`
--
ALTER TABLE `contacts`
  MODIFY `id` bigint(20) UNSIGNED NOT NULL AUTO_INCREMENT, AUTO_INCREMENT=6;

--
-- AUTO_INCREMENT untuk tabel `documents`
--
ALTER TABLE `documents`
  MODIFY `id` bigint(20) UNSIGNED NOT NULL AUTO_INCREMENT;

--
-- AUTO_INCREMENT untuk tabel `document_category`
--
ALTER TABLE `document_category`
  MODIFY `id` bigint(20) UNSIGNED NOT NULL AUTO_INCREMENT;

--
-- AUTO_INCREMENT untuk tabel `failed_jobs`
--
ALTER TABLE `failed_jobs`
  MODIFY `id` bigint(20) UNSIGNED NOT NULL AUTO_INCREMENT;

--
-- AUTO_INCREMENT untuk tabel `fileponds`
--
ALTER TABLE `fileponds`
  MODIFY `id` bigint(20) UNSIGNED NOT NULL AUTO_INCREMENT;

--
-- AUTO_INCREMENT untuk tabel `jobs`
--
ALTER TABLE `jobs`
  MODIFY `id` bigint(20) UNSIGNED NOT NULL AUTO_INCREMENT;

--
-- AUTO_INCREMENT untuk tabel `languages`
--
ALTER TABLE `languages`
  MODIFY `id` bigint(20) UNSIGNED NOT NULL AUTO_INCREMENT, AUTO_INCREMENT=4;

--
-- AUTO_INCREMENT untuk tabel `menus`
--
ALTER TABLE `menus`
  MODIFY `id` bigint(20) UNSIGNED NOT NULL AUTO_INCREMENT, AUTO_INCREMENT=3;

--
-- AUTO_INCREMENT untuk tabel `menu_items`
--
ALTER TABLE `menu_items`
  MODIFY `id` bigint(20) UNSIGNED NOT NULL AUTO_INCREMENT, AUTO_INCREMENT=78;

--
-- AUTO_INCREMENT untuk tabel `menu_languages`
--
ALTER TABLE `menu_languages`
  MODIFY `id` bigint(20) UNSIGNED NOT NULL AUTO_INCREMENT, AUTO_INCREMENT=7;

--
-- AUTO_INCREMENT untuk tabel `migrations`
--
ALTER TABLE `migrations`
  MODIFY `id` int(10) UNSIGNED NOT NULL AUTO_INCREMENT, AUTO_INCREMENT=26;

--
-- AUTO_INCREMENT untuk tabel `permissions`
--
ALTER TABLE `permissions`
  MODIFY `id` bigint(20) UNSIGNED NOT NULL AUTO_INCREMENT, AUTO_INCREMENT=98;

--
-- AUTO_INCREMENT untuk tabel `posts`
--
ALTER TABLE `posts`
  MODIFY `id` bigint(20) UNSIGNED NOT NULL AUTO_INCREMENT, AUTO_INCREMENT=121;

--
-- AUTO_INCREMENT untuk tabel `roles`
--
ALTER TABLE `roles`
  MODIFY `id` bigint(20) UNSIGNED NOT NULL AUTO_INCREMENT, AUTO_INCREMENT=4;

--
-- AUTO_INCREMENT untuk tabel `sliders`
--
ALTER TABLE `sliders`
  MODIFY `id` bigint(20) UNSIGNED NOT NULL AUTO_INCREMENT, AUTO_INCREMENT=3;

--
-- AUTO_INCREMENT untuk tabel `terms`
--
ALTER TABLE `terms`
  MODIFY `id` bigint(20) UNSIGNED NOT NULL AUTO_INCREMENT, AUTO_INCREMENT=167;

--
-- AUTO_INCREMENT untuk tabel `themes`
--
ALTER TABLE `themes`
  MODIFY `id` bigint(20) UNSIGNED NOT NULL AUTO_INCREMENT, AUTO_INCREMENT=14;

--
-- AUTO_INCREMENT untuk tabel `translations`
--
ALTER TABLE `translations`
  MODIFY `id` bigint(20) UNSIGNED NOT NULL AUTO_INCREMENT, AUTO_INCREMENT=105;

--
-- Ketidakleluasaan untuk tabel pelimpahan (Dumped Tables)
--

--
-- Ketidakleluasaan untuk tabel `comments`
--
ALTER TABLE `comments`
  ADD CONSTRAINT `comments_post_id_foreign` FOREIGN KEY (`post_id`) REFERENCES `posts` (`id`) ON DELETE CASCADE;

--
-- Ketidakleluasaan untuk tabel `documents`
--
ALTER TABLE `documents`
  ADD CONSTRAINT `documents_category_id_foreign` FOREIGN KEY (`category_id`) REFERENCES `document_category` (`id`) ON DELETE CASCADE;

--
-- Ketidakleluasaan untuk tabel `menu_items`
--
ALTER TABLE `menu_items`
  ADD CONSTRAINT `menu_items_language_foreign` FOREIGN KEY (`language`) REFERENCES `menu_languages` (`id`) ON DELETE CASCADE ON UPDATE CASCADE,
  ADD CONSTRAINT `menu_items_menu_id_foreign` FOREIGN KEY (`menu_id`) REFERENCES `menus` (`id`) ON DELETE CASCADE ON UPDATE CASCADE;

--
-- Ketidakleluasaan untuk tabel `menu_languages`
--
ALTER TABLE `menu_languages`
  ADD CONSTRAINT `menu_languages_language_id_foreign` FOREIGN KEY (`language_id`) REFERENCES `languages` (`id`) ON DELETE CASCADE,
  ADD CONSTRAINT `menu_languages_menu_id_foreign` FOREIGN KEY (`menu_id`) REFERENCES `menus` (`id`) ON DELETE CASCADE;

--
-- Ketidakleluasaan untuk tabel `model_has_permissions`
--
ALTER TABLE `model_has_permissions`
  ADD CONSTRAINT `model_has_permissions_permission_id_foreign` FOREIGN KEY (`permission_id`) REFERENCES `permissions` (`id`) ON DELETE CASCADE;

--
-- Ketidakleluasaan untuk tabel `model_has_roles`
--
ALTER TABLE `model_has_roles`
  ADD CONSTRAINT `model_has_roles_role_id_foreign` FOREIGN KEY (`role_id`) REFERENCES `roles` (`id`) ON DELETE CASCADE;

--
-- Ketidakleluasaan untuk tabel `posts`
--
ALTER TABLE `posts`
  ADD CONSTRAINT `posts_post_author_foreign` FOREIGN KEY (`post_author`) REFERENCES `users` (`id`) ON DELETE CASCADE,
  ADD CONSTRAINT `posts_post_language_foreign` FOREIGN KEY (`post_language`) REFERENCES `languages` (`id`) ON DELETE CASCADE;

--
-- Ketidakleluasaan untuk tabel `post_term`
--
ALTER TABLE `post_term`
  ADD CONSTRAINT `post_term_post_id_foreign` FOREIGN KEY (`post_id`) REFERENCES `posts` (`id`) ON DELETE CASCADE,
  ADD CONSTRAINT `post_term_term_id_foreign` FOREIGN KEY (`term_id`) REFERENCES `terms` (`id`) ON DELETE CASCADE;

--
-- Ketidakleluasaan untuk tabel `post_translations`
--
ALTER TABLE `post_translations`
  ADD CONSTRAINT `post_translations_post_id_foreign` FOREIGN KEY (`post_id`) REFERENCES `posts` (`id`) ON DELETE CASCADE,
  ADD CONSTRAINT `post_translations_translation_id_foreign` FOREIGN KEY (`translation_id`) REFERENCES `translations` (`id`) ON DELETE CASCADE;

--
-- Ketidakleluasaan untuk tabel `role_has_permissions`
--
ALTER TABLE `role_has_permissions`
  ADD CONSTRAINT `role_has_permissions_permission_id_foreign` FOREIGN KEY (`permission_id`) REFERENCES `permissions` (`id`) ON DELETE CASCADE,
  ADD CONSTRAINT `role_has_permissions_role_id_foreign` FOREIGN KEY (`role_id`) REFERENCES `roles` (`id`) ON DELETE CASCADE;

--
-- Ketidakleluasaan untuk tabel `terms`
--
ALTER TABLE `terms`
  ADD CONSTRAINT `terms_language_id_foreign` FOREIGN KEY (`language_id`) REFERENCES `languages` (`id`) ON DELETE CASCADE;
COMMIT;

